{"id":807,"date":"2023-08-17T21:14:52","date_gmt":"2023-08-17T21:14:52","guid":{"rendered":"https:\/\/acsi.com.br\/lojavirtual\/?post_type=product&#038;p=807"},"modified":"2026-04-27T16:46:22","modified_gmt":"2026-04-27T19:46:22","slug":"serie-carater-fazendo-o-que-e-certo-2o-ano","status":"publish","type":"product","link":"https:\/\/acsi.com.br\/lojavirtual\/produto\/serie-carater-fazendo-o-que-e-certo-2o-ano\/","title":{"rendered":"S\u00e9rie Car\u00e1ter &#8211; Fazendo o que \u00e9 certo &#8211; 2\u00ba ano"},"content":{"rendered":"<p>Come\u00e7amos mais uma jornada de conviv\u00eancia com voc\u00eas e seus filhos.<br \/>\nSaibam que sentimos felizes com o privil\u00e9gio de ensinar valores eternos para o cora\u00e7\u00e3o do seus filhos. O tema estudado esse ano ser\u00e1: FAZENDO O QUE \u00c9 CERTO. Atrav\u00e9s de situa\u00e7\u00f5es cotidianas observaremos as nossas atitudes, considerando que elas refletem o que est\u00e1 no nosso cora\u00e7\u00e3o, pois a B\u00edblia diz assim &#8220;toda \u00e1rvore seja reconhecida por seus frutos&#8221;. Lucas 6:44 Por isso, \u00e9 importante desde a inf\u00e2ncia ensinar os nossos pequeninos a fazer o que \u00e9 certo.<\/p>\n","protected":false},"excerpt":{"rendered":"<p>Come\u00e7amos mais uma jornada de conviv\u00eancia com voc\u00eas e seus filhos.<br \/>\nSaibam que sentimos felizes com o privil\u00e9gio de ensinar valores eternos para o cora\u00e7\u00e3o do seus filhos. O tema estudado esse ano ser\u00e1: FAZENDO O QUE \u00c9 CERTO. Atrav\u00e9s de situa\u00e7\u00f5es cotidianas observaremos as nossas atitudes, considerando que elas refletem o que est\u00e1 no nosso cora\u00e7\u00e3o, pois a B\u00edblia diz assim &#8220;toda \u00e1rvore seja reconhecida por seus frutos&#8221;. Lucas 6:44 Por isso, \u00e9 importante desde a inf\u00e2ncia ensinar os nossos pequeninos a fazer o que \u00e9 certo.<\/p>\n","protected":false},"featured_media":923,"comment_status":"closed","ping_status":"closed","template":"","meta":[],"product_brand":[],"product_cat":[40,143,144],"product_tag":[136,149,152],"class_list":{"0":"post-807","1":"product","2":"type-product","3":"status-publish","4":"has-post-thumbnail","6":"product_cat-acsi-loja","7":"product_cat-didaticos","8":"product_cat-ensino-religioso","9":"product_tag-ate-2o-ano","10":"product_tag-didaticos","11":"product_tag-fund-1","13":"first","14":"instock","15":"shipping-taxable","16":"purchasable","17":"product-type-simple"},"_links":{"self":[{"href":"https:\/\/acsi.com.br\/lojavirtual\/wp-json\/wp\/v2\/product\/807","targetHints":{"allow":["GET"]}}],"collection":[{"href":"https:\/\/acsi.com.br\/lojavirtual\/wp-json\/wp\/v2\/product"}],"about":[{"href":"https:\/\/acsi.com.br\/lojavirtual\/wp-json\/wp\/v2\/types\/product"}],"replies":[{"embeddable":true,"href":"https:\/\/acsi.com.br\/lojavirtual\/wp-json\/wp\/v2\/comments?post=807"}],"version-history":[{"count":1,"href":"https:\/\/acsi.com.br\/lojavirtual\/wp-json\/wp\/v2\/product\/807\/revisions"}],"predecessor-version":[{"id":809,"href":"https:\/\/acsi.com.br\/lojavirtual\/wp-json\/wp\/v2\/product\/807\/revisions\/809"}],"wp:featuredmedia":[{"embeddable":true,"href":"https:\/\/acsi.com.br\/lojavirtual\/wp-json\/wp\/v2\/media\/923"}],"wp:attachment":[{"href":"https:\/\/acsi.com.br\/lojavirtual\/wp-json\/wp\/v2\/media?parent=807"}],"wp:term":[{"taxonomy":"product_brand","embeddable":true,"href":"https:\/\/acsi.com.br\/lojavirtual\/wp-json\/wp\/v2\/product_brand?post=807"},{"taxonomy":"product_cat","embeddable":true,"href":"https:\/\/acsi.com.br\/lojavirtual\/wp-json\/wp\/v2\/product_cat?post=807"},{"taxonomy":"product_tag","embeddable":true,"href":"https:\/\/acsi.com.br\/lojavirtual\/wp-json\/wp\/v2\/product_tag?post=807"}],"curies":[{"name":"wp","href":"https:\/\/api.w.org\/{rel}","templated":true}]}}