{"id":763,"date":"2023-08-17T19:57:05","date_gmt":"2023-08-17T19:57:05","guid":{"rendered":"https:\/\/acsi.com.br\/lojavirtual\/?post_type=product&#038;p=763"},"modified":"2025-11-11T11:07:11","modified_gmt":"2025-11-11T14:07:11","slug":"sete-necessidades-basicas-da-crianca","status":"publish","type":"product","link":"https:\/\/acsi.com.br\/lojavirtual\/produto\/sete-necessidades-basicas-da-crianca\/","title":{"rendered":"Sete necessidades b\u00e1sicas da crian\u00e7a"},"content":{"rendered":"<p>Boa alimenta\u00e7\u00e3o, educa\u00e7\u00e3o de qualidade, plano de sa\u00fade, roupas, brinquedos, passeios, todas essas coisas t\u00eam o seu valor no desenvolvimento de uma crian\u00e7a, e pais e m\u00e3es amorosos jamais negligenciam esses cuidados. No entanto, para que a crian\u00e7a se torne um adulto feliz e respons\u00e1vel, voc\u00ea tamb\u00e9m precisa se concentrar nas necessidades de sua alma. \u00c9 isto o que o autor deste livro prop\u00f5e a voc\u00ea: ajudar a desenvolver o car\u00e1ter da crian\u00e7a e prepar\u00e1-la para a vida adulta, tornando-a mais segura, disciplinada e, acima de tudo, temente a Deus.<\/p>\n","protected":false},"excerpt":{"rendered":"<p>Boa alimenta\u00e7\u00e3o, educa\u00e7\u00e3o de qualidade, plano de sa\u00fade, roupas, brinquedos, passeios, todas essas coisas t\u00eam o seu valor no desenvolvimento de uma crian\u00e7a, e pais e m\u00e3es amorosos jamais negligenciam esses cuidados. No entanto, para que a crian\u00e7a se torne um adulto feliz e respons\u00e1vel, voc\u00ea tamb\u00e9m precisa se concentrar nas necessidades de sua alma. \u00c9 isto o que o autor deste livro prop\u00f5e a voc\u00ea: ajudar a desenvolver o car\u00e1ter da crian\u00e7a e prepar\u00e1-la para a vida adulta, tornando-a mais segura, disciplinada e, acima de tudo, temente a Deus.<\/p>\n","protected":false},"featured_media":764,"comment_status":"open","ping_status":"closed","template":"","meta":[],"product_brand":[],"product_cat":[154,30],"product_tag":[],"class_list":{"0":"post-763","1":"product","2":"type-product","3":"status-publish","4":"has-post-thumbnail","6":"product_cat-formacao-profissional","7":"product_cat-mundo-cristao","9":"first","10":"instock","11":"shipping-taxable","12":"purchasable","13":"product-type-simple"},"_links":{"self":[{"href":"https:\/\/acsi.com.br\/lojavirtual\/wp-json\/wp\/v2\/product\/763","targetHints":{"allow":["GET"]}}],"collection":[{"href":"https:\/\/acsi.com.br\/lojavirtual\/wp-json\/wp\/v2\/product"}],"about":[{"href":"https:\/\/acsi.com.br\/lojavirtual\/wp-json\/wp\/v2\/types\/product"}],"replies":[{"embeddable":true,"href":"https:\/\/acsi.com.br\/lojavirtual\/wp-json\/wp\/v2\/comments?post=763"}],"version-history":[{"count":2,"href":"https:\/\/acsi.com.br\/lojavirtual\/wp-json\/wp\/v2\/product\/763\/revisions"}],"predecessor-version":[{"id":3103,"href":"https:\/\/acsi.com.br\/lojavirtual\/wp-json\/wp\/v2\/product\/763\/revisions\/3103"}],"wp:featuredmedia":[{"embeddable":true,"href":"https:\/\/acsi.com.br\/lojavirtual\/wp-json\/wp\/v2\/media\/764"}],"wp:attachment":[{"href":"https:\/\/acsi.com.br\/lojavirtual\/wp-json\/wp\/v2\/media?parent=763"}],"wp:term":[{"taxonomy":"product_brand","embeddable":true,"href":"https:\/\/acsi.com.br\/lojavirtual\/wp-json\/wp\/v2\/product_brand?post=763"},{"taxonomy":"product_cat","embeddable":true,"href":"https:\/\/acsi.com.br\/lojavirtual\/wp-json\/wp\/v2\/product_cat?post=763"},{"taxonomy":"product_tag","embeddable":true,"href":"https:\/\/acsi.com.br\/lojavirtual\/wp-json\/wp\/v2\/product_tag?post=763"}],"curies":[{"name":"wp","href":"https:\/\/api.w.org\/{rel}","templated":true}]}}