{"id":729,"date":"2023-08-10T18:30:44","date_gmt":"2023-08-10T18:30:44","guid":{"rendered":"https:\/\/acsi.com.br\/lojavirtual\/?post_type=product&#038;p=729"},"modified":"2026-02-25T11:59:11","modified_gmt":"2026-02-25T14:59:11","slug":"o-misterio-da-ameaca-invisivel","status":"publish","type":"product","link":"https:\/\/acsi.com.br\/lojavirtual\/produto\/o-misterio-da-ameaca-invisivel\/","title":{"rendered":"O Mist\u00e9rio Da Amea\u00e7a Invis\u00edvel"},"content":{"rendered":"<p>O MIST\u00c9RIO DA AMEA\u00c7A INVIS\u00cdVEL traz uma trama instigante, cheia de adrenalina, surpresas, reviravoltas e reflex\u00f5es importantes para a vida de todo aquele que procura agir de acordo com a vontade de Deus. Nesta aventura eletrizante, o jovem Gael se v\u00ea diante de um terr\u00edvel dilema, quando \u00e9 sequestrado por uma quadrilha chefiada por um criminoso misterioso. Ele agora ter\u00e1 de decidir entre revelar sua identidade e salvar a pr\u00f3pria pele ou se sacrificar para poupar a vida do seu pior inimigo. O que voc\u00ea faria no lugar dele? E, mais importante: o que Jesus faria? Ao acompanhar a empolgante saga do jovem seminarista, neste primeiro livro da s\u00e9rie Aventuras de Gael, voc\u00ea ser\u00e1 levado a refletir sobre princ\u00edpios fundamentais para a sua jornada de f\u00e9 e compreender\u00e1 com muito mais profundidade o que o amor \u00e9 capaz de fazer na vida de quem deseja viv\u00ea-lo at\u00e9 as \u00faltimas consequ\u00eancias.<\/p>\n","protected":false},"excerpt":{"rendered":"<p>O MIST\u00c9RIO DA AMEA\u00c7A INVIS\u00cdVEL traz uma trama instigante, cheia de adrenalina, surpresas, reviravoltas e reflex\u00f5es importantes para a vida de todo aquele que procura agir de acordo com a vontade de Deus. Nesta aventura eletrizante, o jovem Gael se v\u00ea diante de um terr\u00edvel dilema, quando \u00e9 sequestrado por uma quadrilha chefiada por um criminoso misterioso. Ele agora ter\u00e1 de decidir entre revelar sua identidade e salvar a pr\u00f3pria pele ou se sacrificar para poupar a vida do seu pior inimigo. O que voc\u00ea faria no lugar dele? E, mais importante: o que Jesus faria? Ao acompanhar a empolgante saga do jovem seminarista, neste primeiro livro da s\u00e9rie Aventuras de Gael, voc\u00ea ser\u00e1 levado a refletir sobre princ\u00edpios fundamentais para a sua jornada de f\u00e9 e compreender\u00e1 com muito mais profundidade o que o amor \u00e9 capaz de fazer na vida de quem deseja viv\u00ea-lo at\u00e9 as \u00faltimas consequ\u00eancias.<\/p>\n","protected":false},"featured_media":730,"comment_status":"open","ping_status":"closed","template":"","meta":[],"product_brand":[],"product_cat":[37],"product_tag":[142,140,141],"class_list":{"0":"post-729","1":"product","2":"type-product","3":"status-publish","4":"has-post-thumbnail","6":"product_cat-godbooks","7":"product_tag-ensino-medio","8":"product_tag-fund-2","9":"product_tag-fund-2-e-medio","11":"first","12":"instock","13":"shipping-taxable","14":"purchasable","15":"product-type-simple"},"_links":{"self":[{"href":"https:\/\/acsi.com.br\/lojavirtual\/wp-json\/wp\/v2\/product\/729","targetHints":{"allow":["GET"]}}],"collection":[{"href":"https:\/\/acsi.com.br\/lojavirtual\/wp-json\/wp\/v2\/product"}],"about":[{"href":"https:\/\/acsi.com.br\/lojavirtual\/wp-json\/wp\/v2\/types\/product"}],"replies":[{"embeddable":true,"href":"https:\/\/acsi.com.br\/lojavirtual\/wp-json\/wp\/v2\/comments?post=729"}],"version-history":[{"count":1,"href":"https:\/\/acsi.com.br\/lojavirtual\/wp-json\/wp\/v2\/product\/729\/revisions"}],"predecessor-version":[{"id":731,"href":"https:\/\/acsi.com.br\/lojavirtual\/wp-json\/wp\/v2\/product\/729\/revisions\/731"}],"wp:featuredmedia":[{"embeddable":true,"href":"https:\/\/acsi.com.br\/lojavirtual\/wp-json\/wp\/v2\/media\/730"}],"wp:attachment":[{"href":"https:\/\/acsi.com.br\/lojavirtual\/wp-json\/wp\/v2\/media?parent=729"}],"wp:term":[{"taxonomy":"product_brand","embeddable":true,"href":"https:\/\/acsi.com.br\/lojavirtual\/wp-json\/wp\/v2\/product_brand?post=729"},{"taxonomy":"product_cat","embeddable":true,"href":"https:\/\/acsi.com.br\/lojavirtual\/wp-json\/wp\/v2\/product_cat?post=729"},{"taxonomy":"product_tag","embeddable":true,"href":"https:\/\/acsi.com.br\/lojavirtual\/wp-json\/wp\/v2\/product_tag?post=729"}],"curies":[{"name":"wp","href":"https:\/\/api.w.org\/{rel}","templated":true}]}}