{"id":7172,"date":"2025-10-01T17:04:16","date_gmt":"2025-10-01T20:04:16","guid":{"rendered":"https:\/\/acsi.com.br\/lojavirtual\/?post_type=product&#038;p=7172"},"modified":"2026-03-30T10:46:33","modified_gmt":"2026-03-30T13:46:33","slug":"redimidas-os-contos-das-princesas-vilas-desencantadas","status":"publish","type":"product","link":"https:\/\/acsi.com.br\/lojavirtual\/produto\/redimidas-os-contos-das-princesas-vilas-desencantadas\/","title":{"rendered":"Redimidas: Os Contos das Princesas Vil\u00e3s Desencantadas"},"content":{"rendered":"<p><strong><em>Redimidas<\/em>\u00a0<\/strong>re\u00fane quatro hist\u00f3rias inspiradas nas vil\u00e3s mais conhecidas dos contos de fadas \u2014 mas com um detalhe essencial: elas s\u00e3o surpreendidas pela gra\u00e7a de Deus.<\/p>\n<p>Releituras modernas da Rainha de Copas, Bruxa M\u00e1 do Oeste, Rainha M\u00e1 e \u00darsula ganham vida pelas m\u00e3os das autoras do minist\u00e9rio <strong>Corajosas<\/strong>, respons\u00e1veis pelo sucesso Corajosas: Os contos das princesas nada encantadas.<\/p>\n","protected":false},"excerpt":{"rendered":"<p><strong><em>Redimidas<\/em>\u00a0<\/strong>re\u00fane quatro hist\u00f3rias inspiradas nas vil\u00e3s mais conhecidas dos contos de fadas \u2014 mas com um detalhe essencial: elas s\u00e3o surpreendidas pela gra\u00e7a de Deus.<\/p>\n<p>Releituras modernas da Rainha de Copas, Bruxa M\u00e1 do Oeste, Rainha M\u00e1 e \u00darsula ganham vida pelas m\u00e3os das autoras do minist\u00e9rio <strong>Corajosas<\/strong>, respons\u00e1veis pelo sucesso Corajosas: Os contos das princesas nada encantadas.<\/p>\n","protected":false},"featured_media":7166,"comment_status":"open","ping_status":"closed","template":"","meta":[],"product_brand":[],"product_cat":[30],"product_tag":[],"class_list":{"0":"post-7172","1":"product","2":"type-product","3":"status-publish","4":"has-post-thumbnail","6":"product_cat-mundo-cristao","8":"first","9":"instock","10":"featured","11":"shipping-taxable","12":"purchasable","13":"product-type-simple"},"_links":{"self":[{"href":"https:\/\/acsi.com.br\/lojavirtual\/wp-json\/wp\/v2\/product\/7172","targetHints":{"allow":["GET"]}}],"collection":[{"href":"https:\/\/acsi.com.br\/lojavirtual\/wp-json\/wp\/v2\/product"}],"about":[{"href":"https:\/\/acsi.com.br\/lojavirtual\/wp-json\/wp\/v2\/types\/product"}],"replies":[{"embeddable":true,"href":"https:\/\/acsi.com.br\/lojavirtual\/wp-json\/wp\/v2\/comments?post=7172"}],"version-history":[{"count":2,"href":"https:\/\/acsi.com.br\/lojavirtual\/wp-json\/wp\/v2\/product\/7172\/revisions"}],"predecessor-version":[{"id":7270,"href":"https:\/\/acsi.com.br\/lojavirtual\/wp-json\/wp\/v2\/product\/7172\/revisions\/7270"}],"wp:featuredmedia":[{"embeddable":true,"href":"https:\/\/acsi.com.br\/lojavirtual\/wp-json\/wp\/v2\/media\/7166"}],"wp:attachment":[{"href":"https:\/\/acsi.com.br\/lojavirtual\/wp-json\/wp\/v2\/media?parent=7172"}],"wp:term":[{"taxonomy":"product_brand","embeddable":true,"href":"https:\/\/acsi.com.br\/lojavirtual\/wp-json\/wp\/v2\/product_brand?post=7172"},{"taxonomy":"product_cat","embeddable":true,"href":"https:\/\/acsi.com.br\/lojavirtual\/wp-json\/wp\/v2\/product_cat?post=7172"},{"taxonomy":"product_tag","embeddable":true,"href":"https:\/\/acsi.com.br\/lojavirtual\/wp-json\/wp\/v2\/product_tag?post=7172"}],"curies":[{"name":"wp","href":"https:\/\/api.w.org\/{rel}","templated":true}]}}