{"id":7142,"date":"2025-09-26T15:37:15","date_gmt":"2025-09-26T18:37:15","guid":{"rendered":"https:\/\/acsi.com.br\/lojavirtual\/?post_type=product&#038;p=7142"},"modified":"2026-04-16T20:57:28","modified_gmt":"2026-04-16T23:57:28","slug":"beleza-redimida","status":"publish","type":"product","link":"https:\/\/acsi.com.br\/lojavirtual\/produto\/beleza-redimida\/","title":{"rendered":"Beleza Redimida"},"content":{"rendered":"<p class=\"cvGsUA direction-ltr align-justify para-style-body\"><span class=\"a_GcMg font-feature-liga-off font-feature-clig-off font-feature-calt-off text-decoration-none text-strikethrough-none\">Frequentemente colocamos grande \u00eanfase no ensino da bondade e da verdade do nosso Deus, mas fracassamos em educar nossos filhos e alunos sobre o verdadeiro car\u00e1ter da Beleza, um dos atributos fundamentais de Deus e essencial para a forma\u00e7\u00e3o de uma cosmovis\u00e3o crist\u00e3 adequada.<\/span><\/p>\n<p class=\"cvGsUA direction-ltr align-justify para-style-body\"><span class=\"a_GcMg font-feature-liga-off font-feature-clig-off font-feature-calt-off text-decoration-none text-strikethrough-none\">A educa\u00e7\u00e3o crist\u00e3 cl\u00e1ssica reconhece que nossas crian\u00e7as podem desenvolver um elevado senso de est\u00e9tica, passando pelo estudo da poesia, da m\u00fasica e das artes pl\u00e1sticas, quando pais e mestres apresentam em suas pr\u00f3prias vidas um modelo de amor pela beleza.<\/span><\/p>\n<p class=\"cvGsUA direction-ltr align-justify para-style-body\"><span class=\"a_GcMg font-feature-liga-off font-feature-clig-off font-feature-calt-off text-decoration-none text-strikethrough-none\">Neste livro, voc\u00ea descobrir\u00e1 a verdadeira natureza da beleza, como ela se relaciona com a correta ordena\u00e7\u00e3o dos amores &#8211; como ensinou Agostinho &#8211; e ver\u00e1 diversas maneiras pr\u00e1ticas como podemos criar espa\u00e7os onde o senso de est\u00e9tica de nossas crian\u00e7as possa se desenvolver. Voc\u00ea tamb\u00e9m aprender\u00e1 o conceito b\u00edblico de beleza, como ela se relaciona ao cultivo da sabedoria e virtude, al\u00e9m de maneiras pr\u00e1ticas de incorporar m\u00fasica ao longo da rotina escolar, como contemplar uma obra de arte e muito mais.<\/span><\/p>\n<p class=\"cvGsUA direction-ltr align-justify para-style-body\"><span class=\"a_GcMg font-feature-liga-off font-feature-clig-off font-feature-calt-off text-decoration-none text-strikethrough-none\">No livro Beleza Redimida, o Dr. Steve Turley oferece os recursos que precisamos para aprender a amar o que \u00e9 verdadeiramente am\u00e1vel, um talento que podemos cultivar ao longo de toda a vida. E isso \u00e9 belo!<\/span><\/p>\n<section class=\"products-related\"><\/section>\n","protected":false},"excerpt":{"rendered":"<p class=\"cvGsUA direction-ltr align-justify para-style-body\"><span class=\"a_GcMg font-feature-liga-off font-feature-clig-off font-feature-calt-off text-decoration-none text-strikethrough-none\">Frequentemente colocamos grande \u00eanfase no ensino da bondade e da verdade do nosso Deus, mas fracassamos em educar nossos filhos e alunos sobre o verdadeiro car\u00e1ter da Beleza, um dos atributos fundamentais de Deus e essencial para a forma\u00e7\u00e3o de uma cosmovis\u00e3o crist\u00e3 adequada.<\/span><\/p>\n<p class=\"cvGsUA direction-ltr align-justify para-style-body\"><span class=\"a_GcMg font-feature-liga-off font-feature-clig-off font-feature-calt-off text-decoration-none text-strikethrough-none\">A educa\u00e7\u00e3o crist\u00e3 cl\u00e1ssica reconhece que nossas crian\u00e7as podem desenvolver um elevado senso de est\u00e9tica, passando pelo estudo da poesia, da m\u00fasica e das artes pl\u00e1sticas, quando pais e mestres apresentam em suas pr\u00f3prias vidas um modelo de amor pela beleza.<\/span><\/p>\n<p class=\"cvGsUA direction-ltr align-justify para-style-body\"><span class=\"a_GcMg font-feature-liga-off font-feature-clig-off font-feature-calt-off text-decoration-none text-strikethrough-none\">Neste livro, voc\u00ea descobrir\u00e1 a verdadeira natureza da beleza, como ela se relaciona com a correta ordena\u00e7\u00e3o dos amores &#8211; como ensinou Agostinho &#8211; e ver\u00e1 diversas maneiras pr\u00e1ticas como podemos criar espa\u00e7os onde o senso de est\u00e9tica de nossas crian\u00e7as possa se desenvolver. Voc\u00ea tamb\u00e9m aprender\u00e1 o conceito b\u00edblico de beleza, como ela se relaciona ao cultivo da sabedoria e virtude, al\u00e9m de maneiras pr\u00e1ticas de incorporar m\u00fasica ao longo da rotina escolar, como contemplar uma obra de arte e muito mais.<\/span><\/p>\n<p class=\"cvGsUA direction-ltr align-justify para-style-body\"><span class=\"a_GcMg font-feature-liga-off font-feature-clig-off font-feature-calt-off text-decoration-none text-strikethrough-none\">No livro Beleza Redimida, o Dr. Steve Turley oferece os recursos que precisamos para aprender a amar o que \u00e9 verdadeiramente am\u00e1vel, um talento que podemos cultivar ao longo de toda a vida. E isso \u00e9 belo!<\/span><\/p>\n","protected":false},"featured_media":7118,"comment_status":"closed","ping_status":"closed","template":"","meta":[],"product_brand":[],"product_cat":[33,154],"product_tag":[],"class_list":{"0":"post-7142","1":"product","2":"type-product","3":"status-publish","4":"has-post-thumbnail","6":"product_cat-editora-trinitas","7":"product_cat-formacao-profissional","9":"first","10":"outofstock","11":"shipping-taxable","12":"purchasable","13":"product-type-simple"},"_links":{"self":[{"href":"https:\/\/acsi.com.br\/lojavirtual\/wp-json\/wp\/v2\/product\/7142","targetHints":{"allow":["GET"]}}],"collection":[{"href":"https:\/\/acsi.com.br\/lojavirtual\/wp-json\/wp\/v2\/product"}],"about":[{"href":"https:\/\/acsi.com.br\/lojavirtual\/wp-json\/wp\/v2\/types\/product"}],"replies":[{"embeddable":true,"href":"https:\/\/acsi.com.br\/lojavirtual\/wp-json\/wp\/v2\/comments?post=7142"}],"version-history":[{"count":2,"href":"https:\/\/acsi.com.br\/lojavirtual\/wp-json\/wp\/v2\/product\/7142\/revisions"}],"predecessor-version":[{"id":7160,"href":"https:\/\/acsi.com.br\/lojavirtual\/wp-json\/wp\/v2\/product\/7142\/revisions\/7160"}],"wp:featuredmedia":[{"embeddable":true,"href":"https:\/\/acsi.com.br\/lojavirtual\/wp-json\/wp\/v2\/media\/7118"}],"wp:attachment":[{"href":"https:\/\/acsi.com.br\/lojavirtual\/wp-json\/wp\/v2\/media?parent=7142"}],"wp:term":[{"taxonomy":"product_brand","embeddable":true,"href":"https:\/\/acsi.com.br\/lojavirtual\/wp-json\/wp\/v2\/product_brand?post=7142"},{"taxonomy":"product_cat","embeddable":true,"href":"https:\/\/acsi.com.br\/lojavirtual\/wp-json\/wp\/v2\/product_cat?post=7142"},{"taxonomy":"product_tag","embeddable":true,"href":"https:\/\/acsi.com.br\/lojavirtual\/wp-json\/wp\/v2\/product_tag?post=7142"}],"curies":[{"name":"wp","href":"https:\/\/api.w.org\/{rel}","templated":true}]}}