{"id":7138,"date":"2025-09-26T15:14:46","date_gmt":"2025-09-26T18:14:46","guid":{"rendered":"https:\/\/acsi.com.br\/lojavirtual\/?post_type=product&#038;p=7138"},"modified":"2026-04-16T20:57:28","modified_gmt":"2026-04-16T23:57:28","slug":"catecismo-infantil-ilustrado","status":"publish","type":"product","link":"https:\/\/acsi.com.br\/lojavirtual\/produto\/catecismo-infantil-ilustrado\/","title":{"rendered":"Catecismo Infantil Ilustrado"},"content":{"rendered":"<p>Aproveite este tesouro: leia, estude, memorize, cante, repita e divulgue suas riquezas. Como a Escritura mesmo nos diz, os pequeninos crescer\u00e3o; mas se tivermos lhes ensinado o caminho em que devem andar, mesmo idosos n\u00e3o se afastar\u00e3o dele (Pv 22.6). Ademais, a B\u00edblia tamb\u00e9m nos ensina que h\u00e1 a enorme possibilidade de aqueles que sabem as sagradas letras desde a inf\u00e2ncia tornarem-se s\u00e1bios para a salva\u00e7\u00e3o por meio do Senhor Jesus Cristo (2Tm 3.15).<\/p>\n","protected":false},"excerpt":{"rendered":"<p>Aproveite este tesouro: leia, estude, memorize, cante, repita e divulgue suas riquezas. Como a Escritura mesmo nos diz, os pequeninos crescer\u00e3o; mas se tivermos lhes ensinado o caminho em que devem andar, mesmo idosos n\u00e3o se afastar\u00e3o dele (Pv 22.6). Ademais, a B\u00edblia tamb\u00e9m nos ensina que h\u00e1 a enorme possibilidade de aqueles que sabem as sagradas letras desde a inf\u00e2ncia tornarem-se s\u00e1bios para a salva\u00e7\u00e3o por meio do Senhor Jesus Cristo (2Tm 3.15).<\/p>\n","protected":false},"featured_media":7112,"comment_status":"closed","ping_status":"closed","template":"","meta":[],"product_brand":[],"product_cat":[206],"product_tag":[153],"class_list":{"0":"post-7138","1":"product","2":"type-product","3":"status-publish","4":"has-post-thumbnail","6":"product_cat-editora-peregrino","7":"product_tag-ed-infantil","9":"first","10":"outofstock","11":"shipping-taxable","12":"purchasable","13":"product-type-simple"},"_links":{"self":[{"href":"https:\/\/acsi.com.br\/lojavirtual\/wp-json\/wp\/v2\/product\/7138","targetHints":{"allow":["GET"]}}],"collection":[{"href":"https:\/\/acsi.com.br\/lojavirtual\/wp-json\/wp\/v2\/product"}],"about":[{"href":"https:\/\/acsi.com.br\/lojavirtual\/wp-json\/wp\/v2\/types\/product"}],"replies":[{"embeddable":true,"href":"https:\/\/acsi.com.br\/lojavirtual\/wp-json\/wp\/v2\/comments?post=7138"}],"version-history":[{"count":1,"href":"https:\/\/acsi.com.br\/lojavirtual\/wp-json\/wp\/v2\/product\/7138\/revisions"}],"predecessor-version":[{"id":7139,"href":"https:\/\/acsi.com.br\/lojavirtual\/wp-json\/wp\/v2\/product\/7138\/revisions\/7139"}],"wp:featuredmedia":[{"embeddable":true,"href":"https:\/\/acsi.com.br\/lojavirtual\/wp-json\/wp\/v2\/media\/7112"}],"wp:attachment":[{"href":"https:\/\/acsi.com.br\/lojavirtual\/wp-json\/wp\/v2\/media?parent=7138"}],"wp:term":[{"taxonomy":"product_brand","embeddable":true,"href":"https:\/\/acsi.com.br\/lojavirtual\/wp-json\/wp\/v2\/product_brand?post=7138"},{"taxonomy":"product_cat","embeddable":true,"href":"https:\/\/acsi.com.br\/lojavirtual\/wp-json\/wp\/v2\/product_cat?post=7138"},{"taxonomy":"product_tag","embeddable":true,"href":"https:\/\/acsi.com.br\/lojavirtual\/wp-json\/wp\/v2\/product_tag?post=7138"}],"curies":[{"name":"wp","href":"https:\/\/api.w.org\/{rel}","templated":true}]}}