{"id":7133,"date":"2025-09-26T14:53:15","date_gmt":"2025-09-26T17:53:15","guid":{"rendered":"https:\/\/acsi.com.br\/lojavirtual\/?post_type=product&#038;p=7133"},"modified":"2026-04-02T14:34:11","modified_gmt":"2026-04-02T17:34:11","slug":"atitude-de-coracao-gera-inspiracao","status":"publish","type":"product","link":"https:\/\/acsi.com.br\/lojavirtual\/produto\/atitude-de-coracao-gera-inspiracao\/","title":{"rendered":"Atitude de Cora\u00e7\u00e3o Gera Inspira\u00e7\u00e3o"},"content":{"rendered":"<p>Pedro pegou o livro, folheou algumas p\u00e1ginas e, ao ver as ilustra\u00e7\u00f5es, teve uma ideia. A leitura inspirou Pedro a ter uma atitude saud\u00e1vel! Que inspira\u00e7\u00e3o foi essa? Aventure-se nesta leitura e descubra!<\/p>\n","protected":false},"excerpt":{"rendered":"<p>Pedro pegou o livro, folheou algumas p\u00e1ginas e, ao ver as ilustra\u00e7\u00f5es, teve uma ideia. A leitura inspirou Pedro a ter uma atitude saud\u00e1vel! Que inspira\u00e7\u00e3o foi essa? Aventure-se nesta leitura e descubra!<\/p>\n","protected":false},"featured_media":7110,"comment_status":"open","ping_status":"closed","template":"","meta":[],"product_brand":[],"product_cat":[239],"product_tag":[204],"class_list":{"0":"post-7133","1":"product","2":"type-product","3":"status-publish","4":"has-post-thumbnail","6":"product_cat-editora-publicacoes-f","7":"product_tag-3o-ano","9":"first","10":"instock","11":"featured","12":"shipping-taxable","13":"purchasable","14":"product-type-simple"},"_links":{"self":[{"href":"https:\/\/acsi.com.br\/lojavirtual\/wp-json\/wp\/v2\/product\/7133","targetHints":{"allow":["GET"]}}],"collection":[{"href":"https:\/\/acsi.com.br\/lojavirtual\/wp-json\/wp\/v2\/product"}],"about":[{"href":"https:\/\/acsi.com.br\/lojavirtual\/wp-json\/wp\/v2\/types\/product"}],"replies":[{"embeddable":true,"href":"https:\/\/acsi.com.br\/lojavirtual\/wp-json\/wp\/v2\/comments?post=7133"}],"version-history":[{"count":1,"href":"https:\/\/acsi.com.br\/lojavirtual\/wp-json\/wp\/v2\/product\/7133\/revisions"}],"predecessor-version":[{"id":7134,"href":"https:\/\/acsi.com.br\/lojavirtual\/wp-json\/wp\/v2\/product\/7133\/revisions\/7134"}],"wp:featuredmedia":[{"embeddable":true,"href":"https:\/\/acsi.com.br\/lojavirtual\/wp-json\/wp\/v2\/media\/7110"}],"wp:attachment":[{"href":"https:\/\/acsi.com.br\/lojavirtual\/wp-json\/wp\/v2\/media?parent=7133"}],"wp:term":[{"taxonomy":"product_brand","embeddable":true,"href":"https:\/\/acsi.com.br\/lojavirtual\/wp-json\/wp\/v2\/product_brand?post=7133"},{"taxonomy":"product_cat","embeddable":true,"href":"https:\/\/acsi.com.br\/lojavirtual\/wp-json\/wp\/v2\/product_cat?post=7133"},{"taxonomy":"product_tag","embeddable":true,"href":"https:\/\/acsi.com.br\/lojavirtual\/wp-json\/wp\/v2\/product_tag?post=7133"}],"curies":[{"name":"wp","href":"https:\/\/api.w.org\/{rel}","templated":true}]}}