{"id":7131,"date":"2025-09-26T14:44:29","date_gmt":"2025-09-26T17:44:29","guid":{"rendered":"https:\/\/acsi.com.br\/lojavirtual\/?post_type=product&#038;p=7131"},"modified":"2026-04-24T14:20:36","modified_gmt":"2026-04-24T17:20:36","slug":"alguem-salve-o-natal-do-tulio","status":"publish","type":"product","link":"https:\/\/acsi.com.br\/lojavirtual\/produto\/alguem-salve-o-natal-do-tulio\/","title":{"rendered":"Algu\u00e9m Salve o Natal do T\u00falio"},"content":{"rendered":"<p>Todos os anos, a fam\u00edlia inteira se re\u00fane na casa dos av\u00f3s do T\u00falio para comemorar o Natal, e \u00e9 sempre t\u00e3o legal! Os primos est\u00e3o reunidos; a casa est\u00e1 enfeitada; h\u00e1 divers\u00e3o, tradi\u00e7\u00e3o, comida gostosa, presentes. Mas parece que este ano o Natal n\u00e3o sair\u00e1 como esperado&#8230;<\/p>\n<p>O cora\u00e7\u00e3o do homem pode fazer planos, mas a resposta certa dos l\u00e1bios vem do Senhor\u201d (Prov\u00e9rbios 16.1)<\/p>\n","protected":false},"excerpt":{"rendered":"<p>Todos os anos, a fam\u00edlia inteira se re\u00fane na casa dos av\u00f3s do T\u00falio para comemorar o Natal, e \u00e9 sempre t\u00e3o legal! Os primos est\u00e3o reunidos; a casa est\u00e1 enfeitada; h\u00e1 divers\u00e3o, tradi\u00e7\u00e3o, comida gostosa, presentes. Mas parece que este ano o Natal n\u00e3o sair\u00e1 como esperado&#8230;<\/p>\n<p>O cora\u00e7\u00e3o do homem pode fazer planos, mas a resposta certa dos l\u00e1bios vem do Senhor\u201d (Prov\u00e9rbios 16.1)<\/p>\n","protected":false},"featured_media":7109,"comment_status":"closed","ping_status":"closed","template":"","meta":[],"product_brand":[],"product_cat":[235],"product_tag":[203],"class_list":{"0":"post-7131","1":"product","2":"type-product","3":"status-publish","4":"has-post-thumbnail","6":"product_cat-gadel-editora","7":"product_tag-3o-ao-5o-ano","9":"first","10":"instock","11":"featured","12":"shipping-taxable","13":"purchasable","14":"product-type-simple"},"_links":{"self":[{"href":"https:\/\/acsi.com.br\/lojavirtual\/wp-json\/wp\/v2\/product\/7131","targetHints":{"allow":["GET"]}}],"collection":[{"href":"https:\/\/acsi.com.br\/lojavirtual\/wp-json\/wp\/v2\/product"}],"about":[{"href":"https:\/\/acsi.com.br\/lojavirtual\/wp-json\/wp\/v2\/types\/product"}],"replies":[{"embeddable":true,"href":"https:\/\/acsi.com.br\/lojavirtual\/wp-json\/wp\/v2\/comments?post=7131"}],"version-history":[{"count":1,"href":"https:\/\/acsi.com.br\/lojavirtual\/wp-json\/wp\/v2\/product\/7131\/revisions"}],"predecessor-version":[{"id":7132,"href":"https:\/\/acsi.com.br\/lojavirtual\/wp-json\/wp\/v2\/product\/7131\/revisions\/7132"}],"wp:featuredmedia":[{"embeddable":true,"href":"https:\/\/acsi.com.br\/lojavirtual\/wp-json\/wp\/v2\/media\/7109"}],"wp:attachment":[{"href":"https:\/\/acsi.com.br\/lojavirtual\/wp-json\/wp\/v2\/media?parent=7131"}],"wp:term":[{"taxonomy":"product_brand","embeddable":true,"href":"https:\/\/acsi.com.br\/lojavirtual\/wp-json\/wp\/v2\/product_brand?post=7131"},{"taxonomy":"product_cat","embeddable":true,"href":"https:\/\/acsi.com.br\/lojavirtual\/wp-json\/wp\/v2\/product_cat?post=7131"},{"taxonomy":"product_tag","embeddable":true,"href":"https:\/\/acsi.com.br\/lojavirtual\/wp-json\/wp\/v2\/product_tag?post=7131"}],"curies":[{"name":"wp","href":"https:\/\/api.w.org\/{rel}","templated":true}]}}