{"id":7128,"date":"2025-09-26T14:41:49","date_gmt":"2025-09-26T17:41:49","guid":{"rendered":"https:\/\/acsi.com.br\/lojavirtual\/?post_type=product&#038;p=7128"},"modified":"2026-04-01T10:36:58","modified_gmt":"2026-04-01T13:36:58","slug":"alguem-salve-o-tulio-do-escuro","status":"publish","type":"product","link":"https:\/\/acsi.com.br\/lojavirtual\/produto\/alguem-salve-o-tulio-do-escuro\/","title":{"rendered":"Algu\u00e9m Salve o T\u00falio do Escuro"},"content":{"rendered":"<p>T\u00falio e seu irm\u00e3o, Gabe, d\u00e3o in\u00edcio a um projeto juntos!<\/p>\n<p>\u201cIh, l\u00e1 vem confus\u00e3o\u201d, voc\u00ea deve estar pensando. Mas n\u00e3o desta vez. Na verdade, o projeto n\u00e3o deu certo; deu mais que certo!<\/p>\n<p>O \u00fanico problema foi a luz, ou melhor, a falta de luz.<\/p>\n","protected":false},"excerpt":{"rendered":"<p>T\u00falio e seu irm\u00e3o, Gabe, d\u00e3o in\u00edcio a um projeto juntos!<\/p>\n<p>\u201cIh, l\u00e1 vem confus\u00e3o\u201d, voc\u00ea deve estar pensando. Mas n\u00e3o desta vez. Na verdade, o projeto n\u00e3o deu certo; deu mais que certo!<\/p>\n<p>O \u00fanico problema foi a luz, ou melhor, a falta de luz.<\/p>\n","protected":false},"featured_media":7129,"comment_status":"open","ping_status":"closed","template":"","meta":[],"product_brand":[],"product_cat":[235],"product_tag":[203],"class_list":{"0":"post-7128","1":"product","2":"type-product","3":"status-publish","4":"has-post-thumbnail","6":"product_cat-gadel-editora","7":"product_tag-3o-ao-5o-ano","9":"first","10":"instock","11":"featured","12":"shipping-taxable","13":"purchasable","14":"product-type-simple"},"_links":{"self":[{"href":"https:\/\/acsi.com.br\/lojavirtual\/wp-json\/wp\/v2\/product\/7128","targetHints":{"allow":["GET"]}}],"collection":[{"href":"https:\/\/acsi.com.br\/lojavirtual\/wp-json\/wp\/v2\/product"}],"about":[{"href":"https:\/\/acsi.com.br\/lojavirtual\/wp-json\/wp\/v2\/types\/product"}],"replies":[{"embeddable":true,"href":"https:\/\/acsi.com.br\/lojavirtual\/wp-json\/wp\/v2\/comments?post=7128"}],"version-history":[{"count":1,"href":"https:\/\/acsi.com.br\/lojavirtual\/wp-json\/wp\/v2\/product\/7128\/revisions"}],"predecessor-version":[{"id":7130,"href":"https:\/\/acsi.com.br\/lojavirtual\/wp-json\/wp\/v2\/product\/7128\/revisions\/7130"}],"wp:featuredmedia":[{"embeddable":true,"href":"https:\/\/acsi.com.br\/lojavirtual\/wp-json\/wp\/v2\/media\/7129"}],"wp:attachment":[{"href":"https:\/\/acsi.com.br\/lojavirtual\/wp-json\/wp\/v2\/media?parent=7128"}],"wp:term":[{"taxonomy":"product_brand","embeddable":true,"href":"https:\/\/acsi.com.br\/lojavirtual\/wp-json\/wp\/v2\/product_brand?post=7128"},{"taxonomy":"product_cat","embeddable":true,"href":"https:\/\/acsi.com.br\/lojavirtual\/wp-json\/wp\/v2\/product_cat?post=7128"},{"taxonomy":"product_tag","embeddable":true,"href":"https:\/\/acsi.com.br\/lojavirtual\/wp-json\/wp\/v2\/product_tag?post=7128"}],"curies":[{"name":"wp","href":"https:\/\/api.w.org\/{rel}","templated":true}]}}