{"id":7124,"date":"2025-09-26T14:34:46","date_gmt":"2025-09-26T17:34:46","guid":{"rendered":"https:\/\/acsi.com.br\/lojavirtual\/?post_type=product&#038;p=7124"},"modified":"2026-04-16T20:57:28","modified_gmt":"2026-04-16T23:57:28","slug":"milly-e-os-filhos-prodigos","status":"publish","type":"product","link":"https:\/\/acsi.com.br\/lojavirtual\/produto\/milly-e-os-filhos-prodigos\/","title":{"rendered":"Milly e os Filhos Pr\u00f3digos"},"content":{"rendered":"<p>Sir Edward Wentworth \u00e9 um solteir\u00e3o convicto que odeia crian\u00e7as. Por isso, ficou muito perturbado com a not\u00edcia de que sua sobrinha, Milly, filha de sua falecida irm\u00e3, viria morar definitivamente com ele.<\/p>\n<p>Mas ser\u00e1 que a rabugice de Sir Edward \u00e9 p\u00e1reo para a do\u00e7ura de Milly?<\/p>\n<p>Milly \u00e9 uma menina ador\u00e1vel, que ama ouvir as hist\u00f3rias da B\u00edblia que sua bab\u00e1 lhe conta, mas sua preferida \u00e9 a do Filho Pr\u00f3digo. E, desde que chegou \u00e0 casa do tio, a menina n\u00e3o perde a oportunidade de encontrar um filho pr\u00f3digo de verdade e &#8211; quem sabe -, at\u00e9 de ajud\u00e1-lo a voltar para casa.<\/p>\n<p>Para sua alegria, ela encontra n\u00e3o apenas um, mas alguns filhos pr\u00f3digos.<\/p>\n","protected":false},"excerpt":{"rendered":"<p>Sir Edward Wentworth \u00e9 um solteir\u00e3o convicto que odeia crian\u00e7as. Por isso, ficou muito perturbado com a not\u00edcia de que sua sobrinha, Milly, filha de sua falecida irm\u00e3, viria morar definitivamente com ele.<\/p>\n<p>Mas ser\u00e1 que a rabugice de Sir Edward \u00e9 p\u00e1reo para a do\u00e7ura de Milly?<\/p>\n<p>Milly \u00e9 uma menina ador\u00e1vel, que ama ouvir as hist\u00f3rias da B\u00edblia que sua bab\u00e1 lhe conta, mas sua preferida \u00e9 a do Filho Pr\u00f3digo. E, desde que chegou \u00e0 casa do tio, a menina n\u00e3o perde a oportunidade de encontrar um filho pr\u00f3digo de verdade e &#8211; quem sabe -, at\u00e9 de ajud\u00e1-lo a voltar para casa.<\/p>\n<p>Para sua alegria, ela encontra n\u00e3o apenas um, mas alguns filhos pr\u00f3digos.<\/p>\n","protected":false},"featured_media":7107,"comment_status":"closed","ping_status":"closed","template":"","meta":[],"product_brand":[],"product_cat":[235],"product_tag":[209],"class_list":{"0":"post-7124","1":"product","2":"type-product","3":"status-publish","4":"has-post-thumbnail","6":"product_cat-gadel-editora","7":"product_tag-4o-e-5o-ano","9":"first","10":"instock","11":"featured","12":"shipping-taxable","13":"purchasable","14":"product-type-simple"},"_links":{"self":[{"href":"https:\/\/acsi.com.br\/lojavirtual\/wp-json\/wp\/v2\/product\/7124","targetHints":{"allow":["GET"]}}],"collection":[{"href":"https:\/\/acsi.com.br\/lojavirtual\/wp-json\/wp\/v2\/product"}],"about":[{"href":"https:\/\/acsi.com.br\/lojavirtual\/wp-json\/wp\/v2\/types\/product"}],"replies":[{"embeddable":true,"href":"https:\/\/acsi.com.br\/lojavirtual\/wp-json\/wp\/v2\/comments?post=7124"}],"version-history":[{"count":1,"href":"https:\/\/acsi.com.br\/lojavirtual\/wp-json\/wp\/v2\/product\/7124\/revisions"}],"predecessor-version":[{"id":7125,"href":"https:\/\/acsi.com.br\/lojavirtual\/wp-json\/wp\/v2\/product\/7124\/revisions\/7125"}],"wp:featuredmedia":[{"embeddable":true,"href":"https:\/\/acsi.com.br\/lojavirtual\/wp-json\/wp\/v2\/media\/7107"}],"wp:attachment":[{"href":"https:\/\/acsi.com.br\/lojavirtual\/wp-json\/wp\/v2\/media?parent=7124"}],"wp:term":[{"taxonomy":"product_brand","embeddable":true,"href":"https:\/\/acsi.com.br\/lojavirtual\/wp-json\/wp\/v2\/product_brand?post=7124"},{"taxonomy":"product_cat","embeddable":true,"href":"https:\/\/acsi.com.br\/lojavirtual\/wp-json\/wp\/v2\/product_cat?post=7124"},{"taxonomy":"product_tag","embeddable":true,"href":"https:\/\/acsi.com.br\/lojavirtual\/wp-json\/wp\/v2\/product_tag?post=7124"}],"curies":[{"name":"wp","href":"https:\/\/api.w.org\/{rel}","templated":true}]}}