{"id":7103,"date":"2025-09-26T14:11:12","date_gmt":"2025-09-26T17:11:12","guid":{"rendered":"https:\/\/acsi.com.br\/lojavirtual\/?post_type=product&#038;p=7103"},"modified":"2026-04-16T20:57:28","modified_gmt":"2026-04-16T23:57:28","slug":"a-sebe-de-espinhos","status":"publish","type":"product","link":"https:\/\/acsi.com.br\/lojavirtual\/produto\/a-sebe-de-espinhos\/","title":{"rendered":"A Sebe de Espinhos"},"content":{"rendered":"<p>O que h\u00e1 do outro lado da sebe? John estava desesperado para saber, e, apesar de todas as advert\u00eancias de seus pais e de sua professora para que n\u00e3o o fizesse, ele elaborou um plano \u2013 no qual envolveu sua querida irm\u00e3zinha Bell \u2013 para descobrir o segredo que estava atormentando sua curiosidade.<\/p>\n<p>Os acontecimentos que se seguiram lhe renderam uma li\u00e7\u00e3o que o marcou pelo resto de sua vida: sobre os limites que Deus estabelece para nosso pr\u00f3prio bem e as graves consequ\u00eancias que enfrentamos quando, em nossa rebeldia, tentamos transp\u00f4-los.<\/p>\n","protected":false},"excerpt":{"rendered":"<p>O que h\u00e1 do outro lado da sebe? John estava desesperado para saber, e, apesar de todas as advert\u00eancias de seus pais e de sua professora para que n\u00e3o o fizesse, ele elaborou um plano \u2013 no qual envolveu sua querida irm\u00e3zinha Bell \u2013 para descobrir o segredo que estava atormentando sua curiosidade.<\/p>\n<p>Os acontecimentos que se seguiram lhe renderam uma li\u00e7\u00e3o que o marcou pelo resto de sua vida: sobre os limites que Deus estabelece para nosso pr\u00f3prio bem e as graves consequ\u00eancias que enfrentamos quando, em nossa rebeldia, tentamos transp\u00f4-los.<\/p>\n","protected":false},"featured_media":7104,"comment_status":"closed","ping_status":"closed","template":"","meta":[],"product_brand":[],"product_cat":[235],"product_tag":[203],"class_list":{"0":"post-7103","1":"product","2":"type-product","3":"status-publish","4":"has-post-thumbnail","6":"product_cat-gadel-editora","7":"product_tag-3o-ao-5o-ano","9":"first","10":"outofstock","11":"featured","12":"shipping-taxable","13":"purchasable","14":"product-type-simple"},"_links":{"self":[{"href":"https:\/\/acsi.com.br\/lojavirtual\/wp-json\/wp\/v2\/product\/7103","targetHints":{"allow":["GET"]}}],"collection":[{"href":"https:\/\/acsi.com.br\/lojavirtual\/wp-json\/wp\/v2\/product"}],"about":[{"href":"https:\/\/acsi.com.br\/lojavirtual\/wp-json\/wp\/v2\/types\/product"}],"replies":[{"embeddable":true,"href":"https:\/\/acsi.com.br\/lojavirtual\/wp-json\/wp\/v2\/comments?post=7103"}],"version-history":[{"count":1,"href":"https:\/\/acsi.com.br\/lojavirtual\/wp-json\/wp\/v2\/product\/7103\/revisions"}],"predecessor-version":[{"id":7119,"href":"https:\/\/acsi.com.br\/lojavirtual\/wp-json\/wp\/v2\/product\/7103\/revisions\/7119"}],"wp:featuredmedia":[{"embeddable":true,"href":"https:\/\/acsi.com.br\/lojavirtual\/wp-json\/wp\/v2\/media\/7104"}],"wp:attachment":[{"href":"https:\/\/acsi.com.br\/lojavirtual\/wp-json\/wp\/v2\/media?parent=7103"}],"wp:term":[{"taxonomy":"product_brand","embeddable":true,"href":"https:\/\/acsi.com.br\/lojavirtual\/wp-json\/wp\/v2\/product_brand?post=7103"},{"taxonomy":"product_cat","embeddable":true,"href":"https:\/\/acsi.com.br\/lojavirtual\/wp-json\/wp\/v2\/product_cat?post=7103"},{"taxonomy":"product_tag","embeddable":true,"href":"https:\/\/acsi.com.br\/lojavirtual\/wp-json\/wp\/v2\/product_tag?post=7103"}],"curies":[{"name":"wp","href":"https:\/\/api.w.org\/{rel}","templated":true}]}}