{"id":7055,"date":"2025-09-23T14:40:15","date_gmt":"2025-09-23T17:40:15","guid":{"rendered":"https:\/\/acsi.com.br\/lojavirtual\/?post_type=product&#038;p=7055"},"modified":"2026-04-01T10:36:58","modified_gmt":"2026-04-01T13:36:58","slug":"uma-casa-para-o-criador","status":"publish","type":"product","link":"https:\/\/acsi.com.br\/lojavirtual\/produto\/uma-casa-para-o-criador\/","title":{"rendered":"Uma Casa para o Criador"},"content":{"rendered":"<p>Seu Guar\u00e1, Dona Capi e Prego vivem na mesma floresta, mas n\u00e3o conseguem se entender. Quando Seu Guar\u00e1 decide construir um local especial para ficar com o Criador, os outros animais se apressam em imit\u00e1-lo. Por\u00e9m, uma grande surpresa os aguarda!<br \/>\nSer\u00e1 que o verdadeiro amor poder\u00e1 uni-los e fazer com que as diferen\u00e7as entre eles se transformem em algo belo e inesperado?<\/p>\n","protected":false},"excerpt":{"rendered":"<p>Seu Guar\u00e1, Dona Capi e Prego vivem na mesma floresta, mas n\u00e3o conseguem se entender. Quando Seu Guar\u00e1 decide construir um local especial para ficar com o Criador, os outros animais se apressam em imit\u00e1-lo. Por\u00e9m, uma grande surpresa os aguarda!<br \/>\nSer\u00e1 que o verdadeiro amor poder\u00e1 uni-los e fazer com que as diferen\u00e7as entre eles se transformem em algo belo e inesperado?<\/p>\n","protected":false},"featured_media":7033,"comment_status":"open","ping_status":"closed","template":"","meta":[],"product_brand":[],"product_cat":[31],"product_tag":[204,213],"class_list":{"0":"post-7055","1":"product","2":"type-product","3":"status-publish","4":"has-post-thumbnail","6":"product_cat-thomas-nelson","7":"product_tag-3o-ano","8":"product_tag-capelania","10":"first","11":"instock","12":"featured","13":"shipping-taxable","14":"purchasable","15":"product-type-simple"},"_links":{"self":[{"href":"https:\/\/acsi.com.br\/lojavirtual\/wp-json\/wp\/v2\/product\/7055","targetHints":{"allow":["GET"]}}],"collection":[{"href":"https:\/\/acsi.com.br\/lojavirtual\/wp-json\/wp\/v2\/product"}],"about":[{"href":"https:\/\/acsi.com.br\/lojavirtual\/wp-json\/wp\/v2\/types\/product"}],"replies":[{"embeddable":true,"href":"https:\/\/acsi.com.br\/lojavirtual\/wp-json\/wp\/v2\/comments?post=7055"}],"version-history":[{"count":1,"href":"https:\/\/acsi.com.br\/lojavirtual\/wp-json\/wp\/v2\/product\/7055\/revisions"}],"predecessor-version":[{"id":7056,"href":"https:\/\/acsi.com.br\/lojavirtual\/wp-json\/wp\/v2\/product\/7055\/revisions\/7056"}],"wp:featuredmedia":[{"embeddable":true,"href":"https:\/\/acsi.com.br\/lojavirtual\/wp-json\/wp\/v2\/media\/7033"}],"wp:attachment":[{"href":"https:\/\/acsi.com.br\/lojavirtual\/wp-json\/wp\/v2\/media?parent=7055"}],"wp:term":[{"taxonomy":"product_brand","embeddable":true,"href":"https:\/\/acsi.com.br\/lojavirtual\/wp-json\/wp\/v2\/product_brand?post=7055"},{"taxonomy":"product_cat","embeddable":true,"href":"https:\/\/acsi.com.br\/lojavirtual\/wp-json\/wp\/v2\/product_cat?post=7055"},{"taxonomy":"product_tag","embeddable":true,"href":"https:\/\/acsi.com.br\/lojavirtual\/wp-json\/wp\/v2\/product_tag?post=7055"}],"curies":[{"name":"wp","href":"https:\/\/api.w.org\/{rel}","templated":true}]}}