{"id":705,"date":"2023-08-09T21:34:31","date_gmt":"2023-08-09T21:34:31","guid":{"rendered":"https:\/\/acsi.com.br\/lojavirtual\/?post_type=product&#038;p=705"},"modified":"2026-04-16T20:58:40","modified_gmt":"2026-04-16T23:58:40","slug":"a-fantastica-historia-de-deus-pra-voce","status":"publish","type":"product","link":"https:\/\/acsi.com.br\/lojavirtual\/produto\/a-fantastica-historia-de-deus-pra-voce\/","title":{"rendered":"A fant\u00e1stica hist\u00f3ria de Deus pra voc\u00ea"},"content":{"rendered":"<p>Ganhador do Gold Medallium \u201cLivro do Ano\u201d na categoria Crian\u00e7as concedido pela ECPA (Associa\u00e7\u00e3o dos Editores Crist\u00e3os dos EUA) ao melhor de cada categoria. Voc\u00ea \u00e9 parte da fant\u00e1stica hist\u00f3ria de Deus! A Fant\u00e1stica Hist\u00f3ria de Deus come\u00e7ou h\u00e1 muito tempo, antes de voc\u00ea existir. Deus transbordava de amor e queria muito compartilhar esse amor. Ent\u00e3o, Deus, do meio da escurid\u00e3o, falou certas palavras e criou muitas coisas maravilhosas \u2013 cachorrinhos latindo, rosas aveludadas, oceanos gigantescos e pessoas sem igual. Mas, quando as pessoas desobedeceram a Deus, elas foram afastadas dele. Descubra a maravilhosa hist\u00f3ria de resgate planejada por Deus e como voc\u00ea \u00e9 parte dessa hist\u00f3ria tamb\u00e9m.<\/p>\n","protected":false},"excerpt":{"rendered":"<p>Ganhador do Gold Medallium \u201cLivro do Ano\u201d na categoria Crian\u00e7as concedido pela ECPA (Associa\u00e7\u00e3o dos Editores Crist\u00e3os dos EUA) ao melhor de cada categoria. Voc\u00ea \u00e9 parte da fant\u00e1stica hist\u00f3ria de Deus! A Fant\u00e1stica Hist\u00f3ria de Deus come\u00e7ou h\u00e1 muito tempo, antes de voc\u00ea existir. Deus transbordava de amor e queria muito compartilhar esse amor. Ent\u00e3o, Deus, do meio da escurid\u00e3o, falou certas palavras e criou muitas coisas maravilhosas \u2013 cachorrinhos latindo, rosas aveludadas, oceanos gigantescos e pessoas sem igual. Mas, quando as pessoas desobedeceram a Deus, elas foram afastadas dele. Descubra a maravilhosa hist\u00f3ria de resgate planejada por Deus e como voc\u00ea \u00e9 parte dessa hist\u00f3ria tamb\u00e9m.<\/p>\n","protected":false},"featured_media":706,"comment_status":"closed","ping_status":"closed","template":"","meta":[],"product_brand":[],"product_cat":[35],"product_tag":[134,152],"class_list":{"0":"post-705","1":"product","2":"type-product","3":"status-publish","4":"has-post-thumbnail","6":"product_cat-publicacoes-pao-diario","7":"product_tag-ate-1o-ano","8":"product_tag-fund-1","10":"first","11":"instock","12":"shipping-taxable","13":"purchasable","14":"product-type-simple"},"_links":{"self":[{"href":"https:\/\/acsi.com.br\/lojavirtual\/wp-json\/wp\/v2\/product\/705","targetHints":{"allow":["GET"]}}],"collection":[{"href":"https:\/\/acsi.com.br\/lojavirtual\/wp-json\/wp\/v2\/product"}],"about":[{"href":"https:\/\/acsi.com.br\/lojavirtual\/wp-json\/wp\/v2\/types\/product"}],"replies":[{"embeddable":true,"href":"https:\/\/acsi.com.br\/lojavirtual\/wp-json\/wp\/v2\/comments?post=705"}],"version-history":[{"count":1,"href":"https:\/\/acsi.com.br\/lojavirtual\/wp-json\/wp\/v2\/product\/705\/revisions"}],"predecessor-version":[{"id":707,"href":"https:\/\/acsi.com.br\/lojavirtual\/wp-json\/wp\/v2\/product\/705\/revisions\/707"}],"wp:featuredmedia":[{"embeddable":true,"href":"https:\/\/acsi.com.br\/lojavirtual\/wp-json\/wp\/v2\/media\/706"}],"wp:attachment":[{"href":"https:\/\/acsi.com.br\/lojavirtual\/wp-json\/wp\/v2\/media?parent=705"}],"wp:term":[{"taxonomy":"product_brand","embeddable":true,"href":"https:\/\/acsi.com.br\/lojavirtual\/wp-json\/wp\/v2\/product_brand?post=705"},{"taxonomy":"product_cat","embeddable":true,"href":"https:\/\/acsi.com.br\/lojavirtual\/wp-json\/wp\/v2\/product_cat?post=705"},{"taxonomy":"product_tag","embeddable":true,"href":"https:\/\/acsi.com.br\/lojavirtual\/wp-json\/wp\/v2\/product_tag?post=705"}],"curies":[{"name":"wp","href":"https:\/\/api.w.org\/{rel}","templated":true}]}}