{"id":6997,"date":"2025-09-18T17:42:43","date_gmt":"2025-09-18T20:42:43","guid":{"rendered":"https:\/\/acsi.com.br\/lojavirtual\/?post_type=product&#038;p=6997"},"modified":"2026-04-16T20:57:29","modified_gmt":"2026-04-16T23:57:29","slug":"projeto-olimpo","status":"publish","type":"product","link":"https:\/\/acsi.com.br\/lojavirtual\/produto\/projeto-olimpo\/","title":{"rendered":"Projeto Olimpo"},"content":{"rendered":"<p>Quando o jovem Kyle e seu pai s\u00e3o acusados como mentores de um terr\u00edvel atentado durante as comemora\u00e7\u00f5es do Dia da Independ\u00eancia, uma corrida contra o tempo tem seu in\u00edcio. Para provar sua inoc\u00eancia, nossos her\u00f3is precisar\u00e3o desvendar uma conspira\u00e7\u00e3o envolvendo pessoas poderosas e uma mal\u00e9fica intelig\u00eancia artificial que \u00e9 fruto do Projeto Olimpo e que est\u00e1 projetando nada menos do que&#8230;a Terceira Guerra Mundial!<\/p>\n<p>Projeto Olimpo \u00e9 uma fic\u00e7\u00e3o eletrizante sobre f\u00e9, fam\u00edlia, tecnologia e geopol\u00edtica que vai conquistar o cora\u00e7\u00e3o dos seus adolescentes !<\/p>\n","protected":false},"excerpt":{"rendered":"<p>Quando o jovem Kyle e seu pai s\u00e3o acusados como mentores de um terr\u00edvel atentado durante as comemora\u00e7\u00f5es do Dia da Independ\u00eancia, uma corrida contra o tempo tem seu in\u00edcio. Para provar sua inoc\u00eancia, nossos her\u00f3is precisar\u00e3o desvendar uma conspira\u00e7\u00e3o envolvendo pessoas poderosas e uma mal\u00e9fica intelig\u00eancia artificial que \u00e9 fruto do Projeto Olimpo e que est\u00e1 projetando nada menos do que&#8230;a Terceira Guerra Mundial!<\/p>\n<p>Projeto Olimpo \u00e9 uma fic\u00e7\u00e3o eletrizante sobre f\u00e9, fam\u00edlia, tecnologia e geopol\u00edtica que vai conquistar o cora\u00e7\u00e3o dos seus adolescentes !<\/p>\n","protected":false},"featured_media":6992,"comment_status":"closed","ping_status":"closed","template":"","meta":[],"product_brand":[],"product_cat":[25],"product_tag":[],"class_list":{"0":"post-6997","1":"product","2":"type-product","3":"status-publish","4":"has-post-thumbnail","6":"product_cat-domik-educacional","8":"first","9":"instock","10":"featured","11":"shipping-taxable","12":"purchasable","13":"product-type-simple"},"_links":{"self":[{"href":"https:\/\/acsi.com.br\/lojavirtual\/wp-json\/wp\/v2\/product\/6997","targetHints":{"allow":["GET"]}}],"collection":[{"href":"https:\/\/acsi.com.br\/lojavirtual\/wp-json\/wp\/v2\/product"}],"about":[{"href":"https:\/\/acsi.com.br\/lojavirtual\/wp-json\/wp\/v2\/types\/product"}],"replies":[{"embeddable":true,"href":"https:\/\/acsi.com.br\/lojavirtual\/wp-json\/wp\/v2\/comments?post=6997"}],"version-history":[{"count":1,"href":"https:\/\/acsi.com.br\/lojavirtual\/wp-json\/wp\/v2\/product\/6997\/revisions"}],"predecessor-version":[{"id":6998,"href":"https:\/\/acsi.com.br\/lojavirtual\/wp-json\/wp\/v2\/product\/6997\/revisions\/6998"}],"wp:featuredmedia":[{"embeddable":true,"href":"https:\/\/acsi.com.br\/lojavirtual\/wp-json\/wp\/v2\/media\/6992"}],"wp:attachment":[{"href":"https:\/\/acsi.com.br\/lojavirtual\/wp-json\/wp\/v2\/media?parent=6997"}],"wp:term":[{"taxonomy":"product_brand","embeddable":true,"href":"https:\/\/acsi.com.br\/lojavirtual\/wp-json\/wp\/v2\/product_brand?post=6997"},{"taxonomy":"product_cat","embeddable":true,"href":"https:\/\/acsi.com.br\/lojavirtual\/wp-json\/wp\/v2\/product_cat?post=6997"},{"taxonomy":"product_tag","embeddable":true,"href":"https:\/\/acsi.com.br\/lojavirtual\/wp-json\/wp\/v2\/product_tag?post=6997"}],"curies":[{"name":"wp","href":"https:\/\/api.w.org\/{rel}","templated":true}]}}