{"id":6887,"date":"2025-08-22T12:46:44","date_gmt":"2025-08-22T15:46:44","guid":{"rendered":"https:\/\/acsi.com.br\/lojavirtual\/?post_type=product&#038;p=6887"},"modified":"2026-05-05T15:27:56","modified_gmt":"2026-05-05T18:27:56","slug":"o-livro-das-virtudes-biblicas","status":"publish","type":"product","link":"https:\/\/acsi.com.br\/lojavirtual\/produto\/o-livro-das-virtudes-biblicas\/","title":{"rendered":"O Livro das Virtudes B\u00edblicas"},"content":{"rendered":"<p>Reconta com sensibilidade e muita arte passagens da B\u00edblia onde Deus ensina valores que transcendem o tempo. Com sua habilidade em tecer palavras doces e contornos cativantes, o autor nos guia por um universo de virtudes que reflete o pr\u00f3prio car\u00e1ter de Deus. Este livro parte da convic\u00e7\u00e3o de que existe um Criador que definiu o que \u00e9 justo, belo e virtuoso. Em um mundo onde nossas crian\u00e7as est\u00e3o cada vez mais expostas \u00e0 relativiza\u00e7\u00e3o de valores, esta obra resplandece como uma joia preciosa, lan\u00e7ando luz sobre a mente e o cora\u00e7\u00e3o dos pequenos, convidando-os a ancorar-se nas virtudes que emanam do cora\u00e7\u00e3o do Senhor, o mesmo ontem, hoje e sempre.<\/p>\n","protected":false},"excerpt":{"rendered":"<p>Reconta com sensibilidade e muita arte passagens da B\u00edblia onde Deus ensina valores que transcendem o tempo. Com sua habilidade em tecer palavras doces e contornos cativantes, o autor nos guia por um universo de virtudes que reflete o pr\u00f3prio car\u00e1ter de Deus. Este livro parte da convic\u00e7\u00e3o de que existe um Criador que definiu o que \u00e9 justo, belo e virtuoso. Em um mundo onde nossas crian\u00e7as est\u00e3o cada vez mais expostas \u00e0 relativiza\u00e7\u00e3o de valores, esta obra resplandece como uma joia preciosa, lan\u00e7ando luz sobre a mente e o cora\u00e7\u00e3o dos pequenos, convidando-os a ancorar-se nas virtudes que emanam do cora\u00e7\u00e3o do Senhor, o mesmo ontem, hoje e sempre.<\/p>\n","protected":false},"featured_media":6888,"comment_status":"closed","ping_status":"closed","template":"","meta":[],"product_brand":[],"product_cat":[27],"product_tag":[],"class_list":{"0":"post-6887","1":"product","2":"type-product","3":"status-publish","4":"has-post-thumbnail","6":"product_cat-editora-vida","8":"first","9":"instock","10":"shipping-taxable","11":"purchasable","12":"product-type-simple"},"_links":{"self":[{"href":"https:\/\/acsi.com.br\/lojavirtual\/wp-json\/wp\/v2\/product\/6887","targetHints":{"allow":["GET"]}}],"collection":[{"href":"https:\/\/acsi.com.br\/lojavirtual\/wp-json\/wp\/v2\/product"}],"about":[{"href":"https:\/\/acsi.com.br\/lojavirtual\/wp-json\/wp\/v2\/types\/product"}],"replies":[{"embeddable":true,"href":"https:\/\/acsi.com.br\/lojavirtual\/wp-json\/wp\/v2\/comments?post=6887"}],"version-history":[{"count":1,"href":"https:\/\/acsi.com.br\/lojavirtual\/wp-json\/wp\/v2\/product\/6887\/revisions"}],"predecessor-version":[{"id":6889,"href":"https:\/\/acsi.com.br\/lojavirtual\/wp-json\/wp\/v2\/product\/6887\/revisions\/6889"}],"wp:featuredmedia":[{"embeddable":true,"href":"https:\/\/acsi.com.br\/lojavirtual\/wp-json\/wp\/v2\/media\/6888"}],"wp:attachment":[{"href":"https:\/\/acsi.com.br\/lojavirtual\/wp-json\/wp\/v2\/media?parent=6887"}],"wp:term":[{"taxonomy":"product_brand","embeddable":true,"href":"https:\/\/acsi.com.br\/lojavirtual\/wp-json\/wp\/v2\/product_brand?post=6887"},{"taxonomy":"product_cat","embeddable":true,"href":"https:\/\/acsi.com.br\/lojavirtual\/wp-json\/wp\/v2\/product_cat?post=6887"},{"taxonomy":"product_tag","embeddable":true,"href":"https:\/\/acsi.com.br\/lojavirtual\/wp-json\/wp\/v2\/product_tag?post=6887"}],"curies":[{"name":"wp","href":"https:\/\/api.w.org\/{rel}","templated":true}]}}