{"id":654,"date":"2023-08-09T19:21:50","date_gmt":"2023-08-09T19:21:50","guid":{"rendered":"https:\/\/acsi.com.br\/lojavirtual\/?post_type=product&#038;p=654"},"modified":"2026-04-16T20:58:40","modified_gmt":"2026-04-16T23:58:40","slug":"artur-e-o-coracao-de-pedra","status":"publish","type":"product","link":"https:\/\/acsi.com.br\/lojavirtual\/produto\/artur-e-o-coracao-de-pedra\/","title":{"rendered":"Artur e o cora\u00e7\u00e3o de pedra"},"content":{"rendered":"<p>Artur \u00e9 um garoto fazendeiro de Vales, pequeno vilarejo entre duas montanhas. Al\u00e9m de cultivar frutas, legumes e flores, Artur cultiva boas amizades com os animais: a temperamental Gata, o fiel burro Cosmo, o sabich\u00e3o tigre Walter Tigroso, e a elegante pata Patr\u00edcia.<\/p>\n<p>Eles nem imaginam, mas a maior aventura de suas vidas est\u00e1 para come\u00e7ar quando Artur sente seu cora\u00e7\u00e3o pesado, com saudade daquilo que ainda n\u00e3o viveu. Assim, todos os animais precisam se juntar e descobrir a real situa\u00e7\u00e3o do amigo.<\/p>\n<p>A verdade sobre o estado de Artur, por\u00e9m, s\u00f3 \u00e9 revelada quando um desconhecido chega em Vales e declara que o cora\u00e7\u00e3o do pequeno fazendeiro \u00e9 de pedra! Sabendo disso, Artur, junto de seus companheiros, parte em uma jornada cheia de perigos e aventuras at\u00e9 o alto da grande montanha, em busca de um misterioso homem, o \u00fanico capaz de trocar o cora\u00e7\u00e3o de Artur e, portanto, de salvar a sua vida.<\/p>\n<p>Escrito no estilo das antigas f\u00e1bulas e recheado de lindas ilustra\u00e7\u00f5es, Artur e o Cora\u00e7\u00e3o de Pedra \u00e9 uma hist\u00f3ria que ir\u00e1 encantar toda a fam\u00edlia.<\/p>\n","protected":false},"excerpt":{"rendered":"<p>Artur \u00e9 um garoto fazendeiro de Vales, pequeno vilarejo entre duas montanhas. Al\u00e9m de cultivar frutas, legumes e flores, Artur cultiva boas amizades com os animais: a temperamental Gata, o fiel burro Cosmo, o sabich\u00e3o tigre Walter Tigroso, e a elegante pata Patr\u00edcia.<\/p>\n<p>Eles nem imaginam, mas a maior aventura de suas vidas est\u00e1 para come\u00e7ar quando Artur sente seu cora\u00e7\u00e3o pesado, com saudade daquilo que ainda n\u00e3o viveu. Assim, todos os animais precisam se juntar e descobrir a real situa\u00e7\u00e3o do amigo.<\/p>\n<p>A verdade sobre o estado de Artur, por\u00e9m, s\u00f3 \u00e9 revelada quando um desconhecido chega em Vales e declara que o cora\u00e7\u00e3o do pequeno fazendeiro \u00e9 de pedra! Sabendo disso, Artur, junto de seus companheiros, parte em uma jornada cheia de perigos e aventuras at\u00e9 o alto da grande montanha, em busca de um misterioso homem, o \u00fanico capaz de trocar o cora\u00e7\u00e3o de Artur e, portanto, de salvar a sua vida.<\/p>\n<p>Escrito no estilo das antigas f\u00e1bulas e recheado de lindas ilustra\u00e7\u00f5es, Artur e o Cora\u00e7\u00e3o de Pedra \u00e9 uma hist\u00f3ria que ir\u00e1 encantar toda a fam\u00edlia.<\/p>\n","protected":false},"featured_media":655,"comment_status":"closed","ping_status":"closed","template":"","meta":[],"product_brand":[],"product_cat":[33],"product_tag":[139,152],"class_list":{"0":"post-654","1":"product","2":"type-product","3":"status-publish","4":"has-post-thumbnail","6":"product_cat-editora-trinitas","7":"product_tag-ate-5o-ano","8":"product_tag-fund-1","10":"first","11":"instock","12":"shipping-taxable","13":"purchasable","14":"product-type-simple"},"_links":{"self":[{"href":"https:\/\/acsi.com.br\/lojavirtual\/wp-json\/wp\/v2\/product\/654","targetHints":{"allow":["GET"]}}],"collection":[{"href":"https:\/\/acsi.com.br\/lojavirtual\/wp-json\/wp\/v2\/product"}],"about":[{"href":"https:\/\/acsi.com.br\/lojavirtual\/wp-json\/wp\/v2\/types\/product"}],"replies":[{"embeddable":true,"href":"https:\/\/acsi.com.br\/lojavirtual\/wp-json\/wp\/v2\/comments?post=654"}],"version-history":[{"count":2,"href":"https:\/\/acsi.com.br\/lojavirtual\/wp-json\/wp\/v2\/product\/654\/revisions"}],"predecessor-version":[{"id":3363,"href":"https:\/\/acsi.com.br\/lojavirtual\/wp-json\/wp\/v2\/product\/654\/revisions\/3363"}],"wp:featuredmedia":[{"embeddable":true,"href":"https:\/\/acsi.com.br\/lojavirtual\/wp-json\/wp\/v2\/media\/655"}],"wp:attachment":[{"href":"https:\/\/acsi.com.br\/lojavirtual\/wp-json\/wp\/v2\/media?parent=654"}],"wp:term":[{"taxonomy":"product_brand","embeddable":true,"href":"https:\/\/acsi.com.br\/lojavirtual\/wp-json\/wp\/v2\/product_brand?post=654"},{"taxonomy":"product_cat","embeddable":true,"href":"https:\/\/acsi.com.br\/lojavirtual\/wp-json\/wp\/v2\/product_cat?post=654"},{"taxonomy":"product_tag","embeddable":true,"href":"https:\/\/acsi.com.br\/lojavirtual\/wp-json\/wp\/v2\/product_tag?post=654"}],"curies":[{"name":"wp","href":"https:\/\/api.w.org\/{rel}","templated":true}]}}