{"id":594,"date":"2023-08-09T18:30:21","date_gmt":"2023-08-09T18:30:21","guid":{"rendered":"https:\/\/acsi.com.br\/lojavirtual\/?post_type=product&#038;p=594"},"modified":"2026-04-16T20:59:06","modified_gmt":"2026-04-16T23:59:06","slug":"a-arvore-dentro-da-semente","status":"publish","type":"product","link":"https:\/\/acsi.com.br\/lojavirtual\/produto\/a-arvore-dentro-da-semente\/","title":{"rendered":"A \u00e1rvore dentro da semente"},"content":{"rendered":"<p>Foi dif\u00edcil para Sementinha acreditar que poderia se tornar um grande carvalho. Ele come\u00e7ou a crescer, e percebeu que era diferente das outras \u00e1rvores a sua volta. N\u00e3o dava fruto, nem produzia flores perfumadas. E agora, para que o Carvalhinho serviria, afinal? Algum tempo depois, ele se transformou em um Grande Carvalho, com ramos fortes e compridos. Era uma bela \u00e1rvore, mas ainda n\u00e3o havia entendido para que servia. At\u00e9 que, um belo dia, com seus fortes galhos, descobriu que havia uma raz\u00e3o muito especial para que existisse.A \u00e1rvore dentro da semente conta a hist\u00f3ria de um milagre que acontece dentro de cada um de n\u00f3s. Afinal de contas, Deus criou cada crian\u00e7a como uma pessoa especial, com um prop\u00f3sito &#8211; \u00e9 s\u00f3 crescer e descobrir!<\/p>\n","protected":false},"excerpt":{"rendered":"<p>Foi dif\u00edcil para Sementinha acreditar que poderia se tornar um grande carvalho. Ele come\u00e7ou a crescer, e percebeu que era diferente das outras \u00e1rvores a sua volta. N\u00e3o dava fruto, nem produzia flores perfumadas. E agora, para que o Carvalhinho serviria, afinal? Algum tempo depois, ele se transformou em um Grande Carvalho, com ramos fortes e compridos. Era uma bela \u00e1rvore, mas ainda n\u00e3o havia entendido para que servia. At\u00e9 que, um belo dia, com seus fortes galhos, descobriu que havia uma raz\u00e3o muito especial para que existisse.A \u00e1rvore dentro da semente conta a hist\u00f3ria de um milagre que acontece dentro de cada um de n\u00f3s. Afinal de contas, Deus criou cada crian\u00e7a como uma pessoa especial, com um prop\u00f3sito &#8211; \u00e9 s\u00f3 crescer e descobrir!<\/p>\n","protected":false},"featured_media":595,"comment_status":"closed","ping_status":"closed","template":"","meta":[],"product_brand":[],"product_cat":[32],"product_tag":[],"class_list":{"0":"post-594","1":"product","2":"type-product","3":"status-publish","4":"has-post-thumbnail","6":"product_cat-livraria-100-cristao","8":"first","9":"instock","10":"featured","11":"shipping-taxable","12":"purchasable","13":"product-type-simple"},"_links":{"self":[{"href":"https:\/\/acsi.com.br\/lojavirtual\/wp-json\/wp\/v2\/product\/594","targetHints":{"allow":["GET"]}}],"collection":[{"href":"https:\/\/acsi.com.br\/lojavirtual\/wp-json\/wp\/v2\/product"}],"about":[{"href":"https:\/\/acsi.com.br\/lojavirtual\/wp-json\/wp\/v2\/types\/product"}],"replies":[{"embeddable":true,"href":"https:\/\/acsi.com.br\/lojavirtual\/wp-json\/wp\/v2\/comments?post=594"}],"version-history":[{"count":1,"href":"https:\/\/acsi.com.br\/lojavirtual\/wp-json\/wp\/v2\/product\/594\/revisions"}],"predecessor-version":[{"id":596,"href":"https:\/\/acsi.com.br\/lojavirtual\/wp-json\/wp\/v2\/product\/594\/revisions\/596"}],"wp:featuredmedia":[{"embeddable":true,"href":"https:\/\/acsi.com.br\/lojavirtual\/wp-json\/wp\/v2\/media\/595"}],"wp:attachment":[{"href":"https:\/\/acsi.com.br\/lojavirtual\/wp-json\/wp\/v2\/media?parent=594"}],"wp:term":[{"taxonomy":"product_brand","embeddable":true,"href":"https:\/\/acsi.com.br\/lojavirtual\/wp-json\/wp\/v2\/product_brand?post=594"},{"taxonomy":"product_cat","embeddable":true,"href":"https:\/\/acsi.com.br\/lojavirtual\/wp-json\/wp\/v2\/product_cat?post=594"},{"taxonomy":"product_tag","embeddable":true,"href":"https:\/\/acsi.com.br\/lojavirtual\/wp-json\/wp\/v2\/product_tag?post=594"}],"curies":[{"name":"wp","href":"https:\/\/api.w.org\/{rel}","templated":true}]}}