{"id":588,"date":"2023-08-09T18:26:12","date_gmt":"2023-08-09T18:26:12","guid":{"rendered":"https:\/\/acsi.com.br\/lojavirtual\/?post_type=product&#038;p=588"},"modified":"2026-04-16T20:59:06","modified_gmt":"2026-04-16T23:59:06","slug":"voce-e-especial","status":"publish","type":"product","link":"https:\/\/acsi.com.br\/lojavirtual\/produto\/voce-e-especial\/","title":{"rendered":"Voc\u00ea \u00e9 especial"},"content":{"rendered":"<p>Aos olhos de Deus, voc\u00ea realmente \u00e9 importante.<\/p>\n<p>O mundo diz a crian\u00e7a: &#8220;Voc\u00ea \u00e9 especial se&#8230;<br \/>\nSe for inteligente, se for bonita, se for talentosa&#8230;&#8221;<\/p>\n<p>Deus diz a ela: &#8220;Voc\u00ea \u00e9 especial e pronto! Nenhuma qualifica\u00e7\u00e3o \u00e9 necess\u00e1ria.&#8221;<\/p>\n<p>Na leitura deste livro, essa mensagem vai encontrar espa\u00e7o no cora\u00e7\u00e3o da crian\u00e7a.<br \/>\n\u00c9 por isso que toda crian\u00e7a que voc\u00ea conhece precisa ouvir e saber essa verdade reconfortante:<\/p>\n<p>Algu\u00e9m o ama como voc\u00ea \u00e9<\/p>\n<p>Esta hist\u00f3ria deliciosa de Max Lucado magistralmente ilustrada, extra\u00edda de seu livro Tell me the secrets (Conte-me os segredos), vai ajudar voc\u00ea a anunciar esta verdade vez ap\u00f3s vez&#8230; com amor.<\/p>\n","protected":false},"excerpt":{"rendered":"<p>Aos olhos de Deus, voc\u00ea realmente \u00e9 importante.<\/p>\n<p>O mundo diz a crian\u00e7a: &#8220;Voc\u00ea \u00e9 especial se&#8230;<br \/>\nSe for inteligente, se for bonita, se for talentosa&#8230;&#8221;<\/p>\n<p>Deus diz a ela: &#8220;Voc\u00ea \u00e9 especial e pronto! Nenhuma qualifica\u00e7\u00e3o \u00e9 necess\u00e1ria.&#8221;<\/p>\n<p>Na leitura deste livro, essa mensagem vai encontrar espa\u00e7o no cora\u00e7\u00e3o da crian\u00e7a.<br \/>\n\u00c9 por isso que toda crian\u00e7a que voc\u00ea conhece precisa ouvir e saber essa verdade reconfortante:<\/p>\n<p>Algu\u00e9m o ama como voc\u00ea \u00e9<\/p>\n<p>Esta hist\u00f3ria deliciosa de Max Lucado magistralmente ilustrada, extra\u00edda de seu livro Tell me the secrets (Conte-me os segredos), vai ajudar voc\u00ea a anunciar esta verdade vez ap\u00f3s vez&#8230; com amor.<\/p>\n<p>&nbsp;<\/p>\n","protected":false},"featured_media":589,"comment_status":"closed","ping_status":"closed","template":"","meta":[],"product_brand":[],"product_cat":[32],"product_tag":[139,152],"class_list":{"0":"post-588","1":"product","2":"type-product","3":"status-publish","4":"has-post-thumbnail","6":"product_cat-livraria-100-cristao","7":"product_tag-ate-5o-ano","8":"product_tag-fund-1","10":"first","11":"instock","12":"shipping-taxable","13":"purchasable","14":"product-type-simple"},"_links":{"self":[{"href":"https:\/\/acsi.com.br\/lojavirtual\/wp-json\/wp\/v2\/product\/588","targetHints":{"allow":["GET"]}}],"collection":[{"href":"https:\/\/acsi.com.br\/lojavirtual\/wp-json\/wp\/v2\/product"}],"about":[{"href":"https:\/\/acsi.com.br\/lojavirtual\/wp-json\/wp\/v2\/types\/product"}],"replies":[{"embeddable":true,"href":"https:\/\/acsi.com.br\/lojavirtual\/wp-json\/wp\/v2\/comments?post=588"}],"version-history":[{"count":1,"href":"https:\/\/acsi.com.br\/lojavirtual\/wp-json\/wp\/v2\/product\/588\/revisions"}],"predecessor-version":[{"id":590,"href":"https:\/\/acsi.com.br\/lojavirtual\/wp-json\/wp\/v2\/product\/588\/revisions\/590"}],"wp:featuredmedia":[{"embeddable":true,"href":"https:\/\/acsi.com.br\/lojavirtual\/wp-json\/wp\/v2\/media\/589"}],"wp:attachment":[{"href":"https:\/\/acsi.com.br\/lojavirtual\/wp-json\/wp\/v2\/media?parent=588"}],"wp:term":[{"taxonomy":"product_brand","embeddable":true,"href":"https:\/\/acsi.com.br\/lojavirtual\/wp-json\/wp\/v2\/product_brand?post=588"},{"taxonomy":"product_cat","embeddable":true,"href":"https:\/\/acsi.com.br\/lojavirtual\/wp-json\/wp\/v2\/product_cat?post=588"},{"taxonomy":"product_tag","embeddable":true,"href":"https:\/\/acsi.com.br\/lojavirtual\/wp-json\/wp\/v2\/product_tag?post=588"}],"curies":[{"name":"wp","href":"https:\/\/api.w.org\/{rel}","templated":true}]}}