{"id":557,"date":"2023-08-09T17:29:56","date_gmt":"2023-08-09T17:29:56","guid":{"rendered":"https:\/\/acsi.com.br\/lojavirtual\/?post_type=product&#038;p=557"},"modified":"2026-04-16T20:59:06","modified_gmt":"2026-04-16T23:59:06","slug":"vai-dar-tudo-certo","status":"publish","type":"product","link":"https:\/\/acsi.com.br\/lojavirtual\/produto\/vai-dar-tudo-certo\/","title":{"rendered":"Vai dar tudo certo"},"content":{"rendered":"<p>Este livro mostrar\u00e1 a seu filho que, no final, vai dar tudo certo, pois temos um Deus que \u00e9 bom e gentil e est\u00e1 sempre cuidando de n\u00f3s!<\/p>\n<p>Crescer traz mudan\u00e7as, a gente gostando disso ou n\u00e3o. A mudan\u00e7a pode desencadear medos de coisas que \u00e0s vezes s\u00e3o reais e \u00e0s vezes, imagin\u00e1rias. Como as crian\u00e7as podem aprender desde cedo que, mesmo passando por situa\u00e7\u00f5es novas ou ruins, elas n\u00e3o precisam ter medo?<\/p>\n<p>Neste livro, Sementinha e Raposinha est\u00e3o enfrentando medos, mudan\u00e7as e coisas totalmente novas. E eles n\u00e3o gostam nem um pouco disso!<\/p>\n","protected":false},"excerpt":{"rendered":"<p>Este livro mostrar\u00e1 a seu filho que, no final, vai dar tudo certo, pois temos um Deus que \u00e9 bom e gentil e est\u00e1 sempre cuidando de n\u00f3s!<\/p>\n<p>Crescer traz mudan\u00e7as, a gente gostando disso ou n\u00e3o. A mudan\u00e7a pode desencadear medos de coisas que \u00e0s vezes s\u00e3o reais e \u00e0s vezes, imagin\u00e1rias. Como as crian\u00e7as podem aprender desde cedo que, mesmo passando por situa\u00e7\u00f5es novas ou ruins, elas n\u00e3o precisam ter medo?<\/p>\n<p>Neste livro, Sementinha e Raposinha est\u00e3o enfrentando medos, mudan\u00e7as e coisas totalmente novas. E eles n\u00e3o gostam nem um pouco disso!<\/p>\n<p>&nbsp;<\/p>\n","protected":false},"featured_media":558,"comment_status":"closed","ping_status":"closed","template":"","meta":[],"product_brand":[],"product_cat":[31],"product_tag":[139,152],"class_list":{"0":"post-557","1":"product","2":"type-product","3":"status-publish","4":"has-post-thumbnail","6":"product_cat-thomas-nelson","7":"product_tag-ate-5o-ano","8":"product_tag-fund-1","10":"first","11":"instock","12":"shipping-taxable","13":"purchasable","14":"product-type-simple"},"_links":{"self":[{"href":"https:\/\/acsi.com.br\/lojavirtual\/wp-json\/wp\/v2\/product\/557","targetHints":{"allow":["GET"]}}],"collection":[{"href":"https:\/\/acsi.com.br\/lojavirtual\/wp-json\/wp\/v2\/product"}],"about":[{"href":"https:\/\/acsi.com.br\/lojavirtual\/wp-json\/wp\/v2\/types\/product"}],"replies":[{"embeddable":true,"href":"https:\/\/acsi.com.br\/lojavirtual\/wp-json\/wp\/v2\/comments?post=557"}],"version-history":[{"count":1,"href":"https:\/\/acsi.com.br\/lojavirtual\/wp-json\/wp\/v2\/product\/557\/revisions"}],"predecessor-version":[{"id":559,"href":"https:\/\/acsi.com.br\/lojavirtual\/wp-json\/wp\/v2\/product\/557\/revisions\/559"}],"wp:featuredmedia":[{"embeddable":true,"href":"https:\/\/acsi.com.br\/lojavirtual\/wp-json\/wp\/v2\/media\/558"}],"wp:attachment":[{"href":"https:\/\/acsi.com.br\/lojavirtual\/wp-json\/wp\/v2\/media?parent=557"}],"wp:term":[{"taxonomy":"product_brand","embeddable":true,"href":"https:\/\/acsi.com.br\/lojavirtual\/wp-json\/wp\/v2\/product_brand?post=557"},{"taxonomy":"product_cat","embeddable":true,"href":"https:\/\/acsi.com.br\/lojavirtual\/wp-json\/wp\/v2\/product_cat?post=557"},{"taxonomy":"product_tag","embeddable":true,"href":"https:\/\/acsi.com.br\/lojavirtual\/wp-json\/wp\/v2\/product_tag?post=557"}],"curies":[{"name":"wp","href":"https:\/\/api.w.org\/{rel}","templated":true}]}}