{"id":515,"date":"2023-08-08T22:54:53","date_gmt":"2023-08-08T22:54:53","guid":{"rendered":"https:\/\/acsi.com.br\/lojavirtual\/?post_type=product&#038;p=515"},"modified":"2026-04-16T20:59:07","modified_gmt":"2026-04-16T23:59:07","slug":"o-limpador-de-placas","status":"publish","type":"product","link":"https:\/\/acsi.com.br\/lojavirtual\/produto\/o-limpador-de-placas\/","title":{"rendered":"O limpador de Placas"},"content":{"rendered":"<p>O limpador de placas de rua era um homem feliz. Gostava do que fazia, gostava de suas ruas e gostava de suas placas. E quando algu\u00e9m perguntava o que gostaria de mudar em sua vida, respondia sem vacilar: Nada, absolutamente nada! Decerto tudo teria continuado assim se um belo dia uma m\u00e3e e seu filho n\u00e3o tivessem parado ao p\u00e9 da escada azul&#8230;<\/p>\n","protected":false},"excerpt":{"rendered":"<p>O limpador de placas de rua era um homem feliz. Gostava do que fazia, gostava de suas ruas e gostava de suas placas. E quando algu\u00e9m perguntava o que gostaria de mudar em sua vida, respondia sem vacilar: Nada, absolutamente nada! Decerto tudo teria continuado assim se um belo dia uma m\u00e3e e seu filho n\u00e3o tivessem parado ao p\u00e9 da escada azul&#8230;<\/p>\n<p>&nbsp;<\/p>\n","protected":false},"featured_media":516,"comment_status":"closed","ping_status":"closed","template":"","meta":[],"product_brand":[],"product_cat":[29],"product_tag":[139,152],"class_list":{"0":"post-515","1":"product","2":"type-product","3":"status-publish","4":"has-post-thumbnail","6":"product_cat-cia-das-letras-brinque-book","7":"product_tag-ate-5o-ano","8":"product_tag-fund-1","10":"first","11":"instock","12":"shipping-taxable","13":"purchasable","14":"product-type-simple"},"_links":{"self":[{"href":"https:\/\/acsi.com.br\/lojavirtual\/wp-json\/wp\/v2\/product\/515","targetHints":{"allow":["GET"]}}],"collection":[{"href":"https:\/\/acsi.com.br\/lojavirtual\/wp-json\/wp\/v2\/product"}],"about":[{"href":"https:\/\/acsi.com.br\/lojavirtual\/wp-json\/wp\/v2\/types\/product"}],"replies":[{"embeddable":true,"href":"https:\/\/acsi.com.br\/lojavirtual\/wp-json\/wp\/v2\/comments?post=515"}],"version-history":[{"count":1,"href":"https:\/\/acsi.com.br\/lojavirtual\/wp-json\/wp\/v2\/product\/515\/revisions"}],"predecessor-version":[{"id":517,"href":"https:\/\/acsi.com.br\/lojavirtual\/wp-json\/wp\/v2\/product\/515\/revisions\/517"}],"wp:featuredmedia":[{"embeddable":true,"href":"https:\/\/acsi.com.br\/lojavirtual\/wp-json\/wp\/v2\/media\/516"}],"wp:attachment":[{"href":"https:\/\/acsi.com.br\/lojavirtual\/wp-json\/wp\/v2\/media?parent=515"}],"wp:term":[{"taxonomy":"product_brand","embeddable":true,"href":"https:\/\/acsi.com.br\/lojavirtual\/wp-json\/wp\/v2\/product_brand?post=515"},{"taxonomy":"product_cat","embeddable":true,"href":"https:\/\/acsi.com.br\/lojavirtual\/wp-json\/wp\/v2\/product_cat?post=515"},{"taxonomy":"product_tag","embeddable":true,"href":"https:\/\/acsi.com.br\/lojavirtual\/wp-json\/wp\/v2\/product_tag?post=515"}],"curies":[{"name":"wp","href":"https:\/\/api.w.org\/{rel}","templated":true}]}}