{"id":478,"date":"2023-08-08T22:25:16","date_gmt":"2023-08-08T22:25:16","guid":{"rendered":"https:\/\/acsi.com.br\/lojavirtual\/?post_type=product&#038;p=478"},"modified":"2026-04-16T20:59:07","modified_gmt":"2026-04-16T23:59:07","slug":"lara-lua","status":"publish","type":"product","link":"https:\/\/acsi.com.br\/lojavirtual\/produto\/lara-lua\/","title":{"rendered":"Lara Lua"},"content":{"rendered":"<p>Gustavo e Hugo passam o tempo todo no quintal. Ningu\u00e9m se atreve a entrar l\u00e1; aquele \u00e9 o espa\u00e7o deles. At\u00e9 que um dia algu\u00e9m chega querendo brincar. E o pior de tudo, \u00e9 uma garota! Mas quando Lara monta um carro de corrida fant\u00e1stico e um navio pirata incr\u00edvel, eles acabam admitindo que ela tem ideias brilhantes. Trata das birras de meninos x meninas e de como podem se completar nas brincadeiras, criando uma linda amizade.<\/p>\n","protected":false},"excerpt":{"rendered":"<p>Gustavo e Hugo passam o tempo todo no quintal. Ningu\u00e9m se atreve a entrar l\u00e1; aquele \u00e9 o espa\u00e7o deles. At\u00e9 que um dia algu\u00e9m chega querendo brincar. E o pior de tudo, \u00e9 uma garota! Mas quando Lara monta um carro de corrida fant\u00e1stico e um navio pirata incr\u00edvel, eles acabam admitindo que ela tem ideias brilhantes. Trata das birras de meninos x meninas e de como podem se completar nas brincadeiras, criando uma linda amizade.<\/p>\n","protected":false},"featured_media":479,"comment_status":"closed","ping_status":"closed","template":"","meta":[],"product_brand":[],"product_cat":[28],"product_tag":[136,152],"class_list":{"0":"post-478","1":"product","2":"type-product","3":"status-publish","4":"has-post-thumbnail","6":"product_cat-ciranda-cultural","7":"product_tag-ate-2o-ano","8":"product_tag-fund-1","10":"first","11":"instock","12":"shipping-taxable","13":"purchasable","14":"product-type-simple"},"_links":{"self":[{"href":"https:\/\/acsi.com.br\/lojavirtual\/wp-json\/wp\/v2\/product\/478","targetHints":{"allow":["GET"]}}],"collection":[{"href":"https:\/\/acsi.com.br\/lojavirtual\/wp-json\/wp\/v2\/product"}],"about":[{"href":"https:\/\/acsi.com.br\/lojavirtual\/wp-json\/wp\/v2\/types\/product"}],"replies":[{"embeddable":true,"href":"https:\/\/acsi.com.br\/lojavirtual\/wp-json\/wp\/v2\/comments?post=478"}],"version-history":[{"count":1,"href":"https:\/\/acsi.com.br\/lojavirtual\/wp-json\/wp\/v2\/product\/478\/revisions"}],"predecessor-version":[{"id":480,"href":"https:\/\/acsi.com.br\/lojavirtual\/wp-json\/wp\/v2\/product\/478\/revisions\/480"}],"wp:featuredmedia":[{"embeddable":true,"href":"https:\/\/acsi.com.br\/lojavirtual\/wp-json\/wp\/v2\/media\/479"}],"wp:attachment":[{"href":"https:\/\/acsi.com.br\/lojavirtual\/wp-json\/wp\/v2\/media?parent=478"}],"wp:term":[{"taxonomy":"product_brand","embeddable":true,"href":"https:\/\/acsi.com.br\/lojavirtual\/wp-json\/wp\/v2\/product_brand?post=478"},{"taxonomy":"product_cat","embeddable":true,"href":"https:\/\/acsi.com.br\/lojavirtual\/wp-json\/wp\/v2\/product_cat?post=478"},{"taxonomy":"product_tag","embeddable":true,"href":"https:\/\/acsi.com.br\/lojavirtual\/wp-json\/wp\/v2\/product_tag?post=478"}],"curies":[{"name":"wp","href":"https:\/\/api.w.org\/{rel}","templated":true}]}}