{"id":4310,"date":"2025-02-04T10:41:34","date_gmt":"2025-02-04T13:41:34","guid":{"rendered":"https:\/\/acsi.com.br\/lojavirtual\/?post_type=product&#038;p=4310"},"modified":"2026-04-16T20:57:29","modified_gmt":"2026-04-16T23:57:29","slug":"tudo-converge-para-o-texto","status":"publish","type":"product","link":"https:\/\/acsi.com.br\/lojavirtual\/produto\/tudo-converge-para-o-texto\/","title":{"rendered":"Tudo Converge para o Texto"},"content":{"rendered":"<p>Qual \u00e9 a fun\u00e7\u00e3o dos estudos gramaticais? Que diferen\u00e7a faz na vida saber se uma palavra \u00e9 ox\u00edtona, parox\u00edtona ou proparox\u00edtona? Qual \u00e9 a utilidade de decorar toda a conjuga\u00e7\u00e3o verbal? Para que servem os exerc\u00edcios de an\u00e1lise sint\u00e1tica?<\/p>\n<p>Se voc\u00ea j\u00e1 se fez algumas dessas perguntas e concluiu que o estudo da gram\u00e1tica n\u00e3o serve para nada, este livro \u00e9 para voc\u00ea. Nos artigos aqui reunidos, William Campos da Cruz \u2014 tradutor, editor e professor de l\u00edngua portuguesa \u2014 responde a todas elas de maneira surpreendente. Para o autor, o estudo da gram\u00e1tica \u201cforja em n\u00f3s o h\u00e1bito mental do pensamento ordenado\u201d. Al\u00e9m disso, o estudo da gram\u00e1tica serve, por exemplo, para desenvolver em n\u00f3s a capacidade de rastrear rela\u00e7\u00f5es sint\u00e1ticas: analisamos frases simples para que, no momento oportuno, tamb\u00e9m sejamos capazes de reordenar frases complexas, em que invers\u00f5es sint\u00e1ticas poderiam comprometer ou dificultar o entendimento.<\/p>\n<p>Tudo converge para o texto ajudar\u00e1 voc\u00ea a tirar a gram\u00e1tica da gaveta das inutilidades escolares para coloc\u00e1-la na estante de desenvolvimento pessoal. Mesmo que voc\u00ea n\u00e3o pretenda fazer uma prova de vestibular ou concurso, mesmo que voc\u00ea n\u00e3o pretenda tornar-se professor de portugu\u00eas, mesmo que voc\u00ea ache gram\u00e1tica uma chatice, a leitura deste livro far\u00e1 com que voc\u00ea encontre o lugar da gram\u00e1tica na vida.<\/p>\n","protected":false},"excerpt":{"rendered":"<p>Qual \u00e9 a fun\u00e7\u00e3o dos estudos gramaticais? Que diferen\u00e7a faz na vida saber se uma palavra \u00e9 ox\u00edtona, parox\u00edtona ou proparox\u00edtona? Qual \u00e9 a utilidade de decorar toda a conjuga\u00e7\u00e3o verbal? Para que servem os exerc\u00edcios de an\u00e1lise sint\u00e1tica?<\/p>\n<p>Se voc\u00ea j\u00e1 se fez algumas dessas perguntas e concluiu que o estudo da gram\u00e1tica n\u00e3o serve para nada, este livro \u00e9 para voc\u00ea. Nos artigos aqui reunidos, William Campos da Cruz \u2014 tradutor, editor e professor de l\u00edngua portuguesa \u2014 responde a todas elas de maneira surpreendente. Para o autor, o estudo da gram\u00e1tica \u201cforja em n\u00f3s o h\u00e1bito mental do pensamento ordenado\u201d. Al\u00e9m disso, o estudo da gram\u00e1tica serve, por exemplo, para desenvolver em n\u00f3s a capacidade de rastrear rela\u00e7\u00f5es sint\u00e1ticas: analisamos frases simples para que, no momento oportuno, tamb\u00e9m sejamos capazes de reordenar frases complexas, em que invers\u00f5es sint\u00e1ticas poderiam comprometer ou dificultar o entendimento.<\/p>\n<p>Tudo converge para o texto ajudar\u00e1 voc\u00ea a tirar a gram\u00e1tica da gaveta das inutilidades escolares para coloc\u00e1-la na estante de desenvolvimento pessoal. Mesmo que voc\u00ea n\u00e3o pretenda fazer uma prova de vestibular ou concurso, mesmo que voc\u00ea n\u00e3o pretenda tornar-se professor de portugu\u00eas, mesmo que voc\u00ea ache gram\u00e1tica uma chatice, a leitura deste livro far\u00e1 com que voc\u00ea encontre o lugar da gram\u00e1tica na vida.<\/p>\n","protected":false},"featured_media":3792,"comment_status":"closed","ping_status":"closed","template":"","meta":[],"product_brand":[],"product_cat":[262,154],"product_tag":[],"class_list":{"0":"post-4310","1":"product","2":"type-product","3":"status-publish","4":"has-post-thumbnail","6":"product_cat-editora-eleia","7":"product_cat-formacao-profissional","9":"first","10":"instock","11":"featured","12":"shipping-taxable","13":"purchasable","14":"product-type-simple"},"_links":{"self":[{"href":"https:\/\/acsi.com.br\/lojavirtual\/wp-json\/wp\/v2\/product\/4310","targetHints":{"allow":["GET"]}}],"collection":[{"href":"https:\/\/acsi.com.br\/lojavirtual\/wp-json\/wp\/v2\/product"}],"about":[{"href":"https:\/\/acsi.com.br\/lojavirtual\/wp-json\/wp\/v2\/types\/product"}],"replies":[{"embeddable":true,"href":"https:\/\/acsi.com.br\/lojavirtual\/wp-json\/wp\/v2\/comments?post=4310"}],"version-history":[{"count":1,"href":"https:\/\/acsi.com.br\/lojavirtual\/wp-json\/wp\/v2\/product\/4310\/revisions"}],"predecessor-version":[{"id":4312,"href":"https:\/\/acsi.com.br\/lojavirtual\/wp-json\/wp\/v2\/product\/4310\/revisions\/4312"}],"wp:featuredmedia":[{"embeddable":true,"href":"https:\/\/acsi.com.br\/lojavirtual\/wp-json\/wp\/v2\/media\/3792"}],"wp:attachment":[{"href":"https:\/\/acsi.com.br\/lojavirtual\/wp-json\/wp\/v2\/media?parent=4310"}],"wp:term":[{"taxonomy":"product_brand","embeddable":true,"href":"https:\/\/acsi.com.br\/lojavirtual\/wp-json\/wp\/v2\/product_brand?post=4310"},{"taxonomy":"product_cat","embeddable":true,"href":"https:\/\/acsi.com.br\/lojavirtual\/wp-json\/wp\/v2\/product_cat?post=4310"},{"taxonomy":"product_tag","embeddable":true,"href":"https:\/\/acsi.com.br\/lojavirtual\/wp-json\/wp\/v2\/product_tag?post=4310"}],"curies":[{"name":"wp","href":"https:\/\/api.w.org\/{rel}","templated":true}]}}

<p>Qual é a função dos estudos gramaticais? Que diferença faz na vida saber se uma palavra é oxítona, paroxítona ou proparoxítona? Qual é a utilidade de decorar toda a conjugação verbal? Para que servem os exercícios de análise sintática?</p>
<p>Se você já se fez algumas dessas perguntas e concluiu que o estudo da gramática não serve para nada, este livro é para você. Nos artigos aqui reunidos, William Campos da Cruz — tradutor, editor e professor de língua portuguesa — responde a todas elas de maneira surpreendente. Para o autor, o estudo da gramática “forja em nós o hábito mental do pensamento ordenado”. Além disso, o estudo da gramática serve, por exemplo, para desenvolver em nós a capacidade de rastrear relações sintáticas: analisamos frases simples para que, no momento oportuno, também sejamos capazes de reordenar frases complexas, em que inversões sintáticas poderiam comprometer ou dificultar o entendimento.</p>
<p>Tudo converge para o texto ajudará você a tirar a gramática da gaveta das inutilidades escolares para colocá-la na estante de desenvolvimento pessoal. Mesmo que você não pretenda fazer uma prova de vestibular ou concurso, mesmo que você não pretenda tornar-se professor de português, mesmo que você ache gramática uma chatice, a leitura deste livro fará com que você encontre o lugar da gramática na vida.</p>
