{"id":43,"date":"2023-06-21T11:57:45","date_gmt":"2023-06-21T11:57:45","guid":{"rendered":"https:\/\/acsi.com.br\/lojavirtual\/?post_type=product&#038;p=43"},"modified":"2026-04-23T18:52:43","modified_gmt":"2026-04-23T21:52:43","slug":"principes-princesas-e-principios","status":"publish","type":"product","link":"https:\/\/acsi.com.br\/lojavirtual\/produto\/principes-princesas-e-principios\/","title":{"rendered":"Pr\u00edncipes, Princesas e Princ\u00edpios"},"content":{"rendered":"<p>Imagine um lugar onde os lares s\u00e3o pequenos reinos e as casas pequenos castelos. Esse \u00e9 Rein\u00f3polis, local onde ocorrem essas narrativas. L\u00e1, todos os reinos se d\u00e3o muito bem, quer dizer, a n\u00e3o ser quando acontecem uns pequenos conflitos naturais entre os seres humanos. Na verdade, todos se esfor\u00e7am para tornar Rein\u00f3polis um lugar bem agrad\u00e1vel para se viver. A obra relata algumas hist\u00f3rias vividas por pr\u00edncipes e princesas de Rein\u00f3polis. Alguns s\u00e3o um verdadeiro exemplo; j\u00e1, outros, necessitam melhorar um pouquinho suas atitudes. Mas, no fundo, tudo boa gente! Voc\u00ea est\u00e1 convidado a extrair dessas hist\u00f3rias princ\u00edpios de valores \u00e9ticos universais, tais como: empatia, solidariedade, inclus\u00e3o, paci\u00eancia, toler\u00e2ncia, sabedoria, criatividade, bondade e outros mais que o leitor identificar.<\/p>\n","protected":false},"excerpt":{"rendered":"<p>Imagine um lugar onde os lares s\u00e3o pequenos reinos e as casas pequenos castelos. Esse \u00e9 Rein\u00f3polis, local onde ocorrem essas narrativas. L\u00e1, todos os reinos se d\u00e3o muito bem, quer dizer, a n\u00e3o ser quando acontecem uns pequenos conflitos naturais entre os seres humanos. Na verdade, todos se esfor\u00e7am para tornar Rein\u00f3polis um lugar bem agrad\u00e1vel para se viver. A obra relata algumas hist\u00f3rias vividas por pr\u00edncipes e princesas de Rein\u00f3polis. Alguns s\u00e3o um verdadeiro exemplo; j\u00e1, outros, necessitam melhorar um pouquinho suas atitudes. Mas, no fundo, tudo boa gente! Voc\u00ea est\u00e1 convidado a extrair dessas hist\u00f3rias princ\u00edpios de valores \u00e9ticos universais, tais como: empatia, solidariedade, inclus\u00e3o, paci\u00eancia, toler\u00e2ncia, sabedoria, criatividade, bondade e outros mais que o leitor identificar.<\/p>\n","protected":false},"featured_media":743,"comment_status":"closed","ping_status":"closed","template":"","meta":[],"product_brand":[],"product_cat":[18],"product_tag":[139,152],"class_list":{"0":"post-43","1":"product","2":"type-product","3":"status-publish","4":"has-post-thumbnail","6":"product_cat-debs-editora","7":"product_tag-ate-5o-ano","8":"product_tag-fund-1","10":"first","11":"instock","12":"shipping-taxable","13":"purchasable","14":"product-type-simple"},"_links":{"self":[{"href":"https:\/\/acsi.com.br\/lojavirtual\/wp-json\/wp\/v2\/product\/43","targetHints":{"allow":["GET"]}}],"collection":[{"href":"https:\/\/acsi.com.br\/lojavirtual\/wp-json\/wp\/v2\/product"}],"about":[{"href":"https:\/\/acsi.com.br\/lojavirtual\/wp-json\/wp\/v2\/types\/product"}],"replies":[{"embeddable":true,"href":"https:\/\/acsi.com.br\/lojavirtual\/wp-json\/wp\/v2\/comments?post=43"}],"version-history":[{"count":3,"href":"https:\/\/acsi.com.br\/lojavirtual\/wp-json\/wp\/v2\/product\/43\/revisions"}],"predecessor-version":[{"id":7217,"href":"https:\/\/acsi.com.br\/lojavirtual\/wp-json\/wp\/v2\/product\/43\/revisions\/7217"}],"wp:featuredmedia":[{"embeddable":true,"href":"https:\/\/acsi.com.br\/lojavirtual\/wp-json\/wp\/v2\/media\/743"}],"wp:attachment":[{"href":"https:\/\/acsi.com.br\/lojavirtual\/wp-json\/wp\/v2\/media?parent=43"}],"wp:term":[{"taxonomy":"product_brand","embeddable":true,"href":"https:\/\/acsi.com.br\/lojavirtual\/wp-json\/wp\/v2\/product_brand?post=43"},{"taxonomy":"product_cat","embeddable":true,"href":"https:\/\/acsi.com.br\/lojavirtual\/wp-json\/wp\/v2\/product_cat?post=43"},{"taxonomy":"product_tag","embeddable":true,"href":"https:\/\/acsi.com.br\/lojavirtual\/wp-json\/wp\/v2\/product_tag?post=43"}],"curies":[{"name":"wp","href":"https:\/\/api.w.org\/{rel}","templated":true}]}}