{"id":424,"date":"2023-08-04T20:42:16","date_gmt":"2023-08-04T20:42:16","guid":{"rendered":"https:\/\/acsi.com.br\/lojavirtual\/?post_type=product&#038;p=424"},"modified":"2026-05-04T06:07:15","modified_gmt":"2026-05-04T09:07:15","slug":"proverios-em-fabulas","status":"publish","type":"product","link":"https:\/\/acsi.com.br\/lojavirtual\/produto\/proverios-em-fabulas\/","title":{"rendered":"Prov\u00e9rbios em F\u00e1bulas"},"content":{"rendered":"<p>Quem de n\u00f3s n\u00e3o se lembra de uma boa e divertida f\u00e1bula nos contada na inf\u00e2ncia? Quem poderia se esquecer das f\u00e1bulas que deram asas \u00e0 imagina\u00e7\u00e3o e marcaram profundamente os animados tempos da inf\u00e2ncia? Em Prov\u00e9rbios em f\u00e1bulas voc\u00ea vai encontrar, na simplicidade de cada hist\u00f3ria, a aplica\u00e7\u00e3o profunda de conceitos b\u00edblicos para a vida da crian\u00e7a.<\/p>\n<p>Com hist\u00f3rias criadas com base em prov\u00e9rbios b\u00edblicos e adaptadas ao imagin\u00e1rio infantil, Paulo Debs ensina, de forma divertida, preciosas li\u00e7\u00f5es sobre obedi\u00eancia, honestidade, gratid\u00e3o e outras tantas. Haver\u00e1 maneira mais divertida de aprender e ensinar os princ\u00edpios da Palavra de Deus aos pequeninos?<\/p>\n","protected":false},"excerpt":{"rendered":"<p>Quem de n\u00f3s n\u00e3o se lembra de uma boa e divertida f\u00e1bula nos contada na inf\u00e2ncia? Quem poderia se esquecer das f\u00e1bulas que deram asas \u00e0 imagina\u00e7\u00e3o e marcaram profundamente os animados tempos da inf\u00e2ncia? Em Prov\u00e9rbios em f\u00e1bulas voc\u00ea vai encontrar, na simplicidade de cada hist\u00f3ria, a aplica\u00e7\u00e3o profunda de conceitos b\u00edblicos para a vida da crian\u00e7a.<\/p>\n<p>Com hist\u00f3rias criadas com base em prov\u00e9rbios b\u00edblicos e adaptadas ao imagin\u00e1rio infantil, Paulo Debs ensina, de forma divertida, preciosas li\u00e7\u00f5es sobre obedi\u00eancia, honestidade, gratid\u00e3o e outras tantas. Haver\u00e1 maneira mais divertida de aprender e ensinar os princ\u00edpios da Palavra de Deus aos pequeninos?<\/p>\n","protected":false},"featured_media":425,"comment_status":"closed","ping_status":"closed","template":"","meta":[],"product_brand":[],"product_cat":[27],"product_tag":[137,152],"class_list":{"0":"post-424","1":"product","2":"type-product","3":"status-publish","4":"has-post-thumbnail","6":"product_cat-editora-vida","7":"product_tag-ate-3o-ano","8":"product_tag-fund-1","10":"first","11":"instock","12":"shipping-taxable","13":"purchasable","14":"product-type-simple"},"_links":{"self":[{"href":"https:\/\/acsi.com.br\/lojavirtual\/wp-json\/wp\/v2\/product\/424","targetHints":{"allow":["GET"]}}],"collection":[{"href":"https:\/\/acsi.com.br\/lojavirtual\/wp-json\/wp\/v2\/product"}],"about":[{"href":"https:\/\/acsi.com.br\/lojavirtual\/wp-json\/wp\/v2\/types\/product"}],"replies":[{"embeddable":true,"href":"https:\/\/acsi.com.br\/lojavirtual\/wp-json\/wp\/v2\/comments?post=424"}],"version-history":[{"count":3,"href":"https:\/\/acsi.com.br\/lojavirtual\/wp-json\/wp\/v2\/product\/424\/revisions"}],"predecessor-version":[{"id":3159,"href":"https:\/\/acsi.com.br\/lojavirtual\/wp-json\/wp\/v2\/product\/424\/revisions\/3159"}],"wp:featuredmedia":[{"embeddable":true,"href":"https:\/\/acsi.com.br\/lojavirtual\/wp-json\/wp\/v2\/media\/425"}],"wp:attachment":[{"href":"https:\/\/acsi.com.br\/lojavirtual\/wp-json\/wp\/v2\/media?parent=424"}],"wp:term":[{"taxonomy":"product_brand","embeddable":true,"href":"https:\/\/acsi.com.br\/lojavirtual\/wp-json\/wp\/v2\/product_brand?post=424"},{"taxonomy":"product_cat","embeddable":true,"href":"https:\/\/acsi.com.br\/lojavirtual\/wp-json\/wp\/v2\/product_cat?post=424"},{"taxonomy":"product_tag","embeddable":true,"href":"https:\/\/acsi.com.br\/lojavirtual\/wp-json\/wp\/v2\/product_tag?post=424"}],"curies":[{"name":"wp","href":"https:\/\/api.w.org\/{rel}","templated":true}]}}