{"id":400,"date":"2023-08-04T20:13:56","date_gmt":"2023-08-04T20:13:56","guid":{"rendered":"https:\/\/acsi.com.br\/lojavirtual\/?post_type=product&#038;p=400"},"modified":"2026-04-16T20:59:08","modified_gmt":"2026-04-16T23:59:08","slug":"devocional-60-dias-com-as-series","status":"publish","type":"product","link":"https:\/\/acsi.com.br\/lojavirtual\/produto\/devocional-60-dias-com-as-series\/","title":{"rendered":"Devocional 60 Dias No Mundo das S\u00e9ries"},"content":{"rendered":"<p>Desde a d\u00e9cada de 50 as s\u00e9ries influenciaram e continuam a influenciar gera\u00e7\u00f5es de \u00e1vidos f\u00e3s. Tanto que \u00e9 dif\u00edcil descrever a sensa\u00e7\u00e3o de esperar o cap\u00edtulo da semana seguinte, ou ainda do servi\u00e7o de streaming entregar a nova temporada. Para al\u00e9m do roteiro elaborado, personagens envolventes ou uma boa fotografia, as s\u00e9ries retratam a sua \u00e9poca e cultura. Por isso, \u00e9 poss\u00edvel extrair muitas li\u00e7\u00f5es importantes, \u00e0 luz da B\u00edblia, para aprender a rela\u00e7\u00e3o destes fen\u00f4menos da cultura pop com os valores eternos em 60 devocionais exclusivas! Os textos relacionam aspectos teol\u00f3gicos e pr\u00e1ticos com algumas das principais s\u00e9ries cl\u00e1ssicas e contempor\u00e2neas j\u00e1 realizadas.<\/p>\n","protected":false},"excerpt":{"rendered":"<p>Desde a d\u00e9cada de 50 as s\u00e9ries influenciaram e continuam a influenciar gera\u00e7\u00f5es de \u00e1vidos f\u00e3s. Tanto que \u00e9 dif\u00edcil descrever a sensa\u00e7\u00e3o de esperar o cap\u00edtulo da semana seguinte, ou ainda do servi\u00e7o de streaming entregar a nova temporada. Para al\u00e9m do roteiro elaborado, personagens envolventes ou uma boa fotografia, as s\u00e9ries retratam a sua \u00e9poca e cultura. Por isso, \u00e9 poss\u00edvel extrair muitas li\u00e7\u00f5es importantes, \u00e0 luz da B\u00edblia, para aprender a rela\u00e7\u00e3o destes fen\u00f4menos da cultura pop com os valores eternos em 60 devocionais exclusivas! Os textos relacionam aspectos teol\u00f3gicos e pr\u00e1ticos com algumas das principais s\u00e9ries cl\u00e1ssicas e contempor\u00e2neas j\u00e1 realizadas.<\/p>\n<p>&nbsp;<\/p>\n","protected":false},"featured_media":404,"comment_status":"closed","ping_status":"closed","template":"","meta":[],"product_brand":[],"product_cat":[26],"product_tag":[142,140,141],"class_list":{"0":"post-400","1":"product","2":"type-product","3":"status-publish","4":"has-post-thumbnail","6":"product_cat-lion-editora","7":"product_tag-ensino-medio","8":"product_tag-fund-2","9":"product_tag-fund-2-e-medio","11":"first","12":"instock","13":"shipping-taxable","14":"purchasable","15":"product-type-simple"},"_links":{"self":[{"href":"https:\/\/acsi.com.br\/lojavirtual\/wp-json\/wp\/v2\/product\/400","targetHints":{"allow":["GET"]}}],"collection":[{"href":"https:\/\/acsi.com.br\/lojavirtual\/wp-json\/wp\/v2\/product"}],"about":[{"href":"https:\/\/acsi.com.br\/lojavirtual\/wp-json\/wp\/v2\/types\/product"}],"replies":[{"embeddable":true,"href":"https:\/\/acsi.com.br\/lojavirtual\/wp-json\/wp\/v2\/comments?post=400"}],"version-history":[{"count":2,"href":"https:\/\/acsi.com.br\/lojavirtual\/wp-json\/wp\/v2\/product\/400\/revisions"}],"predecessor-version":[{"id":3378,"href":"https:\/\/acsi.com.br\/lojavirtual\/wp-json\/wp\/v2\/product\/400\/revisions\/3378"}],"wp:featuredmedia":[{"embeddable":true,"href":"https:\/\/acsi.com.br\/lojavirtual\/wp-json\/wp\/v2\/media\/404"}],"wp:attachment":[{"href":"https:\/\/acsi.com.br\/lojavirtual\/wp-json\/wp\/v2\/media?parent=400"}],"wp:term":[{"taxonomy":"product_brand","embeddable":true,"href":"https:\/\/acsi.com.br\/lojavirtual\/wp-json\/wp\/v2\/product_brand?post=400"},{"taxonomy":"product_cat","embeddable":true,"href":"https:\/\/acsi.com.br\/lojavirtual\/wp-json\/wp\/v2\/product_cat?post=400"},{"taxonomy":"product_tag","embeddable":true,"href":"https:\/\/acsi.com.br\/lojavirtual\/wp-json\/wp\/v2\/product_tag?post=400"}],"curies":[{"name":"wp","href":"https:\/\/api.w.org\/{rel}","templated":true}]}}