{"id":378,"date":"2023-08-04T19:59:08","date_gmt":"2023-08-04T19:59:08","guid":{"rendered":"https:\/\/acsi.com.br\/lojavirtual\/?post_type=product&#038;p=378"},"modified":"2026-05-04T06:07:16","modified_gmt":"2026-05-04T09:07:16","slug":"tudo-depende-de-como-se-ve","status":"publish","type":"product","link":"https:\/\/acsi.com.br\/lojavirtual\/produto\/tudo-depende-de-como-se-ve\/","title":{"rendered":"Tudo depende de como se v\u00ea"},"content":{"rendered":"<p>Por meio de rimas, Jessinha e Lipe convidam as crian\u00e7as a olharem os alimentos de outra forma: atrav\u00e9s de receitas inusitadas, os personagens descobrem diversas maneiras de provar os mesmos alimentos, aumentando a familiaridade com eles e a curiosidade em experiment\u00e1-los. Afinal, quem n\u00e3o conhece uma crian\u00e7a que n\u00e3o gosta de algo sem nem ao menos t\u00ea-lo provado? Aqui voc\u00ea encontrar\u00e1 um instrumento de ensino sobre alimentos t\u00edpicos do Sul do Brasil, al\u00e9m de receitas pr\u00e1ticas e deliciosas que mostram como pode ser divertido e f\u00e1cil se alimentar bem.<\/p>\n","protected":false},"excerpt":{"rendered":"<p>Por meio de rimas, Jessinha e Lipe convidam as crian\u00e7as a olharem os alimentos de outra forma: atrav\u00e9s de receitas inusitadas, os personagens descobrem diversas maneiras de provar os mesmos alimentos, aumentando a familiaridade com eles e a curiosidade em experiment\u00e1-los. Afinal, quem n\u00e3o conhece uma crian\u00e7a que n\u00e3o gosta de algo sem nem ao menos t\u00ea-lo provado? Aqui voc\u00ea encontrar\u00e1 um instrumento de ensino sobre alimentos t\u00edpicos do Sul do Brasil, al\u00e9m de receitas pr\u00e1ticas e deliciosas que mostram como pode ser divertido e f\u00e1cil se alimentar bem.<\/p>\n","protected":false},"featured_media":379,"comment_status":"closed","ping_status":"closed","template":"","meta":[],"product_brand":[],"product_cat":[23],"product_tag":[134,152],"class_list":{"0":"post-378","1":"product","2":"type-product","3":"status-publish","4":"has-post-thumbnail","6":"product_cat-diversao-em-letras","7":"product_tag-ate-1o-ano","8":"product_tag-fund-1","10":"first","11":"instock","12":"shipping-taxable","13":"purchasable","14":"product-type-simple"},"_links":{"self":[{"href":"https:\/\/acsi.com.br\/lojavirtual\/wp-json\/wp\/v2\/product\/378","targetHints":{"allow":["GET"]}}],"collection":[{"href":"https:\/\/acsi.com.br\/lojavirtual\/wp-json\/wp\/v2\/product"}],"about":[{"href":"https:\/\/acsi.com.br\/lojavirtual\/wp-json\/wp\/v2\/types\/product"}],"replies":[{"embeddable":true,"href":"https:\/\/acsi.com.br\/lojavirtual\/wp-json\/wp\/v2\/comments?post=378"}],"version-history":[{"count":1,"href":"https:\/\/acsi.com.br\/lojavirtual\/wp-json\/wp\/v2\/product\/378\/revisions"}],"predecessor-version":[{"id":380,"href":"https:\/\/acsi.com.br\/lojavirtual\/wp-json\/wp\/v2\/product\/378\/revisions\/380"}],"wp:featuredmedia":[{"embeddable":true,"href":"https:\/\/acsi.com.br\/lojavirtual\/wp-json\/wp\/v2\/media\/379"}],"wp:attachment":[{"href":"https:\/\/acsi.com.br\/lojavirtual\/wp-json\/wp\/v2\/media?parent=378"}],"wp:term":[{"taxonomy":"product_brand","embeddable":true,"href":"https:\/\/acsi.com.br\/lojavirtual\/wp-json\/wp\/v2\/product_brand?post=378"},{"taxonomy":"product_cat","embeddable":true,"href":"https:\/\/acsi.com.br\/lojavirtual\/wp-json\/wp\/v2\/product_cat?post=378"},{"taxonomy":"product_tag","embeddable":true,"href":"https:\/\/acsi.com.br\/lojavirtual\/wp-json\/wp\/v2\/product_tag?post=378"}],"curies":[{"name":"wp","href":"https:\/\/api.w.org\/{rel}","templated":true}]}}