{"id":3675,"date":"2024-11-14T15:18:23","date_gmt":"2024-11-14T18:18:23","guid":{"rendered":"https:\/\/acsi.com.br\/lojavirtual\/?post_type=product&#038;p=3675"},"modified":"2026-04-16T20:57:30","modified_gmt":"2026-04-16T23:57:30","slug":"alguem-salve-o-tulio","status":"publish","type":"product","link":"https:\/\/acsi.com.br\/lojavirtual\/produto\/alguem-salve-o-tulio\/","title":{"rendered":"Algu\u00e9m Salve o T\u00falio"},"content":{"rendered":"<p>T\u00falio est\u00e1 na igreja quando sente uma vontade urgente de ir ao banheiro. Apertado, ele corre para o banheiro da sala do pastor, mas acaba preso l\u00e1. E bem na hora do almo\u00e7o!<\/p>\n<p>Criativo como \u00e9, T\u00falio bola alguns planos para se libertar, mas todos s\u00e3o frustrados.<\/p>\n<p>Uma frase em um quadro pode ser sua salva\u00e7\u00e3o.<\/p>\n","protected":false},"excerpt":{"rendered":"<p>T\u00falio est\u00e1 na igreja quando sente uma vontade urgente de ir ao banheiro. Apertado, ele corre para o banheiro da sala do pastor, mas acaba preso l\u00e1. E bem na hora do almo\u00e7o!<\/p>\n<p>Criativo como \u00e9, T\u00falio bola alguns planos para se libertar, mas todos s\u00e3o frustrados.<\/p>\n<p>Uma frase em um quadro pode ser sua salva\u00e7\u00e3o.<\/p>\n","protected":false},"featured_media":3676,"comment_status":"closed","ping_status":"closed","template":"","meta":[],"product_brand":[],"product_cat":[235],"product_tag":[184],"class_list":{"0":"post-3675","1":"product","2":"type-product","3":"status-publish","4":"has-post-thumbnail","6":"product_cat-gadel-editora","7":"product_tag-3o-e-4o-ano","9":"first","10":"instock","11":"featured","12":"shipping-taxable","13":"purchasable","14":"product-type-simple"},"_links":{"self":[{"href":"https:\/\/acsi.com.br\/lojavirtual\/wp-json\/wp\/v2\/product\/3675","targetHints":{"allow":["GET"]}}],"collection":[{"href":"https:\/\/acsi.com.br\/lojavirtual\/wp-json\/wp\/v2\/product"}],"about":[{"href":"https:\/\/acsi.com.br\/lojavirtual\/wp-json\/wp\/v2\/types\/product"}],"replies":[{"embeddable":true,"href":"https:\/\/acsi.com.br\/lojavirtual\/wp-json\/wp\/v2\/comments?post=3675"}],"version-history":[{"count":1,"href":"https:\/\/acsi.com.br\/lojavirtual\/wp-json\/wp\/v2\/product\/3675\/revisions"}],"predecessor-version":[{"id":3677,"href":"https:\/\/acsi.com.br\/lojavirtual\/wp-json\/wp\/v2\/product\/3675\/revisions\/3677"}],"wp:featuredmedia":[{"embeddable":true,"href":"https:\/\/acsi.com.br\/lojavirtual\/wp-json\/wp\/v2\/media\/3676"}],"wp:attachment":[{"href":"https:\/\/acsi.com.br\/lojavirtual\/wp-json\/wp\/v2\/media?parent=3675"}],"wp:term":[{"taxonomy":"product_brand","embeddable":true,"href":"https:\/\/acsi.com.br\/lojavirtual\/wp-json\/wp\/v2\/product_brand?post=3675"},{"taxonomy":"product_cat","embeddable":true,"href":"https:\/\/acsi.com.br\/lojavirtual\/wp-json\/wp\/v2\/product_cat?post=3675"},{"taxonomy":"product_tag","embeddable":true,"href":"https:\/\/acsi.com.br\/lojavirtual\/wp-json\/wp\/v2\/product_tag?post=3675"}],"curies":[{"name":"wp","href":"https:\/\/api.w.org\/{rel}","templated":true}]}}