{"id":3668,"date":"2024-11-14T12:10:40","date_gmt":"2024-11-14T15:10:40","guid":{"rendered":"https:\/\/acsi.com.br\/lojavirtual\/?post_type=product&#038;p=3668"},"modified":"2025-11-18T10:21:59","modified_gmt":"2025-11-18T13:21:59","slug":"o-lugar-mais-alto-da-arvore","status":"publish","type":"product","link":"https:\/\/acsi.com.br\/lojavirtual\/produto\/o-lugar-mais-alto-da-arvore\/","title":{"rendered":"O Lugar mais alto da \u00c1rvore"},"content":{"rendered":"<p>Duas iguanas, Peu e Tina, sonhavam em ocupar o lugar mais alto da \u00e1rvore em que viviam. Mas aquele espa\u00e7o s\u00f3 poderia ter um dono. Acompanhe as iguanas nessa linda aventura repleta de aprendizado e surpresas e descubra qual delas conseguir\u00e1 realizar seu grande sonho.<\/p>\n","protected":false},"excerpt":{"rendered":"<p>Duas iguanas, Peu e Tina, sonhavam em ocupar o lugar mais alto da \u00e1rvore em que viviam. Mas aquele espa\u00e7o s\u00f3 poderia ter um dono. Acompanhe as iguanas nessa linda aventura repleta de aprendizado e surpresas e descubra qual delas conseguir\u00e1 realizar seu grande sonho.<\/p>\n","protected":false},"featured_media":3651,"comment_status":"open","ping_status":"closed","template":"","meta":[],"product_brand":[],"product_cat":[236],"product_tag":[225],"class_list":{"0":"post-3668","1":"product","2":"type-product","3":"status-publish","4":"has-post-thumbnail","6":"product_cat-ases-da-literatura","7":"product_tag-ed-infantil-e-1o-ano","9":"first","10":"instock","11":"featured","12":"shipping-taxable","13":"purchasable","14":"product-type-simple"},"_links":{"self":[{"href":"https:\/\/acsi.com.br\/lojavirtual\/wp-json\/wp\/v2\/product\/3668","targetHints":{"allow":["GET"]}}],"collection":[{"href":"https:\/\/acsi.com.br\/lojavirtual\/wp-json\/wp\/v2\/product"}],"about":[{"href":"https:\/\/acsi.com.br\/lojavirtual\/wp-json\/wp\/v2\/types\/product"}],"replies":[{"embeddable":true,"href":"https:\/\/acsi.com.br\/lojavirtual\/wp-json\/wp\/v2\/comments?post=3668"}],"version-history":[{"count":1,"href":"https:\/\/acsi.com.br\/lojavirtual\/wp-json\/wp\/v2\/product\/3668\/revisions"}],"predecessor-version":[{"id":3669,"href":"https:\/\/acsi.com.br\/lojavirtual\/wp-json\/wp\/v2\/product\/3668\/revisions\/3669"}],"wp:featuredmedia":[{"embeddable":true,"href":"https:\/\/acsi.com.br\/lojavirtual\/wp-json\/wp\/v2\/media\/3651"}],"wp:attachment":[{"href":"https:\/\/acsi.com.br\/lojavirtual\/wp-json\/wp\/v2\/media?parent=3668"}],"wp:term":[{"taxonomy":"product_brand","embeddable":true,"href":"https:\/\/acsi.com.br\/lojavirtual\/wp-json\/wp\/v2\/product_brand?post=3668"},{"taxonomy":"product_cat","embeddable":true,"href":"https:\/\/acsi.com.br\/lojavirtual\/wp-json\/wp\/v2\/product_cat?post=3668"},{"taxonomy":"product_tag","embeddable":true,"href":"https:\/\/acsi.com.br\/lojavirtual\/wp-json\/wp\/v2\/product_tag?post=3668"}],"curies":[{"name":"wp","href":"https:\/\/api.w.org\/{rel}","templated":true}]}}