{"id":3663,"date":"2024-11-14T12:07:48","date_gmt":"2024-11-14T15:07:48","guid":{"rendered":"https:\/\/acsi.com.br\/lojavirtual\/?post_type=product&#038;p=3663"},"modified":"2026-02-20T21:20:39","modified_gmt":"2026-02-21T00:20:39","slug":"a-sementinha-surpresa","status":"publish","type":"product","link":"https:\/\/acsi.com.br\/lojavirtual\/produto\/a-sementinha-surpresa\/","title":{"rendered":"A Sementinha Surpresa"},"content":{"rendered":"<p>No s\u00edtio da fam\u00edlia Oliva cada um tem a sua fun\u00e7\u00e3o. Orelha, uma coelhinha sapeca, \u00e9 respons\u00e1vel pela horta. Certo dia, ela recebe uma semente desconhecida. O que ser\u00e1 que vai brotar? Ser\u00e1 que vale a pena esperar?<\/p>\n","protected":false},"excerpt":{"rendered":"<p>No s\u00edtio da fam\u00edlia Oliva cada um tem a sua fun\u00e7\u00e3o. Orelha, uma coelhinha sapeca, \u00e9 respons\u00e1vel pela horta. Certo dia, ela recebe uma semente desconhecida. O que ser\u00e1 que vai brotar? Ser\u00e1 que vale a pena esperar?<\/p>\n","protected":false},"featured_media":3655,"comment_status":"open","ping_status":"closed","template":"","meta":[],"product_brand":[],"product_cat":[236],"product_tag":[225],"class_list":{"0":"post-3663","1":"product","2":"type-product","3":"status-publish","4":"has-post-thumbnail","6":"product_cat-ases-da-literatura","7":"product_tag-ed-infantil-e-1o-ano","9":"first","10":"outofstock","11":"featured","12":"shipping-taxable","13":"purchasable","14":"product-type-simple"},"_links":{"self":[{"href":"https:\/\/acsi.com.br\/lojavirtual\/wp-json\/wp\/v2\/product\/3663","targetHints":{"allow":["GET"]}}],"collection":[{"href":"https:\/\/acsi.com.br\/lojavirtual\/wp-json\/wp\/v2\/product"}],"about":[{"href":"https:\/\/acsi.com.br\/lojavirtual\/wp-json\/wp\/v2\/types\/product"}],"replies":[{"embeddable":true,"href":"https:\/\/acsi.com.br\/lojavirtual\/wp-json\/wp\/v2\/comments?post=3663"}],"version-history":[{"count":1,"href":"https:\/\/acsi.com.br\/lojavirtual\/wp-json\/wp\/v2\/product\/3663\/revisions"}],"predecessor-version":[{"id":3664,"href":"https:\/\/acsi.com.br\/lojavirtual\/wp-json\/wp\/v2\/product\/3663\/revisions\/3664"}],"wp:featuredmedia":[{"embeddable":true,"href":"https:\/\/acsi.com.br\/lojavirtual\/wp-json\/wp\/v2\/media\/3655"}],"wp:attachment":[{"href":"https:\/\/acsi.com.br\/lojavirtual\/wp-json\/wp\/v2\/media?parent=3663"}],"wp:term":[{"taxonomy":"product_brand","embeddable":true,"href":"https:\/\/acsi.com.br\/lojavirtual\/wp-json\/wp\/v2\/product_brand?post=3663"},{"taxonomy":"product_cat","embeddable":true,"href":"https:\/\/acsi.com.br\/lojavirtual\/wp-json\/wp\/v2\/product_cat?post=3663"},{"taxonomy":"product_tag","embeddable":true,"href":"https:\/\/acsi.com.br\/lojavirtual\/wp-json\/wp\/v2\/product_tag?post=3663"}],"curies":[{"name":"wp","href":"https:\/\/api.w.org\/{rel}","templated":true}]}}