{"id":3641,"date":"2024-11-14T11:38:51","date_gmt":"2024-11-14T14:38:51","guid":{"rendered":"https:\/\/acsi.com.br\/lojavirtual\/?post_type=product&#038;p=3641"},"modified":"2025-11-11T17:01:39","modified_gmt":"2025-11-11T20:01:39","slug":"o-mundo-de-otavio-biblia-de-estudos-kids","status":"publish","type":"product","link":"https:\/\/acsi.com.br\/lojavirtual\/produto\/o-mundo-de-otavio-biblia-de-estudos-kids\/","title":{"rendered":"O Mundo de Ot\u00e1vio: B\u00edblia de Estudos Kids"},"content":{"rendered":"<p>Divertida, interativa e exclusiva, a B\u00edblia de Estudo Kids \u2013 O Mundo de Ot\u00e1vio \u00e9 a primeira B\u00edblia de Estudo para crian\u00e7as com texto b\u00edblico completo em LETRAS MAI\u00daSCULAS, a fim de facilitar a identifica\u00e7\u00e3o das palavras, principalmente por crian\u00e7as em fase de alfabetiza\u00e7\u00e3o. Agora em nova capa dura pl\u00e1stica, muito mais resistente e que brilha no escuro! Novos Recursos: Leia a B\u00edblia &#8211; 365 estudos Kids com QR Codes e Palavras de Jesus impressas em vermelho.<\/p>\n","protected":false},"excerpt":{"rendered":"<p>Divertida, interativa e exclusiva, a B\u00edblia de Estudo Kids \u2013 O Mundo de Ot\u00e1vio \u00e9 a primeira B\u00edblia de Estudo para crian\u00e7as com texto b\u00edblico completo em LETRAS MAI\u00daSCULAS, a fim de facilitar a identifica\u00e7\u00e3o das palavras, principalmente por crian\u00e7as em fase de alfabetiza\u00e7\u00e3o. Agora em nova capa dura pl\u00e1stica, muito mais resistente e que brilha no escuro! Novos Recursos: Leia a B\u00edblia &#8211; 365 estudos Kids com QR Codes e Palavras de Jesus impressas em vermelho.<\/p>\n","protected":false},"featured_media":3643,"comment_status":"open","ping_status":"closed","template":"","meta":[],"product_brand":[],"product_cat":[238],"product_tag":[243],"class_list":{"0":"post-3641","1":"product","2":"type-product","3":"status-publish","4":"has-post-thumbnail","6":"product_cat-editora-sociedade-biblica-do-brasil","7":"product_tag-2o-ao-9o-ano","9":"first","10":"instock","11":"featured","12":"shipping-taxable","13":"purchasable","14":"product-type-simple"},"_links":{"self":[{"href":"https:\/\/acsi.com.br\/lojavirtual\/wp-json\/wp\/v2\/product\/3641","targetHints":{"allow":["GET"]}}],"collection":[{"href":"https:\/\/acsi.com.br\/lojavirtual\/wp-json\/wp\/v2\/product"}],"about":[{"href":"https:\/\/acsi.com.br\/lojavirtual\/wp-json\/wp\/v2\/types\/product"}],"replies":[{"embeddable":true,"href":"https:\/\/acsi.com.br\/lojavirtual\/wp-json\/wp\/v2\/comments?post=3641"}],"version-history":[{"count":1,"href":"https:\/\/acsi.com.br\/lojavirtual\/wp-json\/wp\/v2\/product\/3641\/revisions"}],"predecessor-version":[{"id":3644,"href":"https:\/\/acsi.com.br\/lojavirtual\/wp-json\/wp\/v2\/product\/3641\/revisions\/3644"}],"wp:featuredmedia":[{"embeddable":true,"href":"https:\/\/acsi.com.br\/lojavirtual\/wp-json\/wp\/v2\/media\/3643"}],"wp:attachment":[{"href":"https:\/\/acsi.com.br\/lojavirtual\/wp-json\/wp\/v2\/media?parent=3641"}],"wp:term":[{"taxonomy":"product_brand","embeddable":true,"href":"https:\/\/acsi.com.br\/lojavirtual\/wp-json\/wp\/v2\/product_brand?post=3641"},{"taxonomy":"product_cat","embeddable":true,"href":"https:\/\/acsi.com.br\/lojavirtual\/wp-json\/wp\/v2\/product_cat?post=3641"},{"taxonomy":"product_tag","embeddable":true,"href":"https:\/\/acsi.com.br\/lojavirtual\/wp-json\/wp\/v2\/product_tag?post=3641"}],"curies":[{"name":"wp","href":"https:\/\/api.w.org\/{rel}","templated":true}]}}