{"id":3616,"date":"2024-11-07T19:36:57","date_gmt":"2024-11-07T22:36:57","guid":{"rendered":"https:\/\/acsi.com.br\/lojavirtual\/?post_type=product&#038;p=3616"},"modified":"2026-03-19T19:16:51","modified_gmt":"2026-03-19T22:16:51","slug":"a-grande-revelacao","status":"publish","type":"product","link":"https:\/\/acsi.com.br\/lojavirtual\/produto\/a-grande-revelacao\/","title":{"rendered":"A Grande Revela\u00e7\u00e3o"},"content":{"rendered":"<p>Nesta trama instigante, cheia de adrenalina, surpresas, reviravoltas e reflex\u00f5es importantes para a vida de todo aquele que procura agir de acordo com a vontade de Deus. O mission\u00e1rio Gael faz uma revela\u00e7\u00e3o de cair o queixo, enquanto ajuda o jovem disc\u00edpulo Ben\u00edcio a superar problemas com a pr\u00f3pria f\u00e9 e a compreender melhor os prop\u00f3sitos de Deus para sua vida. Enquanto isso, sem que eles percebam, um homem misterioso e amea\u00e7ador espreita nas sombras, caminhando para um desfecho que emociona e toca profundamente o cora\u00e7\u00e3o.<\/p>\n","protected":false},"excerpt":{"rendered":"<p>Nesta trama instigante, cheia de adrenalina, surpresas, reviravoltas e reflex\u00f5es importantes para a vida de todo aquele que procura agir de acordo com a vontade de Deus. O mission\u00e1rio Gael faz uma revela\u00e7\u00e3o de cair o queixo, enquanto ajuda o jovem disc\u00edpulo Ben\u00edcio a superar problemas com a pr\u00f3pria f\u00e9 e a compreender melhor os prop\u00f3sitos de Deus para sua vida. Enquanto isso, sem que eles percebam, um homem misterioso e amea\u00e7ador espreita nas sombras, caminhando para um desfecho que emociona e toca profundamente o cora\u00e7\u00e3o.<\/p>\n","protected":false},"featured_media":3617,"comment_status":"open","ping_status":"closed","template":"","meta":[],"product_brand":[],"product_cat":[37],"product_tag":[141],"class_list":{"0":"post-3616","1":"product","2":"type-product","3":"status-publish","4":"has-post-thumbnail","6":"product_cat-godbooks","7":"product_tag-fund-2-e-medio","9":"first","10":"instock","11":"shipping-taxable","12":"purchasable","13":"product-type-simple"},"_links":{"self":[{"href":"https:\/\/acsi.com.br\/lojavirtual\/wp-json\/wp\/v2\/product\/3616","targetHints":{"allow":["GET"]}}],"collection":[{"href":"https:\/\/acsi.com.br\/lojavirtual\/wp-json\/wp\/v2\/product"}],"about":[{"href":"https:\/\/acsi.com.br\/lojavirtual\/wp-json\/wp\/v2\/types\/product"}],"replies":[{"embeddable":true,"href":"https:\/\/acsi.com.br\/lojavirtual\/wp-json\/wp\/v2\/comments?post=3616"}],"version-history":[{"count":1,"href":"https:\/\/acsi.com.br\/lojavirtual\/wp-json\/wp\/v2\/product\/3616\/revisions"}],"predecessor-version":[{"id":3618,"href":"https:\/\/acsi.com.br\/lojavirtual\/wp-json\/wp\/v2\/product\/3616\/revisions\/3618"}],"wp:featuredmedia":[{"embeddable":true,"href":"https:\/\/acsi.com.br\/lojavirtual\/wp-json\/wp\/v2\/media\/3617"}],"wp:attachment":[{"href":"https:\/\/acsi.com.br\/lojavirtual\/wp-json\/wp\/v2\/media?parent=3616"}],"wp:term":[{"taxonomy":"product_brand","embeddable":true,"href":"https:\/\/acsi.com.br\/lojavirtual\/wp-json\/wp\/v2\/product_brand?post=3616"},{"taxonomy":"product_cat","embeddable":true,"href":"https:\/\/acsi.com.br\/lojavirtual\/wp-json\/wp\/v2\/product_cat?post=3616"},{"taxonomy":"product_tag","embeddable":true,"href":"https:\/\/acsi.com.br\/lojavirtual\/wp-json\/wp\/v2\/product_tag?post=3616"}],"curies":[{"name":"wp","href":"https:\/\/api.w.org\/{rel}","templated":true}]}}