{"id":3572,"date":"2024-11-07T18:40:23","date_gmt":"2024-11-07T21:40:23","guid":{"rendered":"https:\/\/acsi.com.br\/lojavirtual\/?post_type=product&#038;p=3572"},"modified":"2026-04-01T10:36:57","modified_gmt":"2026-04-01T13:36:57","slug":"sera-que-deus-esta-acordado","status":"publish","type":"product","link":"https:\/\/acsi.com.br\/lojavirtual\/produto\/sera-que-deus-esta-acordado\/","title":{"rendered":"Ser\u00e1 que Deus est\u00e1 acordado?"},"content":{"rendered":"<p>Ser\u00e1 que Deus est\u00e1 sempre comigo, ou ele costuma descansar?<br \/>\nSer\u00e1 que quando vou dormir, Deus decide repousar?<\/p>\n<p>Pati quer descobrir se Deus est\u00e1 sempre cuidando dela.<br \/>\nEle a v\u00ea brincando de faz de conta na escola ou derrubando um bolo na cozinha?<br \/>\nEla pode falar com Deus quando est\u00e1 sozinha ou com medo?<\/p>\n","protected":false},"excerpt":{"rendered":"<p>Ser\u00e1 que Deus est\u00e1 sempre comigo, ou ele costuma descansar?<br \/>\nSer\u00e1 que quando vou dormir, Deus decide repousar?<\/p>\n<p>Pati quer descobrir se Deus est\u00e1 sempre cuidando dela.<br \/>\nEle a v\u00ea brincando de faz de conta na escola ou derrubando um bolo na cozinha?<br \/>\nEla pode falar com Deus quando est\u00e1 sozinha ou com medo?<\/p>\n","protected":false},"featured_media":3573,"comment_status":"open","ping_status":"closed","template":"","meta":[],"product_brand":[],"product_cat":[31],"product_tag":[226,213],"class_list":{"0":"post-3572","1":"product","2":"type-product","3":"status-publish","4":"has-post-thumbnail","6":"product_cat-thomas-nelson","7":"product_tag-1o-ao-5o-ano","8":"product_tag-capelania","10":"first","11":"instock","12":"featured","13":"shipping-taxable","14":"purchasable","15":"product-type-simple"},"_links":{"self":[{"href":"https:\/\/acsi.com.br\/lojavirtual\/wp-json\/wp\/v2\/product\/3572","targetHints":{"allow":["GET"]}}],"collection":[{"href":"https:\/\/acsi.com.br\/lojavirtual\/wp-json\/wp\/v2\/product"}],"about":[{"href":"https:\/\/acsi.com.br\/lojavirtual\/wp-json\/wp\/v2\/types\/product"}],"replies":[{"embeddable":true,"href":"https:\/\/acsi.com.br\/lojavirtual\/wp-json\/wp\/v2\/comments?post=3572"}],"version-history":[{"count":1,"href":"https:\/\/acsi.com.br\/lojavirtual\/wp-json\/wp\/v2\/product\/3572\/revisions"}],"predecessor-version":[{"id":3574,"href":"https:\/\/acsi.com.br\/lojavirtual\/wp-json\/wp\/v2\/product\/3572\/revisions\/3574"}],"wp:featuredmedia":[{"embeddable":true,"href":"https:\/\/acsi.com.br\/lojavirtual\/wp-json\/wp\/v2\/media\/3573"}],"wp:attachment":[{"href":"https:\/\/acsi.com.br\/lojavirtual\/wp-json\/wp\/v2\/media?parent=3572"}],"wp:term":[{"taxonomy":"product_brand","embeddable":true,"href":"https:\/\/acsi.com.br\/lojavirtual\/wp-json\/wp\/v2\/product_brand?post=3572"},{"taxonomy":"product_cat","embeddable":true,"href":"https:\/\/acsi.com.br\/lojavirtual\/wp-json\/wp\/v2\/product_cat?post=3572"},{"taxonomy":"product_tag","embeddable":true,"href":"https:\/\/acsi.com.br\/lojavirtual\/wp-json\/wp\/v2\/product_tag?post=3572"}],"curies":[{"name":"wp","href":"https:\/\/api.w.org\/{rel}","templated":true}]}}