{"id":3554,"date":"2024-11-07T18:03:29","date_gmt":"2024-11-07T21:03:29","guid":{"rendered":"https:\/\/acsi.com.br\/lojavirtual\/?post_type=product&#038;p=3554"},"modified":"2026-03-30T10:47:56","modified_gmt":"2026-03-30T13:47:56","slug":"corajosas-2-o-conto-das-princesas-nada-encantadas","status":"publish","type":"product","link":"https:\/\/acsi.com.br\/lojavirtual\/produto\/corajosas-2-o-conto-das-princesas-nada-encantadas\/","title":{"rendered":"Corajosas 2: O conto das Princesas nada encantadas"},"content":{"rendered":"<p>A hist\u00f3ria da Bela Adormecida, que agora se chama Aurora. A Mulan, que est\u00e1 em busca do seu prop\u00f3sito de vida. A Pequena Sereia Ariela desistiu da carreira como nadadora profissional e sonha em cursar Biologia Marinha. Rapunzel \u00e9 apresentada como uma garota que anseia pelo momento em que poder\u00e1 fazer todas as coisas registradas em seu caderninho. Prepare-se para encontrar princesas do mundo real e mensagens de esperan\u00e7a, escritas por autoras brasileiras.<\/p>\n","protected":false},"excerpt":{"rendered":"<p>A hist\u00f3ria da Bela Adormecida, que agora se chama Aurora. A Mulan, que est\u00e1 em busca do seu prop\u00f3sito de vida. A Pequena Sereia Ariela desistiu da carreira como nadadora profissional e sonha em cursar Biologia Marinha. Rapunzel \u00e9 apresentada como uma garota que anseia pelo momento em que poder\u00e1 fazer todas as coisas registradas em seu caderninho. Prepare-se para encontrar princesas do mundo real e mensagens de esperan\u00e7a, escritas por autoras brasileiras.<\/p>\n","protected":false},"featured_media":3555,"comment_status":"open","ping_status":"closed","template":"","meta":[],"product_brand":[],"product_cat":[30],"product_tag":[159],"class_list":{"0":"post-3554","1":"product","2":"type-product","3":"status-publish","4":"has-post-thumbnail","6":"product_cat-mundo-cristao","7":"product_tag-7o-ano-ao-ensino-medio","9":"first","10":"instock","11":"featured","12":"shipping-taxable","13":"purchasable","14":"product-type-simple"},"_links":{"self":[{"href":"https:\/\/acsi.com.br\/lojavirtual\/wp-json\/wp\/v2\/product\/3554","targetHints":{"allow":["GET"]}}],"collection":[{"href":"https:\/\/acsi.com.br\/lojavirtual\/wp-json\/wp\/v2\/product"}],"about":[{"href":"https:\/\/acsi.com.br\/lojavirtual\/wp-json\/wp\/v2\/types\/product"}],"replies":[{"embeddable":true,"href":"https:\/\/acsi.com.br\/lojavirtual\/wp-json\/wp\/v2\/comments?post=3554"}],"version-history":[{"count":1,"href":"https:\/\/acsi.com.br\/lojavirtual\/wp-json\/wp\/v2\/product\/3554\/revisions"}],"predecessor-version":[{"id":3556,"href":"https:\/\/acsi.com.br\/lojavirtual\/wp-json\/wp\/v2\/product\/3554\/revisions\/3556"}],"wp:featuredmedia":[{"embeddable":true,"href":"https:\/\/acsi.com.br\/lojavirtual\/wp-json\/wp\/v2\/media\/3555"}],"wp:attachment":[{"href":"https:\/\/acsi.com.br\/lojavirtual\/wp-json\/wp\/v2\/media?parent=3554"}],"wp:term":[{"taxonomy":"product_brand","embeddable":true,"href":"https:\/\/acsi.com.br\/lojavirtual\/wp-json\/wp\/v2\/product_brand?post=3554"},{"taxonomy":"product_cat","embeddable":true,"href":"https:\/\/acsi.com.br\/lojavirtual\/wp-json\/wp\/v2\/product_cat?post=3554"},{"taxonomy":"product_tag","embeddable":true,"href":"https:\/\/acsi.com.br\/lojavirtual\/wp-json\/wp\/v2\/product_tag?post=3554"}],"curies":[{"name":"wp","href":"https:\/\/api.w.org\/{rel}","templated":true}]}}