{"id":3513,"date":"2024-11-07T16:30:06","date_gmt":"2024-11-07T19:30:06","guid":{"rendered":"https:\/\/acsi.com.br\/lojavirtual\/?post_type=product&#038;p=3513"},"modified":"2026-04-16T20:58:09","modified_gmt":"2026-04-16T23:58:09","slug":"pais-fracos-deus-forte-criando-filhos-na-graca-de-deus","status":"publish","type":"product","link":"https:\/\/acsi.com.br\/lojavirtual\/produto\/pais-fracos-deus-forte-criando-filhos-na-graca-de-deus\/","title":{"rendered":"Pais Fracos, Deus Forte &#8211; Criando filhos na gra\u00e7a de Deus"},"content":{"rendered":"<p>As autoras, m\u00e3e e filha, afirmam que muitas maneiras pelas quais tentamos tornar nossos filhos obedientes s\u00e3o simplesmente uma extens\u00e3o da Lei &#8211; um conjunto de regras que \u00e9 impotente para mudar, muito menos salvar, nossas crian\u00e7as.<br \/>\nRegras n\u00e3o s\u00e3o a resposta. Seu filho precisa de GRA\u00c7A.<br \/>\nDevemos contar-lhes sobre o Deus que d\u00e1 gra\u00e7a e que espontaneamente adota rebeldes e os transforma em filhos amorosos. Se essa n\u00e3o \u00e9 mensagem que est\u00e3o ouvindo, se voc\u00ea est\u00e1 apenas dizendo seja um bom menino, ent\u00e3o o evangelho precisa transformara forma como voc\u00ea cria seus filhos.<\/p>\n<p>Pais Fracos, Deus Forte oferece uma perspectiva transformadora sobre cria\u00e7\u00e3o de filhos. Aprenda a import\u00e2ncia de dar gra\u00e7a ao seu filho e o ajude a conhecer o fascinante amor de Jesus e a responde a obedi\u00eancia sincera.<\/p>\n","protected":false},"excerpt":{"rendered":"<p>As autoras, m\u00e3e e filha, afirmam que muitas maneiras pelas quais tentamos tornar nossos filhos obedientes s\u00e3o simplesmente uma extens\u00e3o da Lei &#8211; um conjunto de regras que \u00e9 impotente para mudar, muito menos salvar, nossas crian\u00e7as.<br \/>\nRegras n\u00e3o s\u00e3o a resposta. Seu filho precisa de GRA\u00c7A.<br \/>\nDevemos contar-lhes sobre o Deus que d\u00e1 gra\u00e7a e que espontaneamente adota rebeldes e os transforma em filhos amorosos. Se essa n\u00e3o \u00e9 mensagem que est\u00e3o ouvindo, se voc\u00ea est\u00e1 apenas dizendo seja um bom menino, ent\u00e3o o evangelho precisa transformara forma como voc\u00ea cria seus filhos.<\/p>\n<p>Pais Fracos, Deus Forte oferece uma perspectiva transformadora sobre cria\u00e7\u00e3o de filhos. Aprenda a import\u00e2ncia de dar gra\u00e7a ao seu filho e o ajude a conhecer o fascinante amor de Jesus e a responde a obedi\u00eancia sincera.<\/p>\n","protected":false},"featured_media":3514,"comment_status":"closed","ping_status":"closed","template":"","meta":[],"product_brand":[],"product_cat":[20,154],"product_tag":[],"class_list":{"0":"post-3513","1":"product","2":"type-product","3":"status-publish","4":"has-post-thumbnail","6":"product_cat-editora-fiel","7":"product_cat-formacao-profissional","9":"first","10":"outofstock","11":"featured","12":"shipping-taxable","13":"purchasable","14":"product-type-simple"},"_links":{"self":[{"href":"https:\/\/acsi.com.br\/lojavirtual\/wp-json\/wp\/v2\/product\/3513","targetHints":{"allow":["GET"]}}],"collection":[{"href":"https:\/\/acsi.com.br\/lojavirtual\/wp-json\/wp\/v2\/product"}],"about":[{"href":"https:\/\/acsi.com.br\/lojavirtual\/wp-json\/wp\/v2\/types\/product"}],"replies":[{"embeddable":true,"href":"https:\/\/acsi.com.br\/lojavirtual\/wp-json\/wp\/v2\/comments?post=3513"}],"version-history":[{"count":2,"href":"https:\/\/acsi.com.br\/lojavirtual\/wp-json\/wp\/v2\/product\/3513\/revisions"}],"predecessor-version":[{"id":3516,"href":"https:\/\/acsi.com.br\/lojavirtual\/wp-json\/wp\/v2\/product\/3513\/revisions\/3516"}],"wp:featuredmedia":[{"embeddable":true,"href":"https:\/\/acsi.com.br\/lojavirtual\/wp-json\/wp\/v2\/media\/3514"}],"wp:attachment":[{"href":"https:\/\/acsi.com.br\/lojavirtual\/wp-json\/wp\/v2\/media?parent=3513"}],"wp:term":[{"taxonomy":"product_brand","embeddable":true,"href":"https:\/\/acsi.com.br\/lojavirtual\/wp-json\/wp\/v2\/product_brand?post=3513"},{"taxonomy":"product_cat","embeddable":true,"href":"https:\/\/acsi.com.br\/lojavirtual\/wp-json\/wp\/v2\/product_cat?post=3513"},{"taxonomy":"product_tag","embeddable":true,"href":"https:\/\/acsi.com.br\/lojavirtual\/wp-json\/wp\/v2\/product_tag?post=3513"}],"curies":[{"name":"wp","href":"https:\/\/api.w.org\/{rel}","templated":true}]}}