{"id":3394,"date":"2024-10-02T14:10:33","date_gmt":"2024-10-02T14:10:33","guid":{"rendered":"https:\/\/acsi.com.br\/lojavirtual\/?post_type=product&#038;p=3394"},"modified":"2026-04-16T20:58:09","modified_gmt":"2026-04-16T23:58:09","slug":"somos-especiais-para-deus-kit-aluno-e-professor","status":"publish","type":"product","link":"https:\/\/acsi.com.br\/lojavirtual\/produto\/somos-especiais-para-deus-kit-aluno-e-professor\/","title":{"rendered":"Somos Especiais para Deus (Kit aluno e professor)"},"content":{"rendered":"<p>O assunto inclus\u00e3o est\u00e1 presente na B\u00edblia. Deus, que \u00e9 Soberano e Criador, fez cada ser humano para o louvor da sua gl\u00f3ria. Em \u00caxodo 4.11, encontramos um di\u00e1logo entre Deus e Mois\u00e9s onde aprendemos que as limita\u00e7\u00f5es e defici\u00eancias fazem parte do plano Dele \u201c&#8230;Quem fez a boca do homem? Ou quem fez o mudo, ou o surdo, ou o que v\u00ea, ou o cego? N\u00e3o sou eu, o Senhor?\u201d<\/p>\n<p>Nada foge do controle de Deus. Ele decidiu incluir e usar Mois\u00e9s, em Seus planos com as limita\u00e7\u00f5es que aquele homem tinha. N\u00e3o obstante o termo Inclus\u00e3o estar em voga, estamos bem distantes de ser uma sociedade que abra\u00e7a e envolve todas as pessoas. Mesmo sendo crist\u00e3os, o tema tamb\u00e9m \u00e9 um desafio para n\u00f3s como igreja.<\/p>\n<p>Com o objetivo de auxiliar, pais, crian\u00e7as e professores, a Editora Crist\u00e3 Evang\u00e9lica apresenta a Revista SOMOS ESPECIAIS PARA DEUS. A cada estudo do material, a crian\u00e7a ser\u00e1 capaz de aprender que Deus criou todas as pessoas e as ama, tendo elas defici\u00eancia ou n\u00e3o. Ela desenvolver\u00e1 empatia por aqueles que possuem limita\u00e7\u00f5es e vai aprender incluir colegas que t\u00eam algum tipo de limita\u00e7\u00e3o. O nosso desejo e ora\u00e7\u00e3o \u00e9 que essa revista seja uma ferramenta \u00fatil para crian\u00e7as e adultos aprenderem juntos, em fam\u00edlia, essas importantes li\u00e7\u00f5es de amor ao pr\u00f3ximo.<\/p>\n","protected":false},"excerpt":{"rendered":"<p>O assunto inclus\u00e3o est\u00e1 presente na B\u00edblia. Deus, que \u00e9 Soberano e Criador, fez cada ser humano para o louvor da sua gl\u00f3ria. Em \u00caxodo 4.11, encontramos um di\u00e1logo entre Deus e Mois\u00e9s onde aprendemos que as limita\u00e7\u00f5es e defici\u00eancias fazem parte do plano Dele \u201c&#8230;Quem fez a boca do homem? Ou quem fez o mudo, ou o surdo, ou o que v\u00ea, ou o cego? N\u00e3o sou eu, o Senhor?\u201d<\/p>\n<p>Nada foge do controle de Deus. Ele decidiu incluir e usar Mois\u00e9s, em Seus planos com as limita\u00e7\u00f5es que aquele homem tinha. N\u00e3o obstante o termo Inclus\u00e3o estar em voga, estamos bem distantes de ser uma sociedade que abra\u00e7a e envolve todas as pessoas. Mesmo sendo crist\u00e3os, o tema tamb\u00e9m \u00e9 um desafio para n\u00f3s como igreja.<\/p>\n<p>Com o objetivo de auxiliar, pais, crian\u00e7as e professores, a Editora Crist\u00e3 Evang\u00e9lica apresenta a Revista SOMOS ESPECIAIS PARA DEUS. A cada estudo do material, a crian\u00e7a ser\u00e1 capaz de aprender que Deus criou todas as pessoas e as ama, tendo elas defici\u00eancia ou n\u00e3o. Ela desenvolver\u00e1 empatia por aqueles que possuem limita\u00e7\u00f5es e vai aprender incluir colegas que t\u00eam algum tipo de limita\u00e7\u00e3o. O nosso desejo e ora\u00e7\u00e3o \u00e9 que essa revista seja uma ferramenta \u00fatil para crian\u00e7as e adultos aprenderem juntos, em fam\u00edlia, essas importantes li\u00e7\u00f5es de amor ao pr\u00f3ximo.<\/p>\n","protected":false},"featured_media":3395,"comment_status":"closed","ping_status":"closed","template":"","meta":[],"product_brand":[],"product_cat":[22],"product_tag":[211],"class_list":{"0":"post-3394","1":"product","2":"type-product","3":"status-publish","4":"has-post-thumbnail","6":"product_cat-crista-evangelica","7":"product_tag-ed-infantil-ao-5o-ano","9":"first","10":"instock","11":"shipping-taxable","12":"purchasable","13":"product-type-simple"},"_links":{"self":[{"href":"https:\/\/acsi.com.br\/lojavirtual\/wp-json\/wp\/v2\/product\/3394","targetHints":{"allow":["GET"]}}],"collection":[{"href":"https:\/\/acsi.com.br\/lojavirtual\/wp-json\/wp\/v2\/product"}],"about":[{"href":"https:\/\/acsi.com.br\/lojavirtual\/wp-json\/wp\/v2\/types\/product"}],"replies":[{"embeddable":true,"href":"https:\/\/acsi.com.br\/lojavirtual\/wp-json\/wp\/v2\/comments?post=3394"}],"version-history":[{"count":1,"href":"https:\/\/acsi.com.br\/lojavirtual\/wp-json\/wp\/v2\/product\/3394\/revisions"}],"predecessor-version":[{"id":3396,"href":"https:\/\/acsi.com.br\/lojavirtual\/wp-json\/wp\/v2\/product\/3394\/revisions\/3396"}],"wp:featuredmedia":[{"embeddable":true,"href":"https:\/\/acsi.com.br\/lojavirtual\/wp-json\/wp\/v2\/media\/3395"}],"wp:attachment":[{"href":"https:\/\/acsi.com.br\/lojavirtual\/wp-json\/wp\/v2\/media?parent=3394"}],"wp:term":[{"taxonomy":"product_brand","embeddable":true,"href":"https:\/\/acsi.com.br\/lojavirtual\/wp-json\/wp\/v2\/product_brand?post=3394"},{"taxonomy":"product_cat","embeddable":true,"href":"https:\/\/acsi.com.br\/lojavirtual\/wp-json\/wp\/v2\/product_cat?post=3394"},{"taxonomy":"product_tag","embeddable":true,"href":"https:\/\/acsi.com.br\/lojavirtual\/wp-json\/wp\/v2\/product_tag?post=3394"}],"curies":[{"name":"wp","href":"https:\/\/api.w.org\/{rel}","templated":true}]}}