{"id":3387,"date":"2024-10-02T13:52:23","date_gmt":"2024-10-02T13:52:23","guid":{"rendered":"https:\/\/acsi.com.br\/lojavirtual\/?post_type=product&#038;p=3387"},"modified":"2026-04-16T20:58:09","modified_gmt":"2026-04-16T23:58:09","slug":"devocional-40-dias-no-mundo-das-animacoes-kids","status":"publish","type":"product","link":"https:\/\/acsi.com.br\/lojavirtual\/produto\/devocional-40-dias-no-mundo-das-animacoes-kids\/","title":{"rendered":"Devocional 40 Dias no Mundo das Anima\u00e7\u00f5es Kids"},"content":{"rendered":"<p>Reflex\u00f5es inspiradas nas anima\u00e7\u00f5es mais populares e queridas da atualidade em uma linguagem especialmente feita para as crian\u00e7as. Traz li\u00e7\u00f5es de f\u00e9, conduta e car\u00e1ter para os pequenos. Colorido, diagramado para a leitura infantil e com tamanho diferenciado, \u00e9 uma ferramenta poderosa para estimular o pensamento cr\u00edtico das crian\u00e7as desde cedo, fazendo uma ponte entre suas anima\u00e7\u00f5es favoritas em contraponto das verdades eternas da Palavra de Deus.<\/p>\n","protected":false},"excerpt":{"rendered":"<p>Reflex\u00f5es inspiradas nas anima\u00e7\u00f5es mais populares e queridas da atualidade em uma linguagem especialmente feita para as crian\u00e7as. Traz li\u00e7\u00f5es de f\u00e9, conduta e car\u00e1ter para os pequenos. Colorido, diagramado para a leitura infantil e com tamanho diferenciado, \u00e9 uma ferramenta poderosa para estimular o pensamento cr\u00edtico das crian\u00e7as desde cedo, fazendo uma ponte entre suas anima\u00e7\u00f5es favoritas em contraponto das verdades eternas da Palavra de Deus.<\/p>\n","protected":false},"featured_media":3388,"comment_status":"closed","ping_status":"closed","template":"","meta":[],"product_brand":[],"product_cat":[26],"product_tag":[229],"class_list":{"0":"post-3387","1":"product","2":"type-product","3":"status-publish","4":"has-post-thumbnail","6":"product_cat-lion-editora","7":"product_tag-devocional","9":"first","10":"instock","11":"shipping-taxable","12":"purchasable","13":"product-type-simple"},"_links":{"self":[{"href":"https:\/\/acsi.com.br\/lojavirtual\/wp-json\/wp\/v2\/product\/3387","targetHints":{"allow":["GET"]}}],"collection":[{"href":"https:\/\/acsi.com.br\/lojavirtual\/wp-json\/wp\/v2\/product"}],"about":[{"href":"https:\/\/acsi.com.br\/lojavirtual\/wp-json\/wp\/v2\/types\/product"}],"replies":[{"embeddable":true,"href":"https:\/\/acsi.com.br\/lojavirtual\/wp-json\/wp\/v2\/comments?post=3387"}],"version-history":[{"count":1,"href":"https:\/\/acsi.com.br\/lojavirtual\/wp-json\/wp\/v2\/product\/3387\/revisions"}],"predecessor-version":[{"id":3389,"href":"https:\/\/acsi.com.br\/lojavirtual\/wp-json\/wp\/v2\/product\/3387\/revisions\/3389"}],"wp:featuredmedia":[{"embeddable":true,"href":"https:\/\/acsi.com.br\/lojavirtual\/wp-json\/wp\/v2\/media\/3388"}],"wp:attachment":[{"href":"https:\/\/acsi.com.br\/lojavirtual\/wp-json\/wp\/v2\/media?parent=3387"}],"wp:term":[{"taxonomy":"product_brand","embeddable":true,"href":"https:\/\/acsi.com.br\/lojavirtual\/wp-json\/wp\/v2\/product_brand?post=3387"},{"taxonomy":"product_cat","embeddable":true,"href":"https:\/\/acsi.com.br\/lojavirtual\/wp-json\/wp\/v2\/product_cat?post=3387"},{"taxonomy":"product_tag","embeddable":true,"href":"https:\/\/acsi.com.br\/lojavirtual\/wp-json\/wp\/v2\/product_tag?post=3387"}],"curies":[{"name":"wp","href":"https:\/\/api.w.org\/{rel}","templated":true}]}}