{"id":336,"date":"2023-08-04T19:19:50","date_gmt":"2023-08-04T19:19:50","guid":{"rendered":"https:\/\/acsi.com.br\/lojavirtual\/?post_type=product&#038;p=336"},"modified":"2026-04-16T20:59:34","modified_gmt":"2026-04-16T23:59:34","slug":"o-que-estao-ensinando-aos-nossos-filhos","status":"publish","type":"product","link":"https:\/\/acsi.com.br\/lojavirtual\/produto\/o-que-estao-ensinando-aos-nossos-filhos\/","title":{"rendered":"O que Est\u00e3o Ensinando aos Nossos Filhos?"},"content":{"rendered":"<p>Neste livro, Solano Portela faz uma avalia\u00e7\u00e3o cr\u00edtica do cen\u00e1rio atual da educa\u00e7\u00e3o brasileira, tanto secular como religiosa. Segundo ele, a proposta pedag\u00f3gica predominante no Brasil vai al\u00e9m de uma metodologia educacional e cont\u00e9m s\u00e9rias contradi\u00e7\u00f5es com os princ\u00edpios da f\u00e9 crist\u00e3. A partir dessa an\u00e1lise, Solano prop\u00f5e o desenvolvimento de uma pedagogia para a educa\u00e7\u00e3o escolar crist\u00e3, chamada de pedagogia redentiva, ao apontar para uma educa\u00e7\u00e3o de excel\u00eancia fundamentada em uma cosmovis\u00e3o b\u00edblica sobre a vida e o mundo.<\/p>\n","protected":false},"excerpt":{"rendered":"<p>Neste livro, Solano Portela faz uma avalia\u00e7\u00e3o cr\u00edtica do cen\u00e1rio atual da educa\u00e7\u00e3o brasileira, tanto secular como religiosa. Segundo ele, a proposta pedag\u00f3gica predominante no Brasil vai al\u00e9m de uma metodologia educacional e cont\u00e9m s\u00e9rias contradi\u00e7\u00f5es com os princ\u00edpios da f\u00e9 crist\u00e3. A partir dessa an\u00e1lise, Solano prop\u00f5e o desenvolvimento de uma pedagogia para a educa\u00e7\u00e3o escolar crist\u00e3, chamada de pedagogia redentiva, ao apontar para uma educa\u00e7\u00e3o de excel\u00eancia fundamentada em uma cosmovis\u00e3o b\u00edblica sobre a vida e o mundo.<\/p>\n","protected":false},"featured_media":337,"comment_status":"closed","ping_status":"closed","template":"","meta":[],"product_brand":[],"product_cat":[20,154],"product_tag":[],"class_list":{"0":"post-336","1":"product","2":"type-product","3":"status-publish","4":"has-post-thumbnail","6":"product_cat-editora-fiel","7":"product_cat-formacao-profissional","9":"first","10":"instock","11":"shipping-taxable","12":"purchasable","13":"product-type-simple"},"_links":{"self":[{"href":"https:\/\/acsi.com.br\/lojavirtual\/wp-json\/wp\/v2\/product\/336","targetHints":{"allow":["GET"]}}],"collection":[{"href":"https:\/\/acsi.com.br\/lojavirtual\/wp-json\/wp\/v2\/product"}],"about":[{"href":"https:\/\/acsi.com.br\/lojavirtual\/wp-json\/wp\/v2\/types\/product"}],"replies":[{"embeddable":true,"href":"https:\/\/acsi.com.br\/lojavirtual\/wp-json\/wp\/v2\/comments?post=336"}],"version-history":[{"count":1,"href":"https:\/\/acsi.com.br\/lojavirtual\/wp-json\/wp\/v2\/product\/336\/revisions"}],"predecessor-version":[{"id":338,"href":"https:\/\/acsi.com.br\/lojavirtual\/wp-json\/wp\/v2\/product\/336\/revisions\/338"}],"wp:featuredmedia":[{"embeddable":true,"href":"https:\/\/acsi.com.br\/lojavirtual\/wp-json\/wp\/v2\/media\/337"}],"wp:attachment":[{"href":"https:\/\/acsi.com.br\/lojavirtual\/wp-json\/wp\/v2\/media?parent=336"}],"wp:term":[{"taxonomy":"product_brand","embeddable":true,"href":"https:\/\/acsi.com.br\/lojavirtual\/wp-json\/wp\/v2\/product_brand?post=336"},{"taxonomy":"product_cat","embeddable":true,"href":"https:\/\/acsi.com.br\/lojavirtual\/wp-json\/wp\/v2\/product_cat?post=336"},{"taxonomy":"product_tag","embeddable":true,"href":"https:\/\/acsi.com.br\/lojavirtual\/wp-json\/wp\/v2\/product_tag?post=336"}],"curies":[{"name":"wp","href":"https:\/\/api.w.org\/{rel}","templated":true}]}}