{"id":325,"date":"2023-08-04T19:11:57","date_gmt":"2023-08-04T19:11:57","guid":{"rendered":"https:\/\/acsi.com.br\/lojavirtual\/?post_type=product&#038;p=325"},"modified":"2026-04-16T20:59:34","modified_gmt":"2026-04-16T23:59:34","slug":"as-cronicas-de-olam-volume-1","status":"publish","type":"product","link":"https:\/\/acsi.com.br\/lojavirtual\/produto\/as-cronicas-de-olam-volume-1\/","title":{"rendered":"As Cr\u00f4nicas de Olam &#8211; Volume 1"},"content":{"rendered":"<p>Em busca de vingan\u00e7a, o l\u00edder da mais poderosa classe de guerreiros de Olam invade uma cidade proibida, atr\u00e1s da cortina de trevas, e enfrenta uma terr\u00edvel criatura. Sua atitude quebra um antigo tratado de paz e d\u00e1 in\u00edcio a uma contagem regressiva para a guerra entre o imp\u00e9rio dos shedins e o reino de Olam. Ap\u00f3s dois mil anos de relativa paz e seguran\u00e7a, uma guerra de propor\u00e7\u00f5es e consequ\u00eancias imprevis\u00edveis estava para estourar.<\/p>\n","protected":false},"excerpt":{"rendered":"<p>Em busca de vingan\u00e7a, o l\u00edder da mais poderosa classe de guerreiros de Olam invade uma cidade proibida, atr\u00e1s da cortina de trevas, e enfrenta uma terr\u00edvel criatura. Sua atitude quebra um antigo tratado de paz e d\u00e1 in\u00edcio a uma contagem regressiva para a guerra entre o imp\u00e9rio dos shedins e o reino de Olam. Ap\u00f3s dois mil anos de relativa paz e seguran\u00e7a, uma guerra de propor\u00e7\u00f5es e consequ\u00eancias imprevis\u00edveis estava para estourar.<\/p>\n","protected":false},"featured_media":326,"comment_status":"closed","ping_status":"closed","template":"","meta":[],"product_brand":[],"product_cat":[20],"product_tag":[142],"class_list":{"0":"post-325","1":"product","2":"type-product","3":"status-publish","4":"has-post-thumbnail","6":"product_cat-editora-fiel","7":"product_tag-ensino-medio","9":"first","10":"instock","11":"shipping-taxable","12":"purchasable","13":"product-type-simple"},"_links":{"self":[{"href":"https:\/\/acsi.com.br\/lojavirtual\/wp-json\/wp\/v2\/product\/325","targetHints":{"allow":["GET"]}}],"collection":[{"href":"https:\/\/acsi.com.br\/lojavirtual\/wp-json\/wp\/v2\/product"}],"about":[{"href":"https:\/\/acsi.com.br\/lojavirtual\/wp-json\/wp\/v2\/types\/product"}],"replies":[{"embeddable":true,"href":"https:\/\/acsi.com.br\/lojavirtual\/wp-json\/wp\/v2\/comments?post=325"}],"version-history":[{"count":2,"href":"https:\/\/acsi.com.br\/lojavirtual\/wp-json\/wp\/v2\/product\/325\/revisions"}],"predecessor-version":[{"id":335,"href":"https:\/\/acsi.com.br\/lojavirtual\/wp-json\/wp\/v2\/product\/325\/revisions\/335"}],"wp:featuredmedia":[{"embeddable":true,"href":"https:\/\/acsi.com.br\/lojavirtual\/wp-json\/wp\/v2\/media\/326"}],"wp:attachment":[{"href":"https:\/\/acsi.com.br\/lojavirtual\/wp-json\/wp\/v2\/media?parent=325"}],"wp:term":[{"taxonomy":"product_brand","embeddable":true,"href":"https:\/\/acsi.com.br\/lojavirtual\/wp-json\/wp\/v2\/product_brand?post=325"},{"taxonomy":"product_cat","embeddable":true,"href":"https:\/\/acsi.com.br\/lojavirtual\/wp-json\/wp\/v2\/product_cat?post=325"},{"taxonomy":"product_tag","embeddable":true,"href":"https:\/\/acsi.com.br\/lojavirtual\/wp-json\/wp\/v2\/product_tag?post=325"}],"curies":[{"name":"wp","href":"https:\/\/api.w.org\/{rel}","templated":true}]}}