{"id":2831,"date":"2024-05-22T14:48:18","date_gmt":"2024-05-22T14:48:18","guid":{"rendered":"https:\/\/acsi.com.br\/lojavirtual\/?post_type=product&#038;p=2831"},"modified":"2026-04-16T20:58:09","modified_gmt":"2026-04-16T23:58:09","slug":"as-artes-e-a-imaginacao-crista","status":"publish","type":"product","link":"https:\/\/acsi.com.br\/lojavirtual\/produto\/as-artes-e-a-imaginacao-crista\/","title":{"rendered":"As Artes e a Imagina\u00e7\u00e3o Crist\u00e3"},"content":{"rendered":"<p>O Dr. Clyde Kilby, fundador do Marion E. Wade Center no Wheaton College, IL, institui\u00e7\u00e3o voltada ao estudo das obras de Lewis, J. R. R. Tolkien e de outros membros dos Inklings, \u00e9 reconhecido como um dentre os mais tradicionais e competentes int\u00e9rpretes de C. S. Lewis. Uma de suas facetas menos conhecidas, por\u00e9m, \u00e9 que, em sua \u00e9poca de atua\u00e7\u00e3o, foi tamb\u00e9m um apologista das artes, da est\u00e9tica e da beleza, especialmente entre os evang\u00e9licos.<\/p>\n<p>Esta cole\u00e7\u00e3o oferece uma amostra de seu trabalho nesses temas. Seus escritos est\u00e3o aqui organizados em quatro temas: \u201cO cristianismo, as artes e a est\u00e9tica\u201d; \u201cA voca\u00e7\u00e3o do artista\u201d; \u201cA f\u00e9 e o papel da imagina\u00e7\u00e3o\u201d; e \u201cPoesia, literatura e imagina\u00e7\u00e3o\u201d. Uma vez que estes t\u00f3picos s\u00e3o, hoje, objeto de interesse para os protestantes, evang\u00e9licos e, a bem da verdade, por muitas tradi\u00e7\u00f5es diferentes, a sua obra \u00e9 de grande relev\u00e2ncia.<\/p>\n","protected":false},"excerpt":{"rendered":"<p>O Dr. Clyde Kilby, fundador do Marion E. Wade Center no Wheaton College, IL, institui\u00e7\u00e3o voltada ao estudo das obras de Lewis, J. R. R. Tolkien e de outros membros dos Inklings, \u00e9 reconhecido como um dentre os mais tradicionais e competentes int\u00e9rpretes de C. S. Lewis. Uma de suas facetas menos conhecidas, por\u00e9m, \u00e9 que, em sua \u00e9poca de atua\u00e7\u00e3o, foi tamb\u00e9m um apologista das artes, da est\u00e9tica e da beleza, especialmente entre os evang\u00e9licos.<\/p>\n<p>Esta cole\u00e7\u00e3o oferece uma amostra de seu trabalho nesses temas. Seus escritos est\u00e3o aqui organizados em quatro temas: \u201cO cristianismo, as artes e a est\u00e9tica\u201d; \u201cA voca\u00e7\u00e3o do artista\u201d; \u201cA f\u00e9 e o papel da imagina\u00e7\u00e3o\u201d; e \u201cPoesia, literatura e imagina\u00e7\u00e3o\u201d. Uma vez que estes t\u00f3picos s\u00e3o, hoje, objeto de interesse para os protestantes, evang\u00e9licos e, a bem da verdade, por muitas tradi\u00e7\u00f5es diferentes, a sua obra \u00e9 de grande relev\u00e2ncia.<\/p>\n","protected":false},"featured_media":2825,"comment_status":"closed","ping_status":"closed","template":"","meta":[],"product_brand":[],"product_cat":[154,21],"product_tag":[],"class_list":{"0":"post-2831","1":"product","2":"type-product","3":"status-publish","4":"has-post-thumbnail","6":"product_cat-formacao-profissional","7":"product_cat-monergismo","9":"first","10":"instock","11":"shipping-taxable","12":"purchasable","13":"product-type-simple"},"_links":{"self":[{"href":"https:\/\/acsi.com.br\/lojavirtual\/wp-json\/wp\/v2\/product\/2831","targetHints":{"allow":["GET"]}}],"collection":[{"href":"https:\/\/acsi.com.br\/lojavirtual\/wp-json\/wp\/v2\/product"}],"about":[{"href":"https:\/\/acsi.com.br\/lojavirtual\/wp-json\/wp\/v2\/types\/product"}],"replies":[{"embeddable":true,"href":"https:\/\/acsi.com.br\/lojavirtual\/wp-json\/wp\/v2\/comments?post=2831"}],"version-history":[{"count":1,"href":"https:\/\/acsi.com.br\/lojavirtual\/wp-json\/wp\/v2\/product\/2831\/revisions"}],"predecessor-version":[{"id":2832,"href":"https:\/\/acsi.com.br\/lojavirtual\/wp-json\/wp\/v2\/product\/2831\/revisions\/2832"}],"wp:featuredmedia":[{"embeddable":true,"href":"https:\/\/acsi.com.br\/lojavirtual\/wp-json\/wp\/v2\/media\/2825"}],"wp:attachment":[{"href":"https:\/\/acsi.com.br\/lojavirtual\/wp-json\/wp\/v2\/media?parent=2831"}],"wp:term":[{"taxonomy":"product_brand","embeddable":true,"href":"https:\/\/acsi.com.br\/lojavirtual\/wp-json\/wp\/v2\/product_brand?post=2831"},{"taxonomy":"product_cat","embeddable":true,"href":"https:\/\/acsi.com.br\/lojavirtual\/wp-json\/wp\/v2\/product_cat?post=2831"},{"taxonomy":"product_tag","embeddable":true,"href":"https:\/\/acsi.com.br\/lojavirtual\/wp-json\/wp\/v2\/product_tag?post=2831"}],"curies":[{"name":"wp","href":"https:\/\/api.w.org\/{rel}","templated":true}]}}