{"id":2788,"date":"2024-05-15T12:57:21","date_gmt":"2024-05-15T12:57:21","guid":{"rendered":"https:\/\/acsi.com.br\/lojavirtual\/?post_type=product&#038;p=2788"},"modified":"2026-04-01T22:04:07","modified_gmt":"2026-04-02T01:04:07","slug":"mafua-uma-ilha-da-bagunca","status":"publish","type":"product","link":"https:\/\/acsi.com.br\/lojavirtual\/produto\/mafua-uma-ilha-da-bagunca\/","title":{"rendered":"Mafu\u00e1 Uma Ilha da Bagun\u00e7a"},"content":{"rendered":"<p>Mafu\u00e1 Uma Ilha da Bagun\u00e7a \u00e9 um livro infantil que convida os pequenos leitores a explorarem uma ilha ca\u00f3tica e desorganizada atrav\u00e9s dos olhos do Martim Pescador. Nesta emocionante hist\u00f3ria, as crian\u00e7as s\u00e3o transportadas para um lugar onde a m\u00e1 administra\u00e7\u00e3o trouxe consequ\u00eancias desastrosas. No entanto, tudo se transforma com a chegada de um visitante inusitado, capaz de alterar o rumo da ilha e trazer esperan\u00e7a para seus habitantes. Mafu\u00e1 \u00e9 o livro ideal para ensinar as crian\u00e7as sobre a import\u00e2ncia da coopera\u00e7\u00e3o e do trabalho em equipe, enquanto entret\u00eam e inspiram com uma hist\u00f3ria envolvente e cativante.<\/p>\n<p>Tema principal desta aventura \u00e9 a transforma\u00e7\u00e3o, e os temas transversais abordados incluem amizade, responsabilidade social e resolu\u00e7\u00e3o de problemas.<\/p>\n","protected":false},"excerpt":{"rendered":"<p>Mafu\u00e1 Uma Ilha da Bagun\u00e7a \u00e9 um livro infantil que convida os pequenos leitores a explorarem uma ilha ca\u00f3tica e desorganizada atrav\u00e9s dos olhos do Martim Pescador. Nesta emocionante hist\u00f3ria, as crian\u00e7as s\u00e3o transportadas para um lugar onde a m\u00e1 administra\u00e7\u00e3o trouxe consequ\u00eancias desastrosas. No entanto, tudo se transforma com a chegada de um visitante inusitado, capaz de alterar o rumo da ilha e trazer esperan\u00e7a para seus habitantes. Mafu\u00e1 \u00e9 o livro ideal para ensinar as crian\u00e7as sobre a import\u00e2ncia da coopera\u00e7\u00e3o e do trabalho em equipe, enquanto entret\u00eam e inspiram com uma hist\u00f3ria envolvente e cativante.<\/p>\n<p>Tema principal desta aventura \u00e9 a transforma\u00e7\u00e3o, e os temas transversais abordados incluem amizade, responsabilidade social e resolu\u00e7\u00e3o de problemas.<\/p>\n","protected":false},"featured_media":2789,"comment_status":"open","ping_status":"closed","template":"","meta":[],"product_brand":[],"product_cat":[18],"product_tag":[],"class_list":{"0":"post-2788","1":"product","2":"type-product","3":"status-publish","4":"has-post-thumbnail","6":"product_cat-debs-editora","8":"first","9":"instock","10":"featured","11":"shipping-taxable","12":"purchasable","13":"product-type-simple"},"_links":{"self":[{"href":"https:\/\/acsi.com.br\/lojavirtual\/wp-json\/wp\/v2\/product\/2788","targetHints":{"allow":["GET"]}}],"collection":[{"href":"https:\/\/acsi.com.br\/lojavirtual\/wp-json\/wp\/v2\/product"}],"about":[{"href":"https:\/\/acsi.com.br\/lojavirtual\/wp-json\/wp\/v2\/types\/product"}],"replies":[{"embeddable":true,"href":"https:\/\/acsi.com.br\/lojavirtual\/wp-json\/wp\/v2\/comments?post=2788"}],"version-history":[{"count":1,"href":"https:\/\/acsi.com.br\/lojavirtual\/wp-json\/wp\/v2\/product\/2788\/revisions"}],"predecessor-version":[{"id":2790,"href":"https:\/\/acsi.com.br\/lojavirtual\/wp-json\/wp\/v2\/product\/2788\/revisions\/2790"}],"wp:featuredmedia":[{"embeddable":true,"href":"https:\/\/acsi.com.br\/lojavirtual\/wp-json\/wp\/v2\/media\/2789"}],"wp:attachment":[{"href":"https:\/\/acsi.com.br\/lojavirtual\/wp-json\/wp\/v2\/media?parent=2788"}],"wp:term":[{"taxonomy":"product_brand","embeddable":true,"href":"https:\/\/acsi.com.br\/lojavirtual\/wp-json\/wp\/v2\/product_brand?post=2788"},{"taxonomy":"product_cat","embeddable":true,"href":"https:\/\/acsi.com.br\/lojavirtual\/wp-json\/wp\/v2\/product_cat?post=2788"},{"taxonomy":"product_tag","embeddable":true,"href":"https:\/\/acsi.com.br\/lojavirtual\/wp-json\/wp\/v2\/product_tag?post=2788"}],"curies":[{"name":"wp","href":"https:\/\/api.w.org\/{rel}","templated":true}]}}