{"id":22,"date":"2023-06-21T01:46:36","date_gmt":"2023-06-21T01:46:36","guid":{"rendered":"https:\/\/acsi.com.br\/lojavirtual\/?post_type=product&#038;p=22"},"modified":"2026-05-04T06:07:15","modified_gmt":"2026-05-04T09:07:15","slug":"a-grande-viagem-de-titus-4","status":"publish","type":"product","link":"https:\/\/acsi.com.br\/lojavirtual\/produto\/a-grande-viagem-de-titus-4\/","title":{"rendered":"A Grande Viagem de Titus 4"},"content":{"rendered":"<p style=\"text-align: left\">Titus 4 \u00e9 um foguete de linhagem famosa que parte para uma miss\u00e3o espacial superimportante, mas uma surpresa inesperada acaba por mudar seus planos. A viagem \u00e9 uma s\u00e9rie de encontros inusitados que o far\u00e3o reconhecer o sentido de sua exist\u00eancia. Nesse livro poder\u00e3o ser evidenciados v\u00e1rios temas como: empatia, autocontrole, respeito, responsabilidade, lideran\u00e7a&#8230; Acompanham, no final do livro, informa\u00e7\u00f5es e curiosidades astron\u00f4micas.<\/p>\n","protected":false},"excerpt":{"rendered":"<p>Titus 4 \u00e9 um foguete de linhagem famosa que parte para uma miss\u00e3o espacial superimportante, mas uma surpresa inesperada acaba por mudar seus planos. A viagem \u00e9 uma s\u00e9rie de encontros inusitados que o far\u00e3o reconhecer o sentido de sua exist\u00eancia. Nesse livro poder\u00e3o ser evidenciados v\u00e1rios temas como: empatia, autocontrole, respeito, responsabilidade, lideran\u00e7a&#8230; Acompanham, no final do livro, informa\u00e7\u00f5es e curiosidades astron\u00f4micas.<\/p>\n","protected":false},"featured_media":741,"comment_status":"closed","ping_status":"closed","template":"","meta":[],"product_brand":[],"product_cat":[18],"product_tag":[138,152],"class_list":{"0":"post-22","1":"product","2":"type-product","3":"status-publish","4":"has-post-thumbnail","6":"product_cat-debs-editora","7":"product_tag-ate-4o-ano","8":"product_tag-fund-1","10":"first","11":"instock","12":"shipping-taxable","13":"purchasable","14":"product-type-simple"},"_links":{"self":[{"href":"https:\/\/acsi.com.br\/lojavirtual\/wp-json\/wp\/v2\/product\/22","targetHints":{"allow":["GET"]}}],"collection":[{"href":"https:\/\/acsi.com.br\/lojavirtual\/wp-json\/wp\/v2\/product"}],"about":[{"href":"https:\/\/acsi.com.br\/lojavirtual\/wp-json\/wp\/v2\/types\/product"}],"replies":[{"embeddable":true,"href":"https:\/\/acsi.com.br\/lojavirtual\/wp-json\/wp\/v2\/comments?post=22"}],"version-history":[{"count":4,"href":"https:\/\/acsi.com.br\/lojavirtual\/wp-json\/wp\/v2\/product\/22\/revisions"}],"predecessor-version":[{"id":239,"href":"https:\/\/acsi.com.br\/lojavirtual\/wp-json\/wp\/v2\/product\/22\/revisions\/239"}],"wp:featuredmedia":[{"embeddable":true,"href":"https:\/\/acsi.com.br\/lojavirtual\/wp-json\/wp\/v2\/media\/741"}],"wp:attachment":[{"href":"https:\/\/acsi.com.br\/lojavirtual\/wp-json\/wp\/v2\/media?parent=22"}],"wp:term":[{"taxonomy":"product_brand","embeddable":true,"href":"https:\/\/acsi.com.br\/lojavirtual\/wp-json\/wp\/v2\/product_brand?post=22"},{"taxonomy":"product_cat","embeddable":true,"href":"https:\/\/acsi.com.br\/lojavirtual\/wp-json\/wp\/v2\/product_cat?post=22"},{"taxonomy":"product_tag","embeddable":true,"href":"https:\/\/acsi.com.br\/lojavirtual\/wp-json\/wp\/v2\/product_tag?post=22"}],"curies":[{"name":"wp","href":"https:\/\/api.w.org\/{rel}","templated":true}]}}