{"id":2022,"date":"2024-02-08T14:55:30","date_gmt":"2024-02-08T14:55:30","guid":{"rendered":"https:\/\/acsi.com.br\/lojavirtual\/?post_type=product&#038;p=2022"},"modified":"2025-11-25T10:11:57","modified_gmt":"2025-11-25T13:11:57","slug":"idolatria-do-coracao","status":"publish","type":"product","link":"https:\/\/acsi.com.br\/lojavirtual\/produto\/idolatria-do-coracao\/","title":{"rendered":"Idolatria do Cora\u00e7\u00e3o"},"content":{"rendered":"<p>O inimigo que n\u00e3o est\u00e1 \u00e0 sua volta, mas em seu \u00edntimo. Voc\u00ea \u00e9 o seu mais perigoso e destrutivo inimigo.<\/p>\n<p>O livro se divide em duas partes.<br \/>\nA primeira, composta de 3 cap\u00edtulos, tem como objetivo definir idolatria.<br \/>\nA segunda parte do livro tem 2 cap\u00edtulos e trata sobre o enfrentamento da idolatria.<br \/>\nO objetivo final \u00e9 que o leitor tenha um entendimento mais b\u00edblico a respeito da idolatria e de seu enfrentamento e seja conduzido, por meio desse entendimento, a uma vis\u00e3o mais aprofundada da rela\u00e7\u00e3o com Deus e da vida crist\u00e3.<\/p>\n<p>Excelente para a leitura individual e para estudos em grupo!<\/p>\n","protected":false},"excerpt":{"rendered":"<p>O inimigo que n\u00e3o est\u00e1 \u00e0 sua volta, mas em seu \u00edntimo. Voc\u00ea \u00e9 o seu mais perigoso e destrutivo inimigo.<\/p>\n<p>O livro se divide em duas partes.<br \/>\nA primeira, composta de 3 cap\u00edtulos, tem como objetivo definir idolatria.<br \/>\nA segunda parte do livro tem 2 cap\u00edtulos e trata sobre o enfrentamento da idolatria.<br \/>\nO objetivo final \u00e9 que o leitor tenha um entendimento mais b\u00edblico a respeito da idolatria e de seu enfrentamento e seja conduzido, por meio desse entendimento, a uma vis\u00e3o mais aprofundada da rela\u00e7\u00e3o com Deus e da vida crist\u00e3.<\/p>\n<p>Excelente para a leitura individual e para estudos em grupo!<\/p>\n","protected":false},"featured_media":2024,"comment_status":"open","ping_status":"closed","template":"","meta":[],"product_brand":[],"product_cat":[96,154],"product_tag":[],"class_list":{"0":"post-2022","1":"product","2":"type-product","3":"status-publish","4":"has-post-thumbnail","6":"product_cat-cultura-crista","7":"product_cat-formacao-profissional","9":"first","10":"instock","11":"featured","12":"shipping-taxable","13":"purchasable","14":"product-type-simple"},"_links":{"self":[{"href":"https:\/\/acsi.com.br\/lojavirtual\/wp-json\/wp\/v2\/product\/2022","targetHints":{"allow":["GET"]}}],"collection":[{"href":"https:\/\/acsi.com.br\/lojavirtual\/wp-json\/wp\/v2\/product"}],"about":[{"href":"https:\/\/acsi.com.br\/lojavirtual\/wp-json\/wp\/v2\/types\/product"}],"replies":[{"embeddable":true,"href":"https:\/\/acsi.com.br\/lojavirtual\/wp-json\/wp\/v2\/comments?post=2022"}],"version-history":[{"count":2,"href":"https:\/\/acsi.com.br\/lojavirtual\/wp-json\/wp\/v2\/product\/2022\/revisions"}],"predecessor-version":[{"id":3104,"href":"https:\/\/acsi.com.br\/lojavirtual\/wp-json\/wp\/v2\/product\/2022\/revisions\/3104"}],"wp:featuredmedia":[{"embeddable":true,"href":"https:\/\/acsi.com.br\/lojavirtual\/wp-json\/wp\/v2\/media\/2024"}],"wp:attachment":[{"href":"https:\/\/acsi.com.br\/lojavirtual\/wp-json\/wp\/v2\/media?parent=2022"}],"wp:term":[{"taxonomy":"product_brand","embeddable":true,"href":"https:\/\/acsi.com.br\/lojavirtual\/wp-json\/wp\/v2\/product_brand?post=2022"},{"taxonomy":"product_cat","embeddable":true,"href":"https:\/\/acsi.com.br\/lojavirtual\/wp-json\/wp\/v2\/product_cat?post=2022"},{"taxonomy":"product_tag","embeddable":true,"href":"https:\/\/acsi.com.br\/lojavirtual\/wp-json\/wp\/v2\/product_tag?post=2022"}],"curies":[{"name":"wp","href":"https:\/\/api.w.org\/{rel}","templated":true}]}}