{"id":1394,"date":"2023-11-17T19:00:02","date_gmt":"2023-11-17T19:00:02","guid":{"rendered":"https:\/\/acsi.com.br\/lojavirtual\/?post_type=product&#038;p=1394"},"modified":"2026-04-16T20:58:10","modified_gmt":"2026-04-16T23:58:10","slug":"se-eu-fosse-sardinha","status":"publish","type":"product","link":"https:\/\/acsi.com.br\/lojavirtual\/produto\/se-eu-fosse-sardinha\/","title":{"rendered":"Se eu fosse Sardinha"},"content":{"rendered":"<p>SE EU FOSSE SARDINHA \u00e9 uma hist\u00f3ria direto do fundo do mar! Venha embarcar nessa aventura, na companhia dos irm\u00e3os Marlon e Mara, bem como de muitos outros amiguinhos. Todos est\u00e3o bastante empolgados: vai acontecer o incr\u00edvel Festival de Talentos&#8230; um evento que promete agitar os quatro oceanos!<br \/>\nO que \u00e9 que cada bicho ir\u00e1 apresentar? Quem ser\u00e1 que pode ganhar? E Mestre dos Mares&#8230; ser\u00e1 que vai aparecer por l\u00e1?<\/p>\n","protected":false},"excerpt":{"rendered":"<p>SE EU FOSSE SARDINHA \u00e9 uma hist\u00f3ria direto do fundo do mar! Venha embarcar nessa aventura, na companhia dos irm\u00e3os Marlon e Mara, bem como de muitos outros amiguinhos. Todos est\u00e3o bastante empolgados: vai acontecer o incr\u00edvel Festival de Talentos&#8230; um evento que promete agitar os quatro oceanos!<br \/>\nO que \u00e9 que cada bicho ir\u00e1 apresentar? Quem ser\u00e1 que pode ganhar? E Mestre dos Mares&#8230; ser\u00e1 que vai aparecer por l\u00e1?<\/p>\n","protected":false},"featured_media":1395,"comment_status":"closed","ping_status":"closed","template":"","meta":[],"product_brand":[],"product_cat":[180],"product_tag":[183],"class_list":{"0":"post-1394","1":"product","2":"type-product","3":"status-publish","4":"has-post-thumbnail","6":"product_cat-educacao-criativa","7":"product_tag-1o-e-2o-ano","9":"first","10":"instock","11":"featured","12":"shipping-taxable","13":"purchasable","14":"product-type-simple"},"_links":{"self":[{"href":"https:\/\/acsi.com.br\/lojavirtual\/wp-json\/wp\/v2\/product\/1394","targetHints":{"allow":["GET"]}}],"collection":[{"href":"https:\/\/acsi.com.br\/lojavirtual\/wp-json\/wp\/v2\/product"}],"about":[{"href":"https:\/\/acsi.com.br\/lojavirtual\/wp-json\/wp\/v2\/types\/product"}],"replies":[{"embeddable":true,"href":"https:\/\/acsi.com.br\/lojavirtual\/wp-json\/wp\/v2\/comments?post=1394"}],"version-history":[{"count":1,"href":"https:\/\/acsi.com.br\/lojavirtual\/wp-json\/wp\/v2\/product\/1394\/revisions"}],"predecessor-version":[{"id":1396,"href":"https:\/\/acsi.com.br\/lojavirtual\/wp-json\/wp\/v2\/product\/1394\/revisions\/1396"}],"wp:featuredmedia":[{"embeddable":true,"href":"https:\/\/acsi.com.br\/lojavirtual\/wp-json\/wp\/v2\/media\/1395"}],"wp:attachment":[{"href":"https:\/\/acsi.com.br\/lojavirtual\/wp-json\/wp\/v2\/media?parent=1394"}],"wp:term":[{"taxonomy":"product_brand","embeddable":true,"href":"https:\/\/acsi.com.br\/lojavirtual\/wp-json\/wp\/v2\/product_brand?post=1394"},{"taxonomy":"product_cat","embeddable":true,"href":"https:\/\/acsi.com.br\/lojavirtual\/wp-json\/wp\/v2\/product_cat?post=1394"},{"taxonomy":"product_tag","embeddable":true,"href":"https:\/\/acsi.com.br\/lojavirtual\/wp-json\/wp\/v2\/product_tag?post=1394"}],"curies":[{"name":"wp","href":"https:\/\/api.w.org\/{rel}","templated":true}]}}