{"id":1314,"date":"2023-11-13T20:44:26","date_gmt":"2023-11-13T20:44:26","guid":{"rendered":"https:\/\/acsi.com.br\/lojavirtual\/?post_type=product&#038;p=1314"},"modified":"2026-04-16T20:58:38","modified_gmt":"2026-04-16T23:58:38","slug":"cade-minha-risadinha","status":"publish","type":"product","link":"https:\/\/acsi.com.br\/lojavirtual\/produto\/cade-minha-risadinha\/","title":{"rendered":"Cad\u00ea Minha Risadinha?"},"content":{"rendered":"<p>Quando o menino acorda mal-humorado, ele procura seu sorriso em todo lugar \u2212 do circo \u00e0 confeitaria e at\u00e9 nos pr\u00f3prios bolsos \u2212, mas n\u00e3o consegue encontrar. Logo ele descobre o segredo para encontrar a risadinha perdida. Pra onde ser\u00e1 que ela foi?<\/p>\n","protected":false},"excerpt":{"rendered":"<p>Quando o menino acorda mal-humorado, ele procura seu sorriso em todo lugar \u2212 do circo \u00e0 confeitaria e at\u00e9 nos pr\u00f3prios bolsos \u2212, mas n\u00e3o consegue encontrar. Logo ele descobre o segredo para encontrar a risadinha perdida. Pra onde ser\u00e1 que ela foi?<\/p>\n","protected":false},"featured_media":1315,"comment_status":"closed","ping_status":"closed","template":"","meta":[],"product_brand":[],"product_cat":[31],"product_tag":[],"class_list":{"0":"post-1314","1":"product","2":"type-product","3":"status-publish","4":"has-post-thumbnail","6":"product_cat-thomas-nelson","8":"first","9":"instock","10":"featured","11":"shipping-taxable","12":"purchasable","13":"product-type-simple"},"_links":{"self":[{"href":"https:\/\/acsi.com.br\/lojavirtual\/wp-json\/wp\/v2\/product\/1314","targetHints":{"allow":["GET"]}}],"collection":[{"href":"https:\/\/acsi.com.br\/lojavirtual\/wp-json\/wp\/v2\/product"}],"about":[{"href":"https:\/\/acsi.com.br\/lojavirtual\/wp-json\/wp\/v2\/types\/product"}],"replies":[{"embeddable":true,"href":"https:\/\/acsi.com.br\/lojavirtual\/wp-json\/wp\/v2\/comments?post=1314"}],"version-history":[{"count":1,"href":"https:\/\/acsi.com.br\/lojavirtual\/wp-json\/wp\/v2\/product\/1314\/revisions"}],"predecessor-version":[{"id":1316,"href":"https:\/\/acsi.com.br\/lojavirtual\/wp-json\/wp\/v2\/product\/1314\/revisions\/1316"}],"wp:featuredmedia":[{"embeddable":true,"href":"https:\/\/acsi.com.br\/lojavirtual\/wp-json\/wp\/v2\/media\/1315"}],"wp:attachment":[{"href":"https:\/\/acsi.com.br\/lojavirtual\/wp-json\/wp\/v2\/media?parent=1314"}],"wp:term":[{"taxonomy":"product_brand","embeddable":true,"href":"https:\/\/acsi.com.br\/lojavirtual\/wp-json\/wp\/v2\/product_brand?post=1314"},{"taxonomy":"product_cat","embeddable":true,"href":"https:\/\/acsi.com.br\/lojavirtual\/wp-json\/wp\/v2\/product_cat?post=1314"},{"taxonomy":"product_tag","embeddable":true,"href":"https:\/\/acsi.com.br\/lojavirtual\/wp-json\/wp\/v2\/product_tag?post=1314"}],"curies":[{"name":"wp","href":"https:\/\/api.w.org\/{rel}","templated":true}]}}