{"id":1308,"date":"2023-11-13T20:37:00","date_gmt":"2023-11-13T20:37:00","guid":{"rendered":"https:\/\/acsi.com.br\/lojavirtual\/?post_type=product&#038;p=1308"},"modified":"2026-03-18T12:21:51","modified_gmt":"2026-03-18T15:21:51","slug":"anne-de-green-gables-historia-em-quadrinhos","status":"publish","type":"product","link":"https:\/\/acsi.com.br\/lojavirtual\/produto\/anne-de-green-gables-historia-em-quadrinhos\/","title":{"rendered":"Anne de Green Gables &#8211; Hist\u00f3ria em Quadrinhos"},"content":{"rendered":"<p>Os irm\u00e3os Marilla e Mathew Cuthbert buscavam um garoto para lhes ajudar nas tarefas, mas, por uma brincadeira do destino, receberam em sua casa a espirituosa Anne Shirley, uma ruivinha falante e cheia de imagina\u00e7\u00e3o. Diante de Green Gables, ela n\u00e3o cabe em si de tamanha alegria por finalmente ter uma fam\u00edlia. Escola, amigos, sonhos, travessuras e aprendizados. Uma nova vida est\u00e1 come\u00e7ando para Anne e para todos que fizerem parte da sua hist\u00f3ria.<\/p>\n","protected":false},"excerpt":{"rendered":"<p>Os irm\u00e3os Marilla e Mathew Cuthbert buscavam um garoto para lhes ajudar nas tarefas, mas, por uma brincadeira do destino, receberam em sua casa a espirituosa Anne Shirley, uma ruivinha falante e cheia de imagina\u00e7\u00e3o. Diante de Green Gables, ela n\u00e3o cabe em si de tamanha alegria por finalmente ter uma fam\u00edlia. Escola, amigos, sonhos, travessuras e aprendizados. Uma nova vida est\u00e1 come\u00e7ando para Anne e para todos que fizerem parte da sua hist\u00f3ria.<\/p>\n","protected":false},"featured_media":1309,"comment_status":"open","ping_status":"closed","template":"","meta":[],"product_brand":[],"product_cat":[28],"product_tag":[163],"class_list":{"0":"post-1308","1":"product","2":"type-product","3":"status-publish","4":"has-post-thumbnail","6":"product_cat-ciranda-cultural","7":"product_tag-4o-ao-6o-ano","9":"first","10":"instock","11":"featured","12":"shipping-taxable","13":"purchasable","14":"product-type-simple"},"_links":{"self":[{"href":"https:\/\/acsi.com.br\/lojavirtual\/wp-json\/wp\/v2\/product\/1308","targetHints":{"allow":["GET"]}}],"collection":[{"href":"https:\/\/acsi.com.br\/lojavirtual\/wp-json\/wp\/v2\/product"}],"about":[{"href":"https:\/\/acsi.com.br\/lojavirtual\/wp-json\/wp\/v2\/types\/product"}],"replies":[{"embeddable":true,"href":"https:\/\/acsi.com.br\/lojavirtual\/wp-json\/wp\/v2\/comments?post=1308"}],"version-history":[{"count":2,"href":"https:\/\/acsi.com.br\/lojavirtual\/wp-json\/wp\/v2\/product\/1308\/revisions"}],"predecessor-version":[{"id":2493,"href":"https:\/\/acsi.com.br\/lojavirtual\/wp-json\/wp\/v2\/product\/1308\/revisions\/2493"}],"wp:featuredmedia":[{"embeddable":true,"href":"https:\/\/acsi.com.br\/lojavirtual\/wp-json\/wp\/v2\/media\/1309"}],"wp:attachment":[{"href":"https:\/\/acsi.com.br\/lojavirtual\/wp-json\/wp\/v2\/media?parent=1308"}],"wp:term":[{"taxonomy":"product_brand","embeddable":true,"href":"https:\/\/acsi.com.br\/lojavirtual\/wp-json\/wp\/v2\/product_brand?post=1308"},{"taxonomy":"product_cat","embeddable":true,"href":"https:\/\/acsi.com.br\/lojavirtual\/wp-json\/wp\/v2\/product_cat?post=1308"},{"taxonomy":"product_tag","embeddable":true,"href":"https:\/\/acsi.com.br\/lojavirtual\/wp-json\/wp\/v2\/product_tag?post=1308"}],"curies":[{"name":"wp","href":"https:\/\/api.w.org\/{rel}","templated":true}]}}