{"id":1302,"date":"2023-11-13T20:32:35","date_gmt":"2023-11-13T20:32:35","guid":{"rendered":"https:\/\/acsi.com.br\/lojavirtual\/?post_type=product&#038;p=1302"},"modified":"2026-04-02T14:08:05","modified_gmt":"2026-04-02T17:08:05","slug":"dom-quixote-cordel","status":"publish","type":"product","link":"https:\/\/acsi.com.br\/lojavirtual\/produto\/dom-quixote-cordel\/","title":{"rendered":"Dom Quixote Cordel"},"content":{"rendered":"<p>Dom Quixote de la Mancha veste-se com uma armadura improvisada e, junto com seu fiel escudeiro Sancho Pan\u00e7a, sai para viver as mais incr\u00edveis aventuras e desventuras. Moreira de Acopiara uniu duas paix\u00f5es, o cordel e o cl\u00e1ssico Dom Quixote, de Miguel de Cervantes, para nos presentear com este magn\u00edfico exemplar da hist\u00f3ria do cavaleiro andante em cordel, ricamente ilustrado por C\u00e9sar Mu\u00f1oz, que trabalhou com t\u00e9cnicas mistas, inspirado nas antigas gravuras e xilogravuras da \u00e9poca, combinando estilos de desenho atuais, para dar vida ao livro.<\/p>\n","protected":false},"excerpt":{"rendered":"<p>Dom Quixote de la Mancha veste-se com uma armadura improvisada e, junto com seu fiel escudeiro Sancho Pan\u00e7a, sai para viver as mais incr\u00edveis aventuras e desventuras. Moreira de Acopiara uniu duas paix\u00f5es, o cordel e o cl\u00e1ssico Dom Quixote, de Miguel de Cervantes, para nos presentear com este magn\u00edfico exemplar da hist\u00f3ria do cavaleiro andante em cordel, ricamente ilustrado por C\u00e9sar Mu\u00f1oz, que trabalhou com t\u00e9cnicas mistas, inspirado nas antigas gravuras e xilogravuras da \u00e9poca, combinando estilos de desenho atuais, para dar vida ao livro.<\/p>\n","protected":false},"featured_media":1303,"comment_status":"open","ping_status":"closed","template":"","meta":[],"product_brand":[],"product_cat":[28],"product_tag":[161],"class_list":{"0":"post-1302","1":"product","2":"type-product","3":"status-publish","4":"has-post-thumbnail","6":"product_cat-ciranda-cultural","7":"product_tag-5o-e-6o-ano","9":"first","10":"instock","11":"featured","12":"shipping-taxable","13":"purchasable","14":"product-type-simple"},"_links":{"self":[{"href":"https:\/\/acsi.com.br\/lojavirtual\/wp-json\/wp\/v2\/product\/1302","targetHints":{"allow":["GET"]}}],"collection":[{"href":"https:\/\/acsi.com.br\/lojavirtual\/wp-json\/wp\/v2\/product"}],"about":[{"href":"https:\/\/acsi.com.br\/lojavirtual\/wp-json\/wp\/v2\/types\/product"}],"replies":[{"embeddable":true,"href":"https:\/\/acsi.com.br\/lojavirtual\/wp-json\/wp\/v2\/comments?post=1302"}],"version-history":[{"count":1,"href":"https:\/\/acsi.com.br\/lojavirtual\/wp-json\/wp\/v2\/product\/1302\/revisions"}],"predecessor-version":[{"id":1304,"href":"https:\/\/acsi.com.br\/lojavirtual\/wp-json\/wp\/v2\/product\/1302\/revisions\/1304"}],"wp:featuredmedia":[{"embeddable":true,"href":"https:\/\/acsi.com.br\/lojavirtual\/wp-json\/wp\/v2\/media\/1303"}],"wp:attachment":[{"href":"https:\/\/acsi.com.br\/lojavirtual\/wp-json\/wp\/v2\/media?parent=1302"}],"wp:term":[{"taxonomy":"product_brand","embeddable":true,"href":"https:\/\/acsi.com.br\/lojavirtual\/wp-json\/wp\/v2\/product_brand?post=1302"},{"taxonomy":"product_cat","embeddable":true,"href":"https:\/\/acsi.com.br\/lojavirtual\/wp-json\/wp\/v2\/product_cat?post=1302"},{"taxonomy":"product_tag","embeddable":true,"href":"https:\/\/acsi.com.br\/lojavirtual\/wp-json\/wp\/v2\/product_tag?post=1302"}],"curies":[{"name":"wp","href":"https:\/\/api.w.org\/{rel}","templated":true}]}}