{"id":1290,"date":"2023-11-13T20:24:10","date_gmt":"2023-11-13T20:24:10","guid":{"rendered":"https:\/\/acsi.com.br\/lojavirtual\/?post_type=product&#038;p=1290"},"modified":"2026-04-16T20:58:38","modified_gmt":"2026-04-16T23:58:38","slug":"o-coelho-fujao","status":"publish","type":"product","link":"https:\/\/acsi.com.br\/lojavirtual\/produto\/o-coelho-fujao\/","title":{"rendered":"O Coelho Fuj\u00e3o"},"content":{"rendered":"<p>Curioso, o coelho resolveu sair para passear na floresta e se perdeu&#8230; Encontrou um espinho, um leque, uma rede&#8230; S\u00f3 n\u00e3o conseguia encontrar a toca onde vivia com a fam\u00edlia. Escrito por Donaldo Buchweitz, o livro tem um texto gostoso de ler e que interage magnificamente com as ilustra\u00e7\u00f5es de Elton Caetano.<\/p>\n","protected":false},"excerpt":{"rendered":"<p>Curioso, o coelho resolveu sair para passear na floresta e se perdeu&#8230; Encontrou um espinho, um leque, uma rede&#8230; S\u00f3 n\u00e3o conseguia encontrar a toca onde vivia com a fam\u00edlia. Escrito por Donaldo Buchweitz, o livro tem um texto gostoso de ler e que interage magnificamente com as ilustra\u00e7\u00f5es de Elton Caetano.<\/p>\n","protected":false},"featured_media":1291,"comment_status":"closed","ping_status":"closed","template":"","meta":[],"product_brand":[],"product_cat":[28],"product_tag":[136],"class_list":{"0":"post-1290","1":"product","2":"type-product","3":"status-publish","4":"has-post-thumbnail","6":"product_cat-ciranda-cultural","7":"product_tag-ate-2o-ano","9":"first","10":"instock","11":"featured","12":"shipping-taxable","13":"purchasable","14":"product-type-simple"},"_links":{"self":[{"href":"https:\/\/acsi.com.br\/lojavirtual\/wp-json\/wp\/v2\/product\/1290","targetHints":{"allow":["GET"]}}],"collection":[{"href":"https:\/\/acsi.com.br\/lojavirtual\/wp-json\/wp\/v2\/product"}],"about":[{"href":"https:\/\/acsi.com.br\/lojavirtual\/wp-json\/wp\/v2\/types\/product"}],"replies":[{"embeddable":true,"href":"https:\/\/acsi.com.br\/lojavirtual\/wp-json\/wp\/v2\/comments?post=1290"}],"version-history":[{"count":1,"href":"https:\/\/acsi.com.br\/lojavirtual\/wp-json\/wp\/v2\/product\/1290\/revisions"}],"predecessor-version":[{"id":1292,"href":"https:\/\/acsi.com.br\/lojavirtual\/wp-json\/wp\/v2\/product\/1290\/revisions\/1292"}],"wp:featuredmedia":[{"embeddable":true,"href":"https:\/\/acsi.com.br\/lojavirtual\/wp-json\/wp\/v2\/media\/1291"}],"wp:attachment":[{"href":"https:\/\/acsi.com.br\/lojavirtual\/wp-json\/wp\/v2\/media?parent=1290"}],"wp:term":[{"taxonomy":"product_brand","embeddable":true,"href":"https:\/\/acsi.com.br\/lojavirtual\/wp-json\/wp\/v2\/product_brand?post=1290"},{"taxonomy":"product_cat","embeddable":true,"href":"https:\/\/acsi.com.br\/lojavirtual\/wp-json\/wp\/v2\/product_cat?post=1290"},{"taxonomy":"product_tag","embeddable":true,"href":"https:\/\/acsi.com.br\/lojavirtual\/wp-json\/wp\/v2\/product_tag?post=1290"}],"curies":[{"name":"wp","href":"https:\/\/api.w.org\/{rel}","templated":true}]}}