{"id":1285,"date":"2023-11-13T20:18:33","date_gmt":"2023-11-13T20:18:33","guid":{"rendered":"https:\/\/acsi.com.br\/lojavirtual\/?post_type=product&#038;p=1285"},"modified":"2026-05-04T08:49:15","modified_gmt":"2026-05-04T11:49:15","slug":"o-terceiro-esqueleto","status":"publish","type":"product","link":"https:\/\/acsi.com.br\/lojavirtual\/produto\/o-terceiro-esqueleto\/","title":{"rendered":"O Terceiro Esqueleto"},"content":{"rendered":"<p><span class=\"OYPEnA text-decoration-none text-strikethrough-none\">No fim do s\u00e9culo XXI, a poderosa Autoridade Global choca o mundo ao afirmar ter encontrado o esqueleto de Jesus Cristo. Verdade ou fake news? Enquanto igrejas fecham por toda parte e milh\u00f5es abandonam a f\u00e9, um pequeno remanescente permanece fiel aos ensinos da B\u00edblia e acusa o governo de estar encenando uma grande farsa. Tania e Alexander Petrov s\u00e3o irm\u00e3os que fazem parte de um remanescente crist\u00e3o em Israel. E quando um misterioso vazamento de informa\u00e7\u00f5es coloca nas m\u00e3os dos jovens a prova chave para demonstrar a verdade sobre a ressurrei\u00e7\u00e3o de Jesus, uma corrida contra o tempo tem in\u00edcio. Agora, Tania e Alexander precisar\u00e3o de toda a sua f\u00e9 e intelig\u00eancia para escapar dos terr\u00edveis inimigos que tentar\u00e3o a qualquer pre\u00e7o evitar que mais uma vez seja proclamada a not\u00edcia mais importante da hist\u00f3ria do Universo: \u201cELE VIVE!!!\u201d. O Terceiro Esqueleto \u00e9 uma fic\u00e7\u00e3o crist\u00e3 envolvente, que apresenta as grandes verdades sobre a vida e obra de Jesus em uma aventura futurista que vai tirar seu f\u00f4lego!<\/span><\/p>\n","protected":false},"excerpt":{"rendered":"<p><span class=\"OYPEnA text-decoration-none text-strikethrough-none\">No fim do s\u00e9culo XXI, a poderosa Autoridade Global choca o mundo ao afirmar ter encontrado o esqueleto de Jesus Cristo. Verdade ou fake news? Enquanto igrejas fecham por toda parte e milh\u00f5es abandonam a f\u00e9, um pequeno remanescente permanece fiel aos ensinos da B\u00edblia e acusa o governo de estar encenando uma grande farsa. Tania e Alexander Petrov s\u00e3o irm\u00e3os que fazem parte de um remanescente crist\u00e3o em Israel. E quando um misterioso vazamento de informa\u00e7\u00f5es coloca nas m\u00e3os dos jovens a prova chave para demonstrar a verdade sobre a ressurrei\u00e7\u00e3o de Jesus, uma corrida contra o tempo tem in\u00edcio. Agora, Tania e Alexander precisar\u00e3o de toda a sua f\u00e9 e intelig\u00eancia para escapar dos terr\u00edveis inimigos que tentar\u00e3o a qualquer pre\u00e7o evitar que mais uma vez seja proclamada a not\u00edcia mais importante da hist\u00f3ria do Universo: \u201cELE VIVE!!!\u201d. O Terceiro Esqueleto \u00e9 uma fic\u00e7\u00e3o crist\u00e3 envolvente, que apresenta as grandes verdades sobre a vida e obra de Jesus em uma aventura futurista que vai tirar seu f\u00f4lego!<\/span><\/p>\n","protected":false},"featured_media":1283,"comment_status":"closed","ping_status":"closed","template":"","meta":[],"product_brand":[],"product_cat":[25],"product_tag":[160],"class_list":{"0":"post-1285","1":"product","2":"type-product","3":"status-publish","4":"has-post-thumbnail","6":"product_cat-domik-educacional","7":"product_tag-6o-e-7o-ano","9":"first","10":"instock","11":"featured","12":"shipping-taxable","13":"purchasable","14":"product-type-simple"},"_links":{"self":[{"href":"https:\/\/acsi.com.br\/lojavirtual\/wp-json\/wp\/v2\/product\/1285","targetHints":{"allow":["GET"]}}],"collection":[{"href":"https:\/\/acsi.com.br\/lojavirtual\/wp-json\/wp\/v2\/product"}],"about":[{"href":"https:\/\/acsi.com.br\/lojavirtual\/wp-json\/wp\/v2\/types\/product"}],"replies":[{"embeddable":true,"href":"https:\/\/acsi.com.br\/lojavirtual\/wp-json\/wp\/v2\/comments?post=1285"}],"version-history":[{"count":1,"href":"https:\/\/acsi.com.br\/lojavirtual\/wp-json\/wp\/v2\/product\/1285\/revisions"}],"predecessor-version":[{"id":1286,"href":"https:\/\/acsi.com.br\/lojavirtual\/wp-json\/wp\/v2\/product\/1285\/revisions\/1286"}],"wp:featuredmedia":[{"embeddable":true,"href":"https:\/\/acsi.com.br\/lojavirtual\/wp-json\/wp\/v2\/media\/1283"}],"wp:attachment":[{"href":"https:\/\/acsi.com.br\/lojavirtual\/wp-json\/wp\/v2\/media?parent=1285"}],"wp:term":[{"taxonomy":"product_brand","embeddable":true,"href":"https:\/\/acsi.com.br\/lojavirtual\/wp-json\/wp\/v2\/product_brand?post=1285"},{"taxonomy":"product_cat","embeddable":true,"href":"https:\/\/acsi.com.br\/lojavirtual\/wp-json\/wp\/v2\/product_cat?post=1285"},{"taxonomy":"product_tag","embeddable":true,"href":"https:\/\/acsi.com.br\/lojavirtual\/wp-json\/wp\/v2\/product_tag?post=1285"}],"curies":[{"name":"wp","href":"https:\/\/api.w.org\/{rel}","templated":true}]}}